{"id":2,"date":"2014-09-10T17:04:19","date_gmt":"2014-09-10T17:04:19","guid":{"rendered":"https:\/\/jundiai.sp.gov.br\/legislacao\/?page_id=2"},"modified":"2024-07-05T13:02:12","modified_gmt":"2024-07-05T16:02:12","slug":"legislacao","status":"publish","type":"page","link":"https:\/\/jundiai.sp.gov.br\/egp\/","title":{"rendered":"Escola de Gest\u00e3o P\u00fablica de Jundia\u00ed"},"content":{"rendered":"\n<p><strong>A <strong><a href=\"https:\/\/egp.jundiai.sp.gov.br\/\" target=\"_blank\" rel=\"noopener noreferrer\">Escola de Gest\u00e3o P\u00fablica de Jundia\u00ed (EGP)<\/a>&nbsp;<\/strong>&nbsp;\u00e9 uma autarquia da Prefeitura de Jundia\u00ed, vinculada \u00e0 Unidade de Gest\u00e3o de Administra\u00e7\u00e3o e Gest\u00e3o de Pessoas, que tem por finalidade executar a\u00e7\u00f5es de capacita\u00e7\u00e3o voltadas para os servidores p\u00fablicos municipais.<\/strong><\/p>\n\n\n\n<p>Possui foco no desenvolvimento das compet\u00eancias e habilidades \u2013 intelectuais, t\u00e9cnicas, comportamentais e atitudes \u2013 necess\u00e1rias para que esses servidores correspondam aos desafios da gest\u00e3o p\u00fablica contempor\u00e2nea.<\/p>\n\n\n\n<p>As a\u00e7\u00f5es desenvolvidas pela EGP t\u00eam como base as Diretrizes de Governo e um processo cont\u00ednuo de aprimoramento da Administra\u00e7\u00e3o P\u00fablica Municipal. Essa caracter\u00edstica exige uma Escola din\u00e2mica, flex\u00edvel, aberta e disposta a rever, atualizar e aprimorar seu repert\u00f3rio de conhecimentos e pr\u00e1ticas pedag\u00f3gicas.<\/p>\n\n\n\n<p>Por meio dos diversos programas e cursos, pensados a partir das demandas apresentadas pelas Unidades de Gest\u00e3o e \u00f3rg\u00e3os parceiros, a EGP vem construindo, desde a sua institui\u00e7\u00e3o (<a href=\"https:\/\/egp.jundiai.sp.gov.br\/wp-content\/uploads\/2013\/08\/Lei-de-Cria%C3%A7%C3%A3o-da-EGGMJ.pdf\" target=\"_blank\" rel=\"noopener noreferrer\">Lei n\u00ba 7.641, de 1\u00ba de mar\u00e7o de 2011<\/a>) uma hist\u00f3ria de qualidade no servi\u00e7o p\u00fablico municipal.<\/p>\n\n\n\n<h2 class=\"wp-block-heading\">Not\u00edcias<\/h2>\n\n\n\n<p><strong><a href=\"https:\/\/jundiai.sp.gov.br\/noticias\/tag\/escola-de-governo-e-gestao\/\">Leia as Not\u00edcias da Escola de Gest\u00e3o P\u00fablica de Jundia\u00ed<\/a><\/strong><\/p>\n\n\n\n<h2 class=\"wp-block-heading\">Contato<\/h2>\n\n\n\n<p>Rua Princesa Isabel, 257&nbsp;\u2013 Vila Arens \u2013 Jundia\u00ed \u2013 SP,&nbsp;CEP: 13201-650<br>Telefone: (11) 4583-1177<br>E-mail: <a href=\"mailto:egp@jundiai.sp.gov.br\" target=\"_blank\" rel=\"noopener noreferrer\">egpcursos@jundiai.sp.gov.br<\/a><br>Site: <a href=\"https:\/\/egp.jundiai.sp.gov.br\/\" target=\"_blank\" rel=\"noopener noreferrer\">egp.jundiai.sp.gov.br<\/a><\/p>\n","protected":false},"excerpt":{"rendered":"<p>A Escola de Gest\u00e3o P\u00fablica de Jundia\u00ed (EGP)&nbsp;&nbsp;\u00e9 uma autarquia da Prefeitura de Jundia\u00ed, vinculada \u00e0 Unidade de Gest\u00e3o de Administra\u00e7\u00e3o e Gest\u00e3o de Pessoas, que tem por finalidade executar a\u00e7\u00f5es de capacita\u00e7\u00e3o voltadas para os servidores p\u00fablicos municipais. Possui foco no desenvolvimento das compet\u00eancias e habilidades \u2013 intelectuais, t\u00e9cnicas, comportamentais e atitudes \u2013 necess\u00e1rias [&hellip;]<\/p>\n","protected":false},"author":5,"featured_media":0,"parent":0,"menu_order":0,"comment_status":"open","ping_status":"closed","template":"","meta":{"footnotes":""},"class_list":["post-2","page","type-page","status-publish","hentry"],"_links":{"self":[{"href":"https:\/\/jundiai.sp.gov.br\/egp\/wp-json\/wp\/v2\/pages\/2","targetHints":{"allow":["GET"]}}],"collection":[{"href":"https:\/\/jundiai.sp.gov.br\/egp\/wp-json\/wp\/v2\/pages"}],"about":[{"href":"https:\/\/jundiai.sp.gov.br\/egp\/wp-json\/wp\/v2\/types\/page"}],"author":[{"embeddable":true,"href":"https:\/\/jundiai.sp.gov.br\/egp\/wp-json\/wp\/v2\/users\/5"}],"replies":[{"embeddable":true,"href":"https:\/\/jundiai.sp.gov.br\/egp\/wp-json\/wp\/v2\/comments?post=2"}],"version-history":[{"count":22,"href":"https:\/\/jundiai.sp.gov.br\/egp\/wp-json\/wp\/v2\/pages\/2\/revisions"}],"predecessor-version":[{"id":119,"href":"https:\/\/jundiai.sp.gov.br\/egp\/wp-json\/wp\/v2\/pages\/2\/revisions\/119"}],"wp:attachment":[{"href":"https:\/\/jundiai.sp.gov.br\/egp\/wp-json\/wp\/v2\/media?parent=2"}],"curies":[{"name":"wp","href":"https:\/\/api.w.org\/{rel}","templated":true}]}}

Escola de Gestão Pública de Jundiaí

<p><strong>A <strong><a href="https://egp.jundiai.sp.gov.br/" target="_blank" rel="noopener noreferrer">Escola de Gestão Pública de Jundiaí (EGP)</a>&nbsp;</strong>&nbsp;é uma autarquia da Prefeitura de Jundiaí, vinculada à Unidade de Gestão de Administração e Gestão de Pessoas, que tem por finalidade executar ações de capacitação voltadas para os servidores públicos municipais.</strong></p>



<p>Possui foco no desenvolvimento das competências e habilidades – intelectuais, técnicas, comportamentais e atitudes – necessárias para que esses servidores correspondam aos desafios da gestão pública contemporânea.</p>



<p>As ações desenvolvidas pela EGP têm como base as Diretrizes de Governo e um processo contínuo de aprimoramento da Administração Pública Municipal. Essa característica exige uma Escola dinâmica, flexível, aberta e disposta a rever, atualizar e aprimorar seu repertório de conhecimentos e práticas pedagógicas.</p>



<p>Por meio dos diversos programas e cursos, pensados a partir das demandas apresentadas pelas Unidades de Gestão e órgãos parceiros, a EGP vem construindo, desde a sua instituição (<a href="https://egp.jundiai.sp.gov.br/wp-content/uploads/2013/08/Lei-de-Cria%C3%A7%C3%A3o-da-EGGMJ.pdf" target="_blank" rel="noopener noreferrer">Lei nº 7.641, de 1º de março de 2011</a>) uma história de qualidade no serviço público municipal.</p>



<h2 class="wp-block-heading">Notícias</h2>



<p><strong><a href="https://jundiai.sp.gov.br/noticias/tag/escola-de-governo-e-gestao/">Leia as Notícias da Escola de Gestão Pública de Jundiaí</a></strong></p>



<h2 class="wp-block-heading">Contato</h2>



<p>Rua Princesa Isabel, 257&nbsp;– Vila Arens – Jundiaí – SP,&nbsp;CEP: 13201-650<br>Telefone: (11) 4583-1177<br>E-mail: <a href="mailto:egp@jundiai.sp.gov.br" target="_blank" rel="noopener noreferrer">egpcursos@jundiai.sp.gov.br</a><br>Site: <a href="https://egp.jundiai.sp.gov.br/" target="_blank" rel="noopener noreferrer">egp.jundiai.sp.gov.br</a></p>

<p>A Escola de Gestão Pública de Jundiaí (EGP)&nbsp;&nbsp;é uma autarquia da Prefeitura de Jundiaí, vinculada à Unidade de Gestão de Administração e Gestão de Pessoas, que tem por finalidade executar ações de capacitação voltadas para os servidores públicos municipais. Possui foco no desenvolvimento das competências e habilidades – intelectuais, técnicas, comportamentais e atitudes – necessárias [&hellip;]</p>
