{"id":35,"date":"2014-08-25T12:30:22","date_gmt":"2014-08-25T15:30:22","guid":{"rendered":"https:\/\/jundiai.sp.gov.br\/esporte-e-lazer\/?page_id=35"},"modified":"2016-02-23T16:07:05","modified_gmt":"2016-02-23T19:07:05","slug":"links","status":"publish","type":"page","link":"https:\/\/jundiai.sp.gov.br\/esporte-e-lazer\/links\/","title":{"rendered":"Links"},"content":{"rendered":"<h2><b>Federe\u00e7\u00f5es<\/b><\/h2>\n<table>\n<tbody>\n<tr>\n<td>\n<ul>\n<li><a href=\"http:\/\/www.fepai.org.br\/\" target=\"_blank\">Aikido<\/a><\/li>\n<li><a href=\"http:\/\/www.fpaf.com.br\/\" target=\"_blank\">Arco e Flecha<\/a><\/li>\n<li><a href=\"http:\/\/www.atletismofpa.org.br\/\" target=\"_blank\">Atletismo<\/a><\/li>\n<li><a href=\"http:\/\/www.febasp.org.br\/\" target=\"_blank\">Badminton<\/a><\/li>\n<li><a href=\"http:\/\/www.fpb.com.br\/\" target=\"_blank\">Basquete<\/a><\/li>\n<li><a href=\"http:\/\/www.fpbsr.com.br\/\" target=\"_blank\">Basquete Sobre Rodas<\/a><\/li>\n<li><a href=\"http:\/\/www.febs-sp.com.br\/\" target=\"_blank\">Beach Soccer<\/a><\/li>\n<li><a href=\"http:\/\/www.fpbb.com.br\/\" target=\"_blank\">Bocha<\/a><\/li>\n<li><a href=\"http:\/\/www.fpbol.org.br\/\" target=\"_blank\">Boliche<\/a><\/li>\n<li><a href=\"http:\/\/www.febesp.com.br\" target=\"_blank\">Boxe<\/a><\/li>\n<li><a href=\"http:\/\/www.bridgesaopaulo.com.br\/\" target=\"_blank\">Bridge<\/a><\/li>\n<li><a href=\"http:\/\/www.bujutsu.com.br\/\" target=\"_blank\">Bujutsu<\/a><\/li>\n<li><a href=\"http:\/\/www.canoagem.org.br\/\" target=\"_blank\">Canoagem<\/a><\/li>\n<li><a href=\"http:\/\/www.fpcav.com\/\" target=\"_blank\">Corrida de Aventura<\/a><\/li>\n<li><a href=\"http:\/\/www.esporteescolar.org.br\/\" target=\"_blank\">Desporto Escolar<\/a><\/li>\n<li><a href=\"http:\/\/www.frisbeebrasil.com.br\/\" target=\"_blank\">Disco (Frisbee)<\/a><\/li>\n<li><a href=\"http:\/\/www.enduroape.com.br\/\" target=\"_blank\">Enduro a P\u00e9<\/a><\/li>\n<li><a href=\"http:\/\/www.fpciclismo.org.br\/\" target=\"_blank\">Ciclismo<\/a><\/li>\n<li><a href=\"http:\/\/www.futebolpaulista.com.br\/\" target=\"_blank\">Futebol<\/a><\/li>\n<li><a href=\"http:\/\/www.futmesa.com.br\/\" target=\"_blank\">Futebol de Mesa<\/a><\/li>\n<li><a href=\"http:\/\/www.futsal.com.br\/\" target=\"_blank\">Futsal<\/a><\/li>\n<li><a href=\"http:\/\/www.fpginastica.com.br\/\" target=\"_blank\">Gin\u00e1stica<\/a><\/li>\n<li><a href=\"http:\/\/www.fpgolfe.com.br\/\" target=\"_blank\">Golfe<\/a><\/li>\n<li><a href=\"http:\/\/www.fphand.com.br\/\" target=\"_blank\">Handebol<\/a><\/li>\n<li><a href=\"http:\/\/www.fph.com.br\/\" target=\"_blank\">Hipismo<\/a><\/li>\n<li><a href=\"http:\/\/www.fphg.com.br\/\" target=\"_blank\">Hockey no gelo<\/a><\/li>\n<li><a href=\"http:\/\/www.fpjj.com.br\/novo\" target=\"_blank\">Jiu-Jitsu<\/a><\/li>\n<\/ul>\n<\/td>\n<td>\n<ul>\n<li><a href=\"http:\/\/www.fpj.com.br\/\" target=\"_blank\">Jud\u00f4<\/a><\/li>\n<li><a href=\"http:\/\/www.fpk.com.br\" target=\"_blank\">Karat\u00ea<\/a><\/li>\n<li><a href=\"http:\/\/www.fpkendo.org.br\/\" target=\"_blank\">Kendo<\/a><\/li>\n<li><a href=\"http:\/\/www.fpkf.org\/\" target=\"_blank\">Kung-Fu<\/a><\/li>\n<li><a href=\"http:\/\/www.fplb.com.br\/\" target=\"_blank\">Luta de Bra\u00e7o<\/a><\/li>\n<li><a href=\"http:\/\/www.fepalo.com.br\/\" target=\"_blank\">Luta Ol\u00edmpica<\/a><\/li>\n<li><a href=\"http:\/\/www.feplam.com.br\/\" target=\"_blank\">Lutas e Artes Marciais<\/a><\/li>\n<li><a href=\"http:\/\/www.federacaomalha.com.br\/\" target=\"_blank\">Malha<\/a><\/li>\n<li><a href=\"http:\/\/www.fmdesp.com.br\/\" target=\"_blank\">Modelismo<\/a><\/li>\n<li><a href=\"http:\/\/www.femesp.org\/home.php\" target=\"_blank\">Montanhismo<\/a><\/li>\n<li><a href=\"http:\/\/www.fpm.esp.br\/\" target=\"_blank\">Motociclismo<\/a><\/li>\n<li><a href=\"http:\/\/www.aquaticapaulista.org.br\/\" target=\"_blank\">Nata\u00e7\u00e3o<\/a><\/li>\n<li><a href=\"http:\/\/www.fppa.com.br\/\" target=\"_blank\">Patina\u00e7\u00e3o Art\u00edstica<\/a><\/li>\n<li><a href=\"http:\/\/www.fppolo.com.br\/\" target=\"_blank\">Polo<\/a><\/li>\n<li><a href=\"http:\/\/www.fpsb.com.br\/\" target=\"_blank\">Sinuca e Bilhar<\/a><\/li>\n<li><a href=\"http:\/\/www.fpsk8.com.br\/\" target=\"_blank\">Skate<\/a><\/li>\n<li><a href=\"http:\/\/www.fpsquash.com.br\/\" target=\"_blank\">Squash<\/a><\/li>\n<li><a href=\"http:\/\/www.fpsurf.com.br\/index-pt.html\" target=\"_blank\">Surf<\/a><\/li>\n<li><a href=\"http:\/\/www.fetesp.com.br\" target=\"_blank\">Taekwondo<\/a><\/li>\n<li><a href=\"http:\/\/www.tenispaulista.com.br\/\" target=\"_blank\">T\u00eanis<\/a><\/li>\n<li><a href=\"http:\/\/www.fptm.com.br\/\" target=\"_blank\">T\u00eanis de Mesa<\/a><\/li>\n<li><a href=\"http:\/\/www.fpte.org.br\/\" target=\"_blank\">Tiro Esportivo<\/a><\/li>\n<li><a href=\"http:\/\/www.fptp.org.br\/\" target=\"_blank\">Tiro Pr\u00e1tico<\/a><\/li>\n<li><a href=\"http:\/\/www.trucofpt.com.br\/site\/\" target=\"_blank\">Truco<\/a><\/li>\n<li><a href=\"http:\/\/www.fevesp.org.br\/\" target=\"_blank\">Vela<\/a><\/li>\n<li><a href=\"http:\/\/www.fpv.com.br\/\" target=\"_blank\">V\u00f4lei<\/a><\/li>\n<li><a href=\"http:\/\/www.fpx.com.br\/\" target=\"_blank\">Xadrez<\/a><\/li>\n<\/ul>\n<\/td>\n<\/tr>\n<\/tbody>\n<\/table>\n<ul>\n<li><a href=\"http:\/\/www.selt.sp.gov.br\/\" target=\"_blank\">SELJ &#8211; Secretaria de Esportes, Lazer e Juventude do Estado de S\u00e3o Paulo<\/a><\/li>\n<li><a href=\"http:\/\/www.imprensaoficial.com.br\/PortalIO\/Home_1_0.aspx#23\/02\/2016\" target=\"_blank\">Imprensa Oficial Governo do Estado de S\u00e3o Paulo<\/a><\/li>\n<\/ul>\n","protected":false},"excerpt":{"rendered":"<p>Federe\u00e7\u00f5es Aikido Arco e Flecha Atletismo Badminton Basquete Basquete Sobre Rodas Beach Soccer Bocha Boliche Boxe Bridge Bujutsu Canoagem Corrida de Aventura Desporto Escolar Disco (Frisbee) Enduro a P\u00e9 Ciclismo Futebol Futebol de Mesa Futsal Gin\u00e1stica Golfe Handebol Hipismo Hockey no gelo Jiu-Jitsu Jud\u00f4 Karat\u00ea Kendo Kung-Fu Luta de Bra\u00e7o Luta Ol\u00edmpica Lutas e Artes [&hellip;]<\/p>\n","protected":false},"author":11,"featured_media":0,"parent":0,"menu_order":0,"comment_status":"closed","ping_status":"closed","template":"","meta":{"footnotes":""},"class_list":["post-35","page","type-page","status-publish","hentry"],"_links":{"self":[{"href":"https:\/\/jundiai.sp.gov.br\/esporte-e-lazer\/wp-json\/wp\/v2\/pages\/35","targetHints":{"allow":["GET"]}}],"collection":[{"href":"https:\/\/jundiai.sp.gov.br\/esporte-e-lazer\/wp-json\/wp\/v2\/pages"}],"about":[{"href":"https:\/\/jundiai.sp.gov.br\/esporte-e-lazer\/wp-json\/wp\/v2\/types\/page"}],"author":[{"embeddable":true,"href":"https:\/\/jundiai.sp.gov.br\/esporte-e-lazer\/wp-json\/wp\/v2\/users\/11"}],"replies":[{"embeddable":true,"href":"https:\/\/jundiai.sp.gov.br\/esporte-e-lazer\/wp-json\/wp\/v2\/comments?post=35"}],"version-history":[{"count":17,"href":"https:\/\/jundiai.sp.gov.br\/esporte-e-lazer\/wp-json\/wp\/v2\/pages\/35\/revisions"}],"predecessor-version":[{"id":653,"href":"https:\/\/jundiai.sp.gov.br\/esporte-e-lazer\/wp-json\/wp\/v2\/pages\/35\/revisions\/653"}],"wp:attachment":[{"href":"https:\/\/jundiai.sp.gov.br\/esporte-e-lazer\/wp-json\/wp\/v2\/media?parent=35"}],"curies":[{"name":"wp","href":"https:\/\/api.w.org\/{rel}","templated":true}]}}