{"id":13,"date":"2014-09-08T16:04:09","date_gmt":"2014-09-08T19:04:09","guid":{"rendered":"https:\/\/jundiai.sp.gov.br\/financas\/?page_id=13"},"modified":"2025-10-16T08:11:32","modified_gmt":"2025-10-16T11:11:32","slug":"gestor","status":"publish","type":"page","link":"https:\/\/jundiai.sp.gov.br\/financas\/gestor\/","title":{"rendered":"Secret\u00e1rio"},"content":{"rendered":"\n<div class=\"wp-block-columns is-layout-flex wp-container-core-columns-is-layout-9d6595d7 wp-block-columns-is-layout-flex\">\n<div class=\"wp-block-column is-layout-flow wp-block-column-is-layout-flow\">\n<figure class=\"wp-block-image size-large\"><img loading=\"lazy\" decoding=\"async\" width=\"640\" height=\"960\" src=\"https:\/\/jundiai.sp.gov.br\/financas\/wp-content\/uploads\/sites\/12\/2025\/09\/unnamed-640x960.jpg\" alt=\"\" class=\"wp-image-7208\" srcset=\"https:\/\/jundiai.sp.gov.br\/financas\/wp-content\/uploads\/sites\/12\/2025\/09\/unnamed-640x960.jpg 640w, https:\/\/jundiai.sp.gov.br\/financas\/wp-content\/uploads\/sites\/12\/2025\/09\/unnamed-300x450.jpg 300w, https:\/\/jundiai.sp.gov.br\/financas\/wp-content\/uploads\/sites\/12\/2025\/09\/unnamed-768x1152.jpg 768w, https:\/\/jundiai.sp.gov.br\/financas\/wp-content\/uploads\/sites\/12\/2025\/09\/unnamed-1024x1536.jpg 1024w, https:\/\/jundiai.sp.gov.br\/financas\/wp-content\/uploads\/sites\/12\/2025\/09\/unnamed.jpg 1067w\" sizes=\"auto, (max-width: 640px) 100vw, 640px\" \/><\/figure>\n<\/div>\n\n\n\n<div class=\"wp-block-column is-layout-flow wp-block-column-is-layout-flow\">\n<h2 class=\"wp-block-heading\"><strong>Lucas Lusvarghi<\/strong><\/h2>\n\n\n\n<p>O administrador de empresas e contador Lucas Lusvarghi \u00e9 formado em Administra\u00e7\u00e3o de Empresas e Ci\u00eancias Cont\u00e1beis, com p\u00f3s-gradua\u00e7\u00e3o em Gerente de Cidade pela FAAP, al\u00e9m de t\u00e9cnico em Inform\u00e1tica. Com 17 anos de experi\u00eancia na C\u00e2mara Municipal de Jundia\u00ed, atuou em setores como finan\u00e7as, compras e planejamento, destacando-se pela gest\u00e3o de projetos como o Parlamento Jovem e a implementa\u00e7\u00e3o de acessibilidade em LIBRAS.<\/p>\n\n\n\n<p>Especialista em processos licitat\u00f3rios e adequa\u00e7\u00e3o \u00e0 LGPD, valoriza a transpar\u00eancia e a efici\u00eancia na gest\u00e3o p\u00fablica, comprometendo-se com a\u00e7\u00f5es que beneficiem a cidade e sua popula\u00e7\u00e3o.<\/p>\n<\/div>\n<\/div>\n","protected":false},"excerpt":{"rendered":"<p>Lucas Lusvarghi O administrador de empresas e contador Lucas Lusvarghi \u00e9 formado em Administra\u00e7\u00e3o de Empresas e Ci\u00eancias Cont\u00e1beis, com p\u00f3s-gradua\u00e7\u00e3o em Gerente de Cidade pela FAAP, al\u00e9m de t\u00e9cnico em Inform\u00e1tica. Com 17 anos de experi\u00eancia na C\u00e2mara Municipal de Jundia\u00ed, atuou em setores como finan\u00e7as, compras e planejamento, destacando-se pela gest\u00e3o de projetos [&hellip;]<\/p>\n","protected":false},"author":5,"featured_media":0,"parent":0,"menu_order":0,"comment_status":"closed","ping_status":"closed","template":"","meta":{"footnotes":""},"class_list":["post-13","page","type-page","status-publish","hentry"],"_links":{"self":[{"href":"https:\/\/jundiai.sp.gov.br\/financas\/wp-json\/wp\/v2\/pages\/13","targetHints":{"allow":["GET"]}}],"collection":[{"href":"https:\/\/jundiai.sp.gov.br\/financas\/wp-json\/wp\/v2\/pages"}],"about":[{"href":"https:\/\/jundiai.sp.gov.br\/financas\/wp-json\/wp\/v2\/types\/page"}],"author":[{"embeddable":true,"href":"https:\/\/jundiai.sp.gov.br\/financas\/wp-json\/wp\/v2\/users\/5"}],"replies":[{"embeddable":true,"href":"https:\/\/jundiai.sp.gov.br\/financas\/wp-json\/wp\/v2\/comments?post=13"}],"version-history":[{"count":35,"href":"https:\/\/jundiai.sp.gov.br\/financas\/wp-json\/wp\/v2\/pages\/13\/revisions"}],"predecessor-version":[{"id":7238,"href":"https:\/\/jundiai.sp.gov.br\/financas\/wp-json\/wp\/v2\/pages\/13\/revisions\/7238"}],"wp:attachment":[{"href":"https:\/\/jundiai.sp.gov.br\/financas\/wp-json\/wp\/v2\/media?parent=13"}],"curies":[{"name":"wp","href":"https:\/\/api.w.org\/{rel}","templated":true}]}}