{"id":133,"date":"2014-09-10T16:44:37","date_gmt":"2014-09-10T19:44:37","guid":{"rendered":"https:\/\/jundiai.sp.gov.br\/financas\/?page_id=133"},"modified":"2024-08-01T17:42:00","modified_gmt":"2024-08-01T20:42:00","slug":"onde-pagar","status":"publish","type":"page","link":"https:\/\/jundiai.sp.gov.br\/financas\/divida-ativa\/onde-pagar\/","title":{"rendered":"Onde Pagar"},"content":{"rendered":"\n<p>O contribuinte pode quitar suas obriga\u00e7\u00f5es diretamente nas ag\u00eancias banc\u00e1rias das seguintes institui\u00e7\u00f5es:<\/p>\n\n\n\n<ul class=\"wp-block-list\">\n<li>Caixa Econ\u00f4mica Federal<\/li>\n\n\n\n<li>Banco do Brasil S\/A<\/li>\n\n\n\n<li>Banco Bradesco S\/A<\/li>\n\n\n\n<li>Banco Santander S\/A<\/li>\n\n\n\n<li>Banco Mercantil do Brasil S\/A<\/li>\n\n\n\n<li>Banco Ita\u00fa Unibanco S\/A<\/li>\n\n\n\n<li>Banco Cooperativo Sicoob S\/A<\/li>\n\n\n\n<li>Sicredi Fronteiras PR\/SC\/SP<\/li>\n<\/ul>\n\n\n\n<p class=\"has-background\" style=\"background-color:#dde3e5\">Poder\u00e1 tamb\u00e9m efetuar o pagamento nas Casas Lot\u00e9ricas, em dinheiro, at\u00e9 o valor m\u00e1ximo de R$ 2.000,00.<\/p>\n","protected":false},"excerpt":{"rendered":"<p>O contribuinte pode quitar suas obriga\u00e7\u00f5es diretamente nas ag\u00eancias banc\u00e1rias das seguintes institui\u00e7\u00f5es: Poder\u00e1 tamb\u00e9m efetuar o pagamento nas Casas Lot\u00e9ricas, em dinheiro, at\u00e9 o valor m\u00e1ximo de R$ 2.000,00.<\/p>\n","protected":false},"author":5,"featured_media":0,"parent":31,"menu_order":0,"comment_status":"closed","ping_status":"closed","template":"","meta":{"footnotes":""},"class_list":["post-133","page","type-page","status-publish","hentry"],"_links":{"self":[{"href":"https:\/\/jundiai.sp.gov.br\/financas\/wp-json\/wp\/v2\/pages\/133","targetHints":{"allow":["GET"]}}],"collection":[{"href":"https:\/\/jundiai.sp.gov.br\/financas\/wp-json\/wp\/v2\/pages"}],"about":[{"href":"https:\/\/jundiai.sp.gov.br\/financas\/wp-json\/wp\/v2\/types\/page"}],"author":[{"embeddable":true,"href":"https:\/\/jundiai.sp.gov.br\/financas\/wp-json\/wp\/v2\/users\/5"}],"replies":[{"embeddable":true,"href":"https:\/\/jundiai.sp.gov.br\/financas\/wp-json\/wp\/v2\/comments?post=133"}],"version-history":[{"count":17,"href":"https:\/\/jundiai.sp.gov.br\/financas\/wp-json\/wp\/v2\/pages\/133\/revisions"}],"predecessor-version":[{"id":7018,"href":"https:\/\/jundiai.sp.gov.br\/financas\/wp-json\/wp\/v2\/pages\/133\/revisions\/7018"}],"up":[{"embeddable":true,"href":"https:\/\/jundiai.sp.gov.br\/financas\/wp-json\/wp\/v2\/pages\/31"}],"wp:attachment":[{"href":"https:\/\/jundiai.sp.gov.br\/financas\/wp-json\/wp\/v2\/media?parent=133"}],"curies":[{"name":"wp","href":"https:\/\/api.w.org\/{rel}","templated":true}]}}