{"id":135,"date":"2014-09-10T16:44:53","date_gmt":"2014-09-10T19:44:53","guid":{"rendered":"https:\/\/jundiai.sp.gov.br\/financas\/?page_id=135"},"modified":"2026-01-05T16:11:39","modified_gmt":"2026-01-05T19:11:39","slug":"parcelamento","status":"publish","type":"page","link":"https:\/\/jundiai.sp.gov.br\/financas\/divida-ativa\/parcelamento\/","title":{"rendered":"Pagamento e parcelamento com desconto"},"content":{"rendered":"\n<p>Agora \u00e9 poss\u00edvel quitar ou parcelar sua d\u00edvida com desconto, por meio do Programa de Pagamento Incentivado e Parcelamento Administrativo \u2013 PPIPA VI, da Secretaria de Finan\u00e7as.<\/p>\n\n\n\n<p>Podem aderir ao Programa os contribuintes que possuam d\u00e9bitos em cobran\u00e7a administrativa, em cobran\u00e7a judicial, inclusive os protestados, cujo fato gerador tenha ocorrido at\u00e9 o ano anterior ao ano corrente.<\/p>\n\n\n\n<h2 class=\"wp-block-heading\"><strong>1 \u2013 Pagamento \u00e0 vista:<\/strong><\/h2>\n\n\n\n<p><strong>a)<\/strong>&nbsp;Os contribuintes que optarem pelo pagamento \u00e0 vista ter\u00e3o benef\u00edcios expressivos:<br>10% de desconto sobre os honor\u00e1rios<br>100% de desconto sobre a multa de mora<br>100% de desconto sobre os juros de mora<\/p>\n\n\n\n<p><strong>b)<\/strong>&nbsp;Para imprimir sua guia de pagamento \u00e0 vista:&nbsp;<a href=\"https:\/\/jundiai.sp.gov.br\/servicos-online\/consulta-de-debito\/\"><strong>CLIQUE AQUI<\/strong><\/a><\/p>\n\n\n\n<p><strong>c)<\/strong>&nbsp;Caso n\u00e3o possua acesso \u00e0 Internet, poder\u00e1 imprimir a guia para pagamento \u00e0 vista, nos locais abaixo descritos:<br><br>\u2013 No Call Center de cobran\u00e7a pelo telefone (11) 4589-8706, de segunda \u00e0 sexta-feira das 08h00 \u00e0s 18h00, com a op\u00e7\u00e3o do recebimento da guia para pagamento por email ou pelo WhatsApp.<br><strong>OBS:<\/strong>&nbsp;dever\u00e1 ter em m\u00e3os o n\u00famero do contribuinte (do IPTU ou do CFM), CPF (no caso de Pessoa F\u00edsica) ou CNPJ (no caso de Pessoa Jur\u00eddica).<br><br>-No Poupatempo, mediante pr\u00e9vio agendamento no site&nbsp;<a href=\"https:\/\/www.poupatempo.sp.gov.br\/wps\/portal\/portalpoupatempo\/servicos-online\/!ut\/p\/z1\/jZDNCoJQEEafxq0zakq2MyJ_sMxKtLsJjdvVUK-o6esntBLMnN0M53zDDBCIgJRxl7G4zXgZ50N_I9r9aO1ka2Wih46no2-ptoNbHfEsQTgGzL1koG9fZeVyOCmeqwFZ4uOPMnCZPwOQ-fgQyHjFxAX_MhwgLOfJ911GmShrBqSmT1rTWnzXwzht26rZCChg3_ci45zlVHzwQsApJeVNC9GYhKoIgghfat65xgcF9-Il\/dz\/d5\/L2dBISEvZ0FBIS9nQSEh\/\"><strong>www.poupatempo.sp.gov.br<\/strong><\/a>&nbsp;\u2013 servi\u00e7os municipais \u2013 demais munic\u00edpios, junto ao setor de atendimento da Prefeitura, de segunda \u00e0 sexta-feira das 09h00 \u00e0s 17h00 e aos s\u00e1bados das 09h \u00e0s 13h.<\/p>\n\n\n\n<h2 class=\"wp-block-heading\"><strong>2 \u2013 Informa\u00e7\u00f5es sobre parcelamento:<\/strong><\/h2>\n\n\n\n<p>Para quem prefere parcelar, o PPIPA VI tamb\u00e9m oferece descontos progressivos sobre multa e juros, de acordo com o n\u00famero de parcelas:<\/p>\n\n\n\n<ul class=\"wp-block-list\">\n<li>At\u00e9 3 parcelas: 90% de desconto<br><\/li>\n\n\n\n<li>De 4 a 6 parcelas: 80% de desconto<br><\/li>\n\n\n\n<li>De 7 a 12 parcelas: 60% de desconto<br><\/li>\n\n\n\n<li>De 13 a 18 parcelas: 40% de desconto<br><\/li>\n<\/ul>\n\n\n\n<p>Al\u00e9m disso, h\u00e1 a possibilidade de parcelamento em at\u00e9 96 vezes, sem aplica\u00e7\u00e3o de descontos, ampliando as alternativas para quem precisa de prazos<\/p>\n\n\n\n<p><br><strong>1)<\/strong>&nbsp;ISSQN:<br>Para pessoa f\u00edsica 1(uma) UFM (Unidade Fiscal do Munic\u00edpio);<br>Para pessoa jur\u00eddica 2(duas) UFMs (Unidades Fiscais do Munic\u00edpio)<br><br><strong>2)<\/strong>&nbsp;IPTU:<br>Para pessoa f\u00edsica 0,5 (cinco d\u00e9cimos) de UFM (Unidade Fiscal do Munic\u00edpio)<br>Para pessoa jur\u00eddica: 1 (um) UFM (Unidade Fiscal do Munic\u00edpio)<br><br><strong>3)<\/strong>&nbsp;Demais d\u00e9bitos:<br>Se pessoa f\u00edsica ou jur\u00eddica: 1 (um) UFM (Unidade Fiscal do Munic\u00edpio).<\/p>\n\n\n\n<p><strong>e)<\/strong>&nbsp;Para aderir ao parcelamento, o interessado dever\u00e1:<br><br><strong>I \u2013<\/strong>&nbsp;enviar e-mail para&nbsp;<a href=\"mailto:atendimentofinancas@jundiai.sp.gov.br\"><strong>atendimentofinancas@jundiai.sp.gov.br<\/strong><\/a>&nbsp;solicitando o parcelamento, ou efetuar pr\u00e9vio agendamento no site www.poupatempo.sp.gov.br \u2013 servi\u00e7os municipais \u2013 demais munic\u00edpios, e dirigir-se ao Poupatempo junto ao setor de atendimento da Prefeitura junto ao setor de atendimento da Prefeitura, localizado na Avenida Uni\u00e3o dos Ferrovi\u00e1rios, 1760, Centro \u2013 Jundia\u00ed, de segunda \u00e0 sexta-feira das 09h00 \u00e0s 17h00 e aos s\u00e1bados das 09h \u00e0s 13h, munido dos seguintes documentos:&nbsp;<strong><a href=\"https:\/\/jundiai.sp.gov.br\/wp-content\/uploads\/2025\/02\/documentos-necessarios-para-efetuar-o-parcelamento-de-debitos-14_02_25-2.pdf\">CLIQUE AQUI<\/a><\/strong>.&nbsp; &nbsp;<br><br><strong>II \u2013<\/strong>&nbsp;<strong><em>ap\u00f3s a formaliza\u00e7\u00e3o do acordo, o contribuinte dever\u00e1 mensalmente imprimir a sua guia de parcelamento<\/em>&nbsp;<a href=\"https:\/\/jundiai.sp.gov.br\/servicos-online\/emissao-de-guia-para-pagamento-de-parcelamento\/\">CLICANDO AQUI<\/a>, <em>ou entrando em contato com o Call Center de Cobran\u00e7a por meio do telefone: (11) 4589-8706.<\/em><\/strong><\/p>\n\n\n\n<h2 class=\"wp-block-heading\"><strong>3 \u2013 Atendimento por meio do Call Center de Cobran\u00e7a:<\/strong><\/h2>\n\n\n\n<p>Para maiores informa\u00e7\u00f5es, entrar em contato com a Prefeitura, de segunda a sexta-feira das 8h00 \u00e0s 18h00, por meio do telefone: (11) 4589-8706.<\/p>\n\n\n\n<p>O Call Center disponibiliza os seguintes servi\u00e7os:<\/p>\n\n\n\n<p>\u2013 Apura\u00e7\u00e3o dos d\u00e9bitos existentes;<br>\u2013 Informa\u00e7\u00f5es sobre parcelamento;<br>\u2013 Envio por e-mail ou WhatsApp da guia para pagamento dos d\u00e9bitos \u00e0 vista (inclusive os d\u00e9bitos protestados ou executados), de parcelas de acordos em atraso e esclarecimentos quanto aos d\u00e9bitos existentes.<\/p>\n\n\n\n<p>O Programa de Parcelamento de Pagamento Incentivado e Parcelamento Administrativo \u2013 PPIPA VI, est\u00e1 inscrito na <a href=\"https:\/\/jundiai.sp.gov.br\/financas\/wp-content\/uploads\/sites\/12\/2026\/01\/ppipa-vi-publicacao.pdf\">Lei Complementar n\u00ba 647, de 03 de Dezembro de 2025.<\/a><\/p>\n\n\n\n<p><\/p>\n","protected":false},"excerpt":{"rendered":"<p>Agora \u00e9 poss\u00edvel quitar ou parcelar sua d\u00edvida com desconto, por meio do Programa de Pagamento Incentivado e Parcelamento Administrativo \u2013 PPIPA VI, da Secretaria de Finan\u00e7as. Podem aderir ao Programa os contribuintes que possuam d\u00e9bitos em cobran\u00e7a administrativa, em cobran\u00e7a judicial, inclusive os protestados, cujo fato gerador tenha ocorrido at\u00e9 o ano anterior ao [&hellip;]<\/p>\n","protected":false},"author":5,"featured_media":0,"parent":31,"menu_order":0,"comment_status":"closed","ping_status":"closed","template":"","meta":{"footnotes":""},"class_list":["post-135","page","type-page","status-publish","hentry"],"_links":{"self":[{"href":"https:\/\/jundiai.sp.gov.br\/financas\/wp-json\/wp\/v2\/pages\/135","targetHints":{"allow":["GET"]}}],"collection":[{"href":"https:\/\/jundiai.sp.gov.br\/financas\/wp-json\/wp\/v2\/pages"}],"about":[{"href":"https:\/\/jundiai.sp.gov.br\/financas\/wp-json\/wp\/v2\/types\/page"}],"author":[{"embeddable":true,"href":"https:\/\/jundiai.sp.gov.br\/financas\/wp-json\/wp\/v2\/users\/5"}],"replies":[{"embeddable":true,"href":"https:\/\/jundiai.sp.gov.br\/financas\/wp-json\/wp\/v2\/comments?post=135"}],"version-history":[{"count":61,"href":"https:\/\/jundiai.sp.gov.br\/financas\/wp-json\/wp\/v2\/pages\/135\/revisions"}],"predecessor-version":[{"id":7273,"href":"https:\/\/jundiai.sp.gov.br\/financas\/wp-json\/wp\/v2\/pages\/135\/revisions\/7273"}],"up":[{"embeddable":true,"href":"https:\/\/jundiai.sp.gov.br\/financas\/wp-json\/wp\/v2\/pages\/31"}],"wp:attachment":[{"href":"https:\/\/jundiai.sp.gov.br\/financas\/wp-json\/wp\/v2\/media?parent=135"}],"curies":[{"name":"wp","href":"https:\/\/api.w.org\/{rel}","templated":true}]}}