{"id":1360,"date":"2014-12-19T12:09:17","date_gmt":"2014-12-19T14:09:17","guid":{"rendered":"https:\/\/jundiai.sp.gov.br\/financas\/?page_id=1360"},"modified":"2017-08-18T10:56:06","modified_gmt":"2017-08-18T13:56:06","slug":"nao-incidencia","status":"publish","type":"page","link":"https:\/\/jundiai.sp.gov.br\/financas\/iptu-e-taxa-de-coleta-de-lixo\/nao-incidencia\/","title":{"rendered":"N\u00e3o Incid\u00eancia &#8211; Atividade Rural"},"content":{"rendered":"<p>N\u00e3o incide IPTU para im\u00f3vel que, mesmo localizado na zona urbana, seja utilizado, <strong>comprovadamente<\/strong>, em explora\u00e7\u00e3o extrativa vegetal, agr\u00edcola, pecu\u00e1ria ou agroindustrial.<\/p>\n<p><em>(Base legal: art. 109 da <a href=\"https:\/\/jundiai.sp.gov.br\/financas\/wp-content\/uploads\/sites\/12\/2016\/01\/LC-460-08-at\u00e9-567-2015.pdf\" target=\"_blank\" rel=\"noopener noreferrer\">Lei Complementar n\u00ba 460\/2008<\/a><\/em><em>).<\/em><\/p>\n<p><strong>Contato: <\/strong>(11) 4589-8667<\/p>\n<h3 style=\"padding-left: 30px;\"><strong>Aten\u00e7\u00e3o: mudan\u00e7a de procedimento<\/strong><\/h3>\n<p style=\"padding-left: 30px;\">Com a finalidade de simplificar e facilitar o relacionamento entre o fisco municipal e o produtor rural, alguns procedimentos foram ajustados, principalmente com rela\u00e7\u00e3o \u00e0 renova\u00e7\u00e3o da n\u00e3o incid\u00eancia, cuja solicita\u00e7\u00e3o dever\u00e1 ser feita de dois em dois anos, e n\u00e3o mais anualmente.<\/p>\n<h3 style=\"padding-left: 30px;\">Confira abaixo as novidades<\/h3>\n<h2>Novos Pedidos<\/h2>\n<p>O pedido de n\u00e3o incid\u00eancia, para os im\u00f3veis para os quais n\u00e3o haja ainda o reconhecimento do benef\u00edcio, deve ser feito imediatamente, independente dos prazos determinados para pedidos de renova\u00e7\u00e3o, com o cumprimento dos requisitos legais.<\/p>\n<h2>Pedidos de Renova\u00e7\u00e3o<\/h2>\n<p>Com a finalidade de dar mais comodidade ao produtor rural, a renova\u00e7\u00e3o da n\u00e3o incid\u00eancia se dar\u00e1 automaticamente, nos mesmos termos do que tiver sido concedido para o ano anterior. Assim, uma vez concedido ou renovado o benef\u00edcio, o contribuinte dever\u00e1 retornar \u00e0 Prefeitura, apenas depois de dois anos, e n\u00e3o mais todo ano, para comprovar o cumprimento dos requisitos para o reconhecimento da n\u00e3o incid\u00eancia.<\/p>\n<h2>Como funciona a renova\u00e7\u00e3o<\/h2>\n<p>Para compreender os novos procedimentos de renova\u00e7\u00e3o, primeiramente o contribuinte deve entender que a municipalidade, a fim de reordenar os servi\u00e7os de fiscaliza\u00e7\u00e3o, dividiu os contribuintes que t\u00eam a n\u00e3o incid\u00eancia em dois Grupos, 1 e 2 (<a href=\"https:\/\/jundiai.sp.gov.br\/financas\/como-encontrar-o-grupo-de-contribuinte-a-qual-pertence-o-seu-imovel\/\" target=\"_blank\" rel=\"noopener noreferrer\">Clique aqui para saber qual \u00e9 seu grupo<\/a> ou imprima o <a href=\"https:\/\/jundiai.sp.gov.br\/financas\/informativo-do-produtor-rural\/\" target=\"_blank\" rel=\"noopener noreferrer\">Informativo do Produtor Rural\/IPTU<\/a>). Cada um desses grupos tem determinadas datas para comparecer e comprovar o cumprimento dos requisitos, conforme tabela a seguir:<\/p>\n<table class=\"tabela-branca-borda-cinza tabela-iptu-nao-incidencia\">\n<tbody>\n<tr>\n<th rowspan=\"2\">A<br \/>\nGrupo de Contribuintes<\/th>\n<th rowspan=\"2\">B<br \/>\nPer\u00edodo para comparecer na Prefeitura<\/th>\n<th colspan=\"3\">C<br \/>\nTrazer documentos do seguinte per\u00edodo<\/th>\n<th rowspan=\"2\">D<br \/>\nPara homologar os benef\u00edcios concedidos de<\/th>\n<\/tr>\n<tr>\n<th>Para o ITR<\/th>\n<th>Para o DIPAM<\/th>\n<th class=\"demais-documentos\">Para os demais documentos<\/th>\n<\/tr>\n<tr>\n<td>GRUPO 1<\/td>\n<td>01\/03\/2019 a 30\/06\/2019<\/td>\n<td>Anos-Bases 2017 e 2018<\/td>\n<td>Anos-Bases 2017 e 2018<\/td>\n<td>da data da \u00faltima renova\u00e7\u00e3o at\u00e9 a data em que for entregar os documentos<\/td>\n<td>2018 e 2019<\/td>\n<\/tr>\n<tr>\n<td>GRUPO 2<\/td>\n<td>01\/03\/2020 a 30\/06\/2020<\/td>\n<td>Anos-Bases 2018 e 2019<\/td>\n<td>Anos-Bases 2018 e 2019<\/td>\n<td>da data da \u00faltima renova\u00e7\u00e3o at\u00e9 a data em que for entregar os documentos<\/td>\n<td>2019 e 2020<\/td>\n<\/tr>\n<\/tbody>\n<\/table>\n<p>&nbsp;<\/p>\n<p><strong>N\u00e3o comparecendo na data estipulada (coluna B), O BENEF\u00cdCIO SER\u00c1 REVOGADO para o per\u00edodo respectivo (coluna D), e os lan\u00e7amentos ser\u00e3o revisados com cobran\u00e7a integral do IPTU.<\/strong><\/p>\n<p>Tanto para novos pedidos quanto para renova\u00e7\u00e3o da n\u00e3o incid\u00eancia, o interessado dever\u00e1:<\/p>\n<p style=\"padding-left: 30px;\"><strong>A.<\/strong>\u00a0Comprovadamente dar destina\u00e7\u00e3o agr\u00edcola, pecu\u00e1ria, agroind\u00fastria ou explora\u00e7\u00e3o extrativa vegetal ao im\u00f3vel;<\/p>\n<p style=\"padding-left: 30px;\"><strong>B.<\/strong>\u00a0Fazer a solicita\u00e7\u00e3o em\u00a0<strong><a href=\"https:\/\/jundiai.sp.gov.br\/financas\/wp-content\/uploads\/sites\/12\/2017\/08\/FORM-SOL-N\u00c3O-INCID\u00caNCIA.pdf\" target=\"_blank\" rel=\"noopener noreferrer\">Formul\u00e1rio pr\u00f3prio<\/a>\u00a0<\/strong>e nos prazos espec\u00edficos, no <strong><a href=\"http:\/\/guia.poupatempo.sp.gov.br\/_postos.aspx?Page=&amp;PostID=34&amp;PostTipo=F&amp;PostNomeReduzido=Poupatempo%20Jundia%C3%AD&amp;QtdComunica=1\" target=\"_blank\" rel=\"noopener noreferrer\">Poupatempo<\/a><\/strong>;<\/p>\n<p style=\"padding-left: 30px;\"><strong>C.<\/strong>\u00a0Apresentar os seguintes documentos:<\/p>\n<p style=\"padding-left: 60px;\"><span style=\"text-decoration: underline;\"><strong>Do Contribuinte<\/strong><\/span><\/p>\n<p style=\"padding-left: 120px;\"><strong>1.\u00a0<\/strong>RG e CPF do propriet\u00e1rio, titular do dom\u00ednio \u00fatil ou possuidor do bem im\u00f3vel, a qualquer t\u00edtulo (c\u00f3pias e originais para confer\u00eancia);<\/p>\n<p style=\"padding-left: 120px;\"><strong>2.<\/strong>\u00a0Procura\u00e7\u00e3o e RG e CPF do Representante Legal (se n\u00e3o for nenhuma das pessoas acima a requerer);<\/p>\n<p style=\"padding-left: 120px;\"><strong>3.<\/strong>\u00a0Em caso de \u00f3bito do(s) propriet\u00e1rio(s), atestado de \u00f3bito, invent\u00e1rio, RG, CPF e endere\u00e7o de todos os herdeiros, mesmo que n\u00e3o residam no im\u00f3vel (c\u00f3pias e originais para confer\u00eancia).<\/p>\n<p style=\"padding-left: 60px;\"><span style=\"text-decoration: underline;\"><strong>Do Im\u00f3vel<\/strong><\/span><\/p>\n<p style=\"padding-left: 120px;\"><strong>4.<\/strong>\u00a0Primeira folha do carn\u00ea do IPTU (apenas c\u00f3pia);<\/p>\n<p style=\"padding-left: 120px;\"><strong>5.<\/strong>\u00a0<strong><a href=\"https:\/\/jundiai.sp.gov.br\/financas\/matricula\/\" target=\"_blank\" rel=\"noopener noreferrer\">Matr\u00edcula do Registro de Im\u00f3veis<\/a><\/strong> atualizada (com no m\u00e1ximo 1 ano) e escritura sem registro ou contrato de compromisso de compra e venda (c\u00f3pias e originais para confer\u00eancia);<\/p>\n<p style=\"padding-left: 120px;\"><strong>6.\u00a0<\/strong><a href=\"http:\/\/www.receita.fazenda.gov.br\/Principal\/Informacoes\/InfoDeclara\/declaraITR.htm\" target=\"_blank\" rel=\"noopener noreferrer\">Recibos do ITR<\/a>\u00a0devidamente quitados;<\/p>\n<p style=\"padding-left: 120px;\"><strong>7.\u00a0<\/strong><a href=\"https:\/\/jundiai.sp.gov.br\/financas\/wp-content\/uploads\/sites\/12\/2014\/09\/croqui-simplificado-ex.png\">Croqui Simplificado (veja exemplo)<\/a>, ou Levantamento Topogr\u00e1fico Planim\u00e9trico Cadastral, conforme\u00a0<a href=\"http:\/\/www.abntcatalogo.com.br\/norma.aspx?ID=4663\" target=\"_blank\" rel=\"noopener noreferrer\">ABNT NBR 13.133\/1994<\/a>.<\/p>\n<p style=\"padding-left: 90px;\"><strong>Observa\u00e7\u00f5es sobre o im\u00f3vel:<\/strong><\/p>\n<ul>\n<li>No caso de Renova\u00e7\u00e3o, em que o croqui ou o levantamento topogr\u00e1fico j\u00e1 tenha sido apresentado em exerc\u00edcios anteriores, com as qualidades necess\u00e1rias para identifica\u00e7\u00e3o perfeita do im\u00f3vel, n\u00e3o \u00e9 necess\u00e1rio trazer novamente o documento.<\/li>\n<li>Se n\u00e3o houver informa\u00e7\u00f5es suficientes no croqui simplificado, poder\u00e1 ser exigido especificamente o Levantamento Topogr\u00e1fico Cadastral.<\/li>\n<\/ul>\n<p style=\"padding-left: 60px;\"><span style=\"text-decoration: underline;\"><strong><br \/>\nDa Atividade:<\/strong><\/span><\/p>\n<p style=\"padding-left: 120px;\"><strong>8.<\/strong>\u00a0Descri\u00e7\u00e3o, por escrito e detalhada, sobre quais s\u00e3o as atividades desenvolvidas no im\u00f3vel, quem as desenvolve, que t\u00edtulo (pr\u00f3pria, arrendada etc.) e a destina\u00e7\u00e3o dada ao seu produto (venda e\/ou consumo, doa\u00e7\u00e3o etc.);<\/p>\n<p style=\"padding-left: 120px;\"><strong>9.<\/strong>\u00a0<a href=\"https:\/\/jundiai.sp.gov.br\/financas\/comprovantes-cnpj-e-cadesp\/\" target=\"_blank\" rel=\"noopener noreferrer\">Comprovante de Cadastro Nacional de Pessoas Jur\u00eddicas &#8211; CNPJ\u00a0(impress\u00e3o atual)<\/a>;<\/p>\n<p style=\"padding-left: 120px;\"><strong>10.<\/strong>\u00a0<a href=\"https:\/\/jundiai.sp.gov.br\/financas\/comprovantes-cnpj-e-cadesp\/\" target=\"_blank\" rel=\"noopener noreferrer\">Comprovante de Cadastro de Contribuintes do ICMS &#8211; CADESP\u00a0(impress\u00e3o atual)<\/a>;<\/p>\n<p style=\"padding-left: 120px;\"><strong>11.<\/strong>\u00a0Contrato(s) de Arrendamento, se houver;<\/p>\n<p style=\"padding-left: 120px;\"><strong>12.<\/strong>\u00a0C\u00f3pia do\u00a0<a href=\"https:\/\/jundiai.sp.gov.br\/financas\/dipam-a-declaracao-para-o-indice-de-participacao-dos-municipios\/\" target=\"_blank\" rel=\"noopener noreferrer\">Protocolo e Relat\u00f3rio da &#8220;DIPAM &#8211; A&#8221;<\/a>\u00a0&#8211; Declara\u00e7\u00e3o para o \u00cdndice de Participa\u00e7\u00e3o dos Munic\u00edpios na Arrecada\u00e7\u00e3o do ICMS, quando ocorrerem as seguintes opera\u00e7\u00f5es;<\/p>\n<p style=\"padding-left: 120px;\"><em>sa\u00eddas de mercadorias a outros estabelecimentos de produtor rural deste Estado, ainda que pertencentes ao pr\u00f3prio declarante;<\/em><br \/>\n<em>sa\u00eddas de mercadorias a particulares ou a pessoas de direito p\u00fablico ou privado n\u00e3o inscritos como contribuintes do ICMS, situadas neste Estado;<\/em><br \/>\n<em>sa\u00eddas de mercadorias a quaisquer destinat\u00e1rios de outros Estados;<\/em><br \/>\n<em>sa\u00eddas de mercadorias para o Exterior.<\/em><\/p>\n<p style=\"padding-left: 120px;\"><strong>Observa\u00e7\u00f5es importantes sobre a atividade:<\/strong><\/p>\n<ul style=\"padding-left: 120px;\">\n<li><strong>Apresentar documentos de quem exer\u00e7a ou tenha exercido atividade rural no local, independente de ser propriet\u00e1rio do im\u00f3vel.<\/strong><\/li>\n<li>Para im\u00f3veis cont\u00edguos, em que a atividade seja exercida pela mesma pessoa, o interessado pode apresentar apenas um pedido para todos os im\u00f3veis (preenchendo apenas um formul\u00e1rio);<\/li>\n<\/ul>\n<p><span style=\"text-decoration: underline;\"><strong>Aten\u00e7\u00e3o<\/strong><\/span><\/p>\n<p style=\"padding-left: 30px;\"><strong>Para cada documento solicitado que n\u00e3o for apresentado, JUSTIFICAR POR ESCRITO e detalhadamente os motivos da n\u00e3o apresenta\u00e7\u00e3o.<\/strong><\/p>\n<p style=\"padding-left: 30px;\">Para a Descri\u00e7\u00e3o da Atividade, o ITR, o Contrato de Arrendamento, a DIPAM, as Notas Fiscais de Venda e outros comprovantes (itens 6, 8, 11, 12, 13 e 14), devem ser apresentados os documentos para os seguintes per\u00edodos, conforme o tipo de pedido:<\/p>\n<table class=\"tabela-branca-borda-cinza tabela-iptu-nao-incidencia-pedido\">\n<tbody>\n<tr>\n<th class=\"pedido\">Tipo de Pedido<\/th>\n<th>Documentos referentes aos seguintes per\u00edodos<\/th>\n<\/tr>\n<tr>\n<td class=\"pedido\">RENOVA\u00c7\u00c3O<\/td>\n<td>Conforme &#8220;Tabela de Renova\u00e7\u00e3o&#8221; (coluna C)<\/td>\n<\/tr>\n<tr>\n<td class=\"pedido\">Novos pedidos<\/td>\n<td>Anos anteriores para os quais se pede (exemplo, pedindo <i>n\u00e3o incid\u00eancia<\/i> para 2018 deve-se apresentar documentos de 2017)<\/td>\n<\/tr>\n<\/tbody>\n<\/table>\n<p style=\"padding-left: 30px;\"><strong>O n\u00e3o atendimento implicar\u00e1 no n\u00e3o reconhecimento<\/strong>\u00a0da n\u00e3o incid\u00eancia, nos termos do art. 109 da <a href=\"https:\/\/jundiai.sp.gov.br\/financas\/wp-content\/uploads\/sites\/12\/2016\/01\/LC-460-08-at\u00e9-567-2015.pdf\" target=\"_blank\" rel=\"noopener noreferrer\">Lei Complementar n\u00ba 460\/2008<\/a>.<\/p>\n<p style=\"padding-left: 30px;\">O interessado dever\u00e1\u00a0<strong>manter os documentos em ordem<\/strong>, tanto para a apresenta\u00e7\u00e3o nas datas marcadas como para poss\u00edveis fiscaliza\u00e7\u00f5es, que podem ser efetuadas a qualquer tempo.<\/p>\n<p style=\"padding-left: 30px;\">Independente dos prazos estabelecidos acima, de acordo com as circunst\u00e2ncias e nos termos da legisla\u00e7\u00e3o vigente, poder\u00e3o ser exigidos outros documentos, inclusive de exerc\u00edcios anteriores;<\/p>\n<p style=\"padding-left: 30px;\">De acordo com a\u00a0Lei Federal n\u00ba 8.137\/90, constitui\u00a0<strong>CRIME contra a ordem tribut\u00e1ria<\/strong>\u00a0suprimir ou reduzir tributo por meio de, dentre outras condutas, uma das seguintes: omitir informa\u00e7\u00e3o, ou prestar declara\u00e7\u00e3o falsa \u00e0s autoridades fazend\u00e1rias, utilizar documento falso ou inexato, fazer declara\u00e7\u00e3o falsa ou omitir declara\u00e7\u00e3o sobre rendas, bens ou fatos, ou empregar outra fraude, para eximir-se, total ou parcialmente, de pagamento de tributo. A pena \u00e9 de reclus\u00e3o de 2 a 5 anos, e multa.<\/p>\n","protected":false},"excerpt":{"rendered":"<p>N\u00e3o incide IPTU para im\u00f3vel que, mesmo localizado na zona urbana, seja utilizado, comprovadamente, em explora\u00e7\u00e3o extrativa vegetal, agr\u00edcola, pecu\u00e1ria ou agroindustrial. (Base legal: art. 109 da Lei Complementar n\u00ba 460\/2008). Contato: (11) 4589-8667 Aten\u00e7\u00e3o: mudan\u00e7a de procedimento Com a finalidade de simplificar e facilitar o relacionamento entre o fisco municipal e o produtor rural, [&hellip;]<\/p>\n","protected":false},"author":5,"featured_media":0,"parent":1332,"menu_order":14,"comment_status":"closed","ping_status":"closed","template":"","meta":{"footnotes":""},"class_list":["post-1360","page","type-page","status-publish","hentry"],"_links":{"self":[{"href":"https:\/\/jundiai.sp.gov.br\/financas\/wp-json\/wp\/v2\/pages\/1360","targetHints":{"allow":["GET"]}}],"collection":[{"href":"https:\/\/jundiai.sp.gov.br\/financas\/wp-json\/wp\/v2\/pages"}],"about":[{"href":"https:\/\/jundiai.sp.gov.br\/financas\/wp-json\/wp\/v2\/types\/page"}],"author":[{"embeddable":true,"href":"https:\/\/jundiai.sp.gov.br\/financas\/wp-json\/wp\/v2\/users\/5"}],"replies":[{"embeddable":true,"href":"https:\/\/jundiai.sp.gov.br\/financas\/wp-json\/wp\/v2\/comments?post=1360"}],"version-history":[{"count":71,"href":"https:\/\/jundiai.sp.gov.br\/financas\/wp-json\/wp\/v2\/pages\/1360\/revisions"}],"predecessor-version":[{"id":3470,"href":"https:\/\/jundiai.sp.gov.br\/financas\/wp-json\/wp\/v2\/pages\/1360\/revisions\/3470"}],"up":[{"embeddable":true,"href":"https:\/\/jundiai.sp.gov.br\/financas\/wp-json\/wp\/v2\/pages\/1332"}],"wp:attachment":[{"href":"https:\/\/jundiai.sp.gov.br\/financas\/wp-json\/wp\/v2\/media?parent=1360"}],"curies":[{"name":"wp","href":"https:\/\/api.w.org\/{rel}","templated":true}]}}