{"id":1368,"date":"2014-12-19T12:21:04","date_gmt":"2014-12-19T14:21:04","guid":{"rendered":"https:\/\/jundiai.sp.gov.br\/financas\/?page_id=1368"},"modified":"2017-08-18T10:55:38","modified_gmt":"2017-08-18T13:55:38","slug":"imunidade","status":"publish","type":"page","link":"https:\/\/jundiai.sp.gov.br\/financas\/iptu-e-taxa-de-coleta-de-lixo\/imunidade\/","title":{"rendered":"Imunidades"},"content":{"rendered":"<p>Imunidade \u00e9 o direito do contribuinte em n\u00e3o ser tributado caso se enquadre em algumas condi\u00e7\u00f5es estabelecidas na Constitui\u00e7\u00e3o Federal.<\/p>\n<p><strong>T\u00eam imunidade tribut\u00e1ria (IPTU)<\/strong>:<\/p>\n<p style=\"padding-left: 30px;\">\u2022 Templos de qualquer culto (a Igreja);<br \/>\n\u2022 Partidos Pol\u00edticos, inclusive suas funda\u00e7\u00f5es;<br \/>\n\u2022 Sindicatos de Trabalhadores:<br \/>\n\u2022 Institui\u00e7\u00f5es de Educa\u00e7\u00e3o;<br \/>\n\u2022 Institui\u00e7\u00e3o de Assist\u00eancia Social;<br \/>\n\u2022 Entidades da Administra\u00e7\u00e3o P\u00fablica Direta e autarquias e funda\u00e7\u00f5es institu\u00eddas e mantidas pelo Poder P\u00fablico.<\/p>\n<p><strong>S\u00e3o condi\u00e7\u00f5es para pedir a imunidade:<\/strong><\/p>\n<p style=\"padding-left: 30px;\">\u2022 Utilizar o im\u00f3vel para as finalidades essencias das entidades;<br \/>\n\u2022 Ser propriet\u00e1rio do im\u00f3vel;<br \/>\n\u2022 N\u00e3o distribuir qualquer parcela de seu patrim\u00f4nio ou de suas rendas, a qualquer t\u00edtulo;<br \/>\n\u2022 Aplicar integralmente, no Pa\u00eds, os seus recursos na manuten\u00e7\u00e3o dos seus objetivos institucionais;<br \/>\n\u2022 Manter escritura\u00e7\u00e3o de suas receitas e despesas em livros revestidos de formalidades capazes de assegurar sua exatid\u00e3o.<\/p>\n<p><strong>Como solicitar<\/strong><\/p>\n<p>A solicita\u00e7\u00e3o desse benef\u00edcio deve ser feita no <strong><a href=\"http:\/\/guia.poupatempo.sp.gov.br\/_postos.aspx?Page=&amp;PostID=34&amp;PostTipo=F&amp;PostNomeReduzido=Poupatempo%20Jundia%C3%AD&amp;QtdComunica=1\" target=\"_blank\" rel=\"noopener noreferrer\">Poupatempo<\/a><\/strong> (<strong><a href=\"https:\/\/jundiai.sp.gov.br\/financas\/iptu-e-taxa-de-coleta-de-lixo\/contato\/\" target=\"_blank\" rel=\"noopener noreferrer\">veja o endere\u00e7o e o hor\u00e1rio de atendimento<\/a><\/strong>).<\/p>\n<p><strong>Devem ser apresentados os seguintes documentos:<\/strong><\/p>\n<p style=\"padding-left: 30px;\">1. <a href=\"https:\/\/jundiai.sp.gov.br\/financas\/wp-content\/uploads\/sites\/12\/2017\/08\/FORM-SOL-IMUNIDADE-IPTU.pdf\" target=\"_blank\" rel=\"noopener noreferrer\"><strong>Formul\u00e1rio<\/strong><\/a> devidamente preenchido;<br \/>\n2. C\u00f3pia da capa do carn\u00ea de IPTU (onde constam os dados do im\u00f3vel);<br \/>\n3. C\u00f3pia da matr\u00edcula do Registro de Im\u00f3veis atualizada ou escritura sem registro ou contrato de<br \/>\ncompromisso de compra e venda (quando n\u00e3o estiver em nome do atual propriet\u00e1rio \u2013 verificar<br \/>\nno carn\u00ea do IPTU);<br \/>\n4. CPF e RG;<br \/>\n5. C\u00f3pia do Contrato Social ou Estatuto atualizado, com elei\u00e7\u00e3o da atual Diretoria e c\u00f3pia do Cart\u00e3o<br \/>\nde CNPJ (quando pessoa jur\u00eddica);<br \/>\n6. Procura\u00e7\u00e3o (se assinado por terceiros) e CPF e RG do procurador;<br \/>\n7. Ata de elei\u00e7\u00e3o da atual diretoria;<br \/>\n8. Balancete anual;<br \/>\n9. Estatuto<\/p>\n<p><strong>Aten\u00e7\u00e3o: <\/strong><br \/>\nDe acordo com a <span style=\"text-decoration: underline;\">Lei Federal n\u00ba 8.137\/90<\/span>, constitui <strong>CRIME contra a ordem tribut\u00e1ria<\/strong> suprimir ou reduzir tributo por meio de, dentre outras condutas, uma das seguintes: omitir informa\u00e7\u00e3o, ou prestar declara\u00e7\u00e3o falsa \u00e0s autoridades fazend\u00e1rias, utilizar documento falso ou inexato, fazer declara\u00e7\u00e3o falsa ou omitir declara\u00e7\u00e3o sobre rendas, bens ou fatos, ou empregar outra fraude, para eximir-se, total ou parcialmente, de pagamento de tributo. A pena \u00e9 de reclus\u00e3o de 2 a 5 anos, e multa.<\/p>\n","protected":false},"excerpt":{"rendered":"<p>Imunidade \u00e9 o direito do contribuinte em n\u00e3o ser tributado caso se enquadre em algumas condi\u00e7\u00f5es estabelecidas na Constitui\u00e7\u00e3o Federal. T\u00eam imunidade tribut\u00e1ria (IPTU): \u2022 Templos de qualquer culto (a Igreja); \u2022 Partidos Pol\u00edticos, inclusive suas funda\u00e7\u00f5es; \u2022 Sindicatos de Trabalhadores: \u2022 Institui\u00e7\u00f5es de Educa\u00e7\u00e3o; \u2022 Institui\u00e7\u00e3o de Assist\u00eancia Social; \u2022 Entidades da Administra\u00e7\u00e3o P\u00fablica [&hellip;]<\/p>\n","protected":false},"author":5,"featured_media":0,"parent":1332,"menu_order":13,"comment_status":"closed","ping_status":"closed","template":"","meta":{"footnotes":""},"class_list":["post-1368","page","type-page","status-publish","hentry"],"_links":{"self":[{"href":"https:\/\/jundiai.sp.gov.br\/financas\/wp-json\/wp\/v2\/pages\/1368","targetHints":{"allow":["GET"]}}],"collection":[{"href":"https:\/\/jundiai.sp.gov.br\/financas\/wp-json\/wp\/v2\/pages"}],"about":[{"href":"https:\/\/jundiai.sp.gov.br\/financas\/wp-json\/wp\/v2\/types\/page"}],"author":[{"embeddable":true,"href":"https:\/\/jundiai.sp.gov.br\/financas\/wp-json\/wp\/v2\/users\/5"}],"replies":[{"embeddable":true,"href":"https:\/\/jundiai.sp.gov.br\/financas\/wp-json\/wp\/v2\/comments?post=1368"}],"version-history":[{"count":22,"href":"https:\/\/jundiai.sp.gov.br\/financas\/wp-json\/wp\/v2\/pages\/1368\/revisions"}],"predecessor-version":[{"id":3469,"href":"https:\/\/jundiai.sp.gov.br\/financas\/wp-json\/wp\/v2\/pages\/1368\/revisions\/3469"}],"up":[{"embeddable":true,"href":"https:\/\/jundiai.sp.gov.br\/financas\/wp-json\/wp\/v2\/pages\/1332"}],"wp:attachment":[{"href":"https:\/\/jundiai.sp.gov.br\/financas\/wp-json\/wp\/v2\/media?parent=1368"}],"curies":[{"name":"wp","href":"https:\/\/api.w.org\/{rel}","templated":true}]}}