{"id":1422,"date":"2014-12-19T17:14:18","date_gmt":"2014-12-19T19:14:18","guid":{"rendered":"https:\/\/jundiai.sp.gov.br\/financas\/?page_id=1422"},"modified":"2014-12-19T17:14:18","modified_gmt":"2014-12-19T19:14:18","slug":"matricula-do-registro-de-imoveis","status":"publish","type":"page","link":"https:\/\/jundiai.sp.gov.br\/financas\/matricula-do-registro-de-imoveis\/","title":{"rendered":"Matr\u00edcula do Registro de Im\u00f3veis"},"content":{"rendered":"<p>Os im\u00f3veis localizados em Jundia\u00ed est\u00e3o registrados em um dos seguintes Cart\u00f3rios de Im\u00f3veis:<\/p>\n<p><a href=\"http:\/\/www.1registrojundiai.com.br\/home.faces\" target=\"_blank\"><strong>1\u00b0 Registro de im\u00f3veis de Jundia\u00ed;<\/strong><\/a><br \/>\n<a href=\"http:\/\/www.2rijundiai.com.br\/\" target=\"_blank\"><strong>2\u00b0 Registro de Im\u00f3veis de Jundia\u00ed;<\/strong><\/a><\/p>\n<p>A matr\u00edcula tamb\u00e9m est\u00e1 dispon\u00edvel atrav\u00e9s do site Central Registradores de Im\u00f3veis (<a href=\"http:\/\/www.registradores.org.br\/VisualizarMatricula\/DefaultVM.aspx?from=menu\" target=\"_blank\">clique aqui para acesso \u00e0 Matr\u00edcula online<\/a>).<\/p>\n","protected":false},"excerpt":{"rendered":"<p>Os im\u00f3veis localizados em Jundia\u00ed est\u00e3o registrados em um dos seguintes Cart\u00f3rios de Im\u00f3veis: 1\u00b0 Registro de im\u00f3veis de Jundia\u00ed; 2\u00b0 Registro de Im\u00f3veis de Jundia\u00ed; A matr\u00edcula tamb\u00e9m est\u00e1 dispon\u00edvel atrav\u00e9s do site Central Registradores de Im\u00f3veis (clique aqui para acesso \u00e0 Matr\u00edcula online).<\/p>\n","protected":false},"author":5,"featured_media":0,"parent":0,"menu_order":0,"comment_status":"closed","ping_status":"closed","template":"","meta":{"footnotes":""},"class_list":["post-1422","page","type-page","status-publish","hentry"],"_links":{"self":[{"href":"https:\/\/jundiai.sp.gov.br\/financas\/wp-json\/wp\/v2\/pages\/1422","targetHints":{"allow":["GET"]}}],"collection":[{"href":"https:\/\/jundiai.sp.gov.br\/financas\/wp-json\/wp\/v2\/pages"}],"about":[{"href":"https:\/\/jundiai.sp.gov.br\/financas\/wp-json\/wp\/v2\/types\/page"}],"author":[{"embeddable":true,"href":"https:\/\/jundiai.sp.gov.br\/financas\/wp-json\/wp\/v2\/users\/5"}],"replies":[{"embeddable":true,"href":"https:\/\/jundiai.sp.gov.br\/financas\/wp-json\/wp\/v2\/comments?post=1422"}],"version-history":[{"count":2,"href":"https:\/\/jundiai.sp.gov.br\/financas\/wp-json\/wp\/v2\/pages\/1422\/revisions"}],"predecessor-version":[{"id":1425,"href":"https:\/\/jundiai.sp.gov.br\/financas\/wp-json\/wp\/v2\/pages\/1422\/revisions\/1425"}],"wp:attachment":[{"href":"https:\/\/jundiai.sp.gov.br\/financas\/wp-json\/wp\/v2\/media?parent=1422"}],"curies":[{"name":"wp","href":"https:\/\/api.w.org\/{rel}","templated":true}]}}