{"id":1739,"date":"2015-01-27T16:18:06","date_gmt":"2015-01-27T18:18:06","guid":{"rendered":"https:\/\/jundiai.sp.gov.br\/financas\/?page_id=1739"},"modified":"2026-01-07T11:01:34","modified_gmt":"2026-01-07T14:01:34","slug":"entrega-nao-recebimento-e-perda","status":"publish","type":"page","link":"https:\/\/jundiai.sp.gov.br\/financas\/iptu-e-taxa-de-coleta-de-lixo\/entrega-nao-recebimento-e-perda\/","title":{"rendered":"Entrega, N\u00e3o Recebimento e Perda do Carn\u00ea"},"content":{"rendered":"\n<p><\/p>\n\n\n\n<h2 class=\"wp-block-heading\"><strong>O envio dos Carn\u00eas<\/strong><\/h2>\n\n\n\n<p>Os propriet\u00e1rios ou possuidores de im\u00f3veis localizados neste munic\u00edpio ser\u00e3o notificados do lan\u00e7amento do IPTU e da Taxa de Coleta de Lixo, relativos ao exerc\u00edcio de\u00a02026, por meio da entrega dos carn\u00eas pelos Correios no endere\u00e7o que consta no cadastro da Divis\u00e3o de Cadastro Imobili\u00e1rio ou diretamente no e-mail previamente cadastrado.<\/p>\n\n\n\n<p><strong>Aten\u00e7\u00e3o<\/strong>: o carn\u00ea \u00e9 entregue no endere\u00e7o do pr\u00f3prio im\u00f3vel, caso o contribuinte n\u00e3o informe endere\u00e7o diferente para entrega (<strong><a href=\"https:\/\/jundiai.sp.gov.br\/financas\/iptu-e-taxa-de-coleta-de-lixo\/atualizacoes-no-cadastro-do-iptu\/alteracao-do-endereco-para-correspondencia\/\" target=\"_blank\" rel=\"noopener noreferrer\">altere o seu endere\u00e7o de correspond\u00eancia<\/a><\/strong>).<\/p>\n\n\n\n<h2 class=\"wp-block-heading\"><strong>N\u00e3o recebimento ou perda do Carn\u00ea<\/strong><\/h2>\n\n\n\n<p>Por diversas raz\u00f5es, pode acontecer de o carn\u00ea n\u00e3o chegar \u00e0 resid\u00eancia ou, ainda, ser perdido pelo contribuinte. Nesses casos, continua sendo obriga\u00e7\u00e3o do contribuinte pagar os tributos. O atraso na quita\u00e7\u00e3o acarretar\u00e1 em multa e juros de mora e corre\u00e7\u00e3o monet\u00e1ria, conforme legisla\u00e7\u00e3o.<\/p>\n\n\n\n<p>Para evitar transtornos, a Prefeitura disponibiliza diversas formas para emiss\u00e3o de segunda via do carn\u00ea, <a href=\"https:\/\/jundiai.sp.gov.br\/financas\/iptu-e-taxa-de-coleta-de-lixo\/pagamento-como-pagar-a-2a-via-do-iptu\/\">inclusive pela internet, clicando aqui<\/a>.<\/p>\n","protected":false},"excerpt":{"rendered":"<p>O envio dos Carn\u00eas Os propriet\u00e1rios ou possuidores de im\u00f3veis localizados neste munic\u00edpio ser\u00e3o notificados do lan\u00e7amento do IPTU e da Taxa de Coleta de Lixo, relativos ao exerc\u00edcio de\u00a02026, por meio da entrega dos carn\u00eas pelos Correios no endere\u00e7o que consta no cadastro da Divis\u00e3o de Cadastro Imobili\u00e1rio ou diretamente no e-mail previamente cadastrado. [&hellip;]<\/p>\n","protected":false},"author":5,"featured_media":0,"parent":1332,"menu_order":6,"comment_status":"closed","ping_status":"closed","template":"","meta":{"footnotes":""},"class_list":["post-1739","page","type-page","status-publish","hentry"],"_links":{"self":[{"href":"https:\/\/jundiai.sp.gov.br\/financas\/wp-json\/wp\/v2\/pages\/1739","targetHints":{"allow":["GET"]}}],"collection":[{"href":"https:\/\/jundiai.sp.gov.br\/financas\/wp-json\/wp\/v2\/pages"}],"about":[{"href":"https:\/\/jundiai.sp.gov.br\/financas\/wp-json\/wp\/v2\/types\/page"}],"author":[{"embeddable":true,"href":"https:\/\/jundiai.sp.gov.br\/financas\/wp-json\/wp\/v2\/users\/5"}],"replies":[{"embeddable":true,"href":"https:\/\/jundiai.sp.gov.br\/financas\/wp-json\/wp\/v2\/comments?post=1739"}],"version-history":[{"count":28,"href":"https:\/\/jundiai.sp.gov.br\/financas\/wp-json\/wp\/v2\/pages\/1739\/revisions"}],"predecessor-version":[{"id":7283,"href":"https:\/\/jundiai.sp.gov.br\/financas\/wp-json\/wp\/v2\/pages\/1739\/revisions\/7283"}],"up":[{"embeddable":true,"href":"https:\/\/jundiai.sp.gov.br\/financas\/wp-json\/wp\/v2\/pages\/1332"}],"wp:attachment":[{"href":"https:\/\/jundiai.sp.gov.br\/financas\/wp-json\/wp\/v2\/media?parent=1739"}],"curies":[{"name":"wp","href":"https:\/\/api.w.org\/{rel}","templated":true}]}}