{"id":1812,"date":"2015-01-29T14:11:44","date_gmt":"2015-01-29T16:11:44","guid":{"rendered":"https:\/\/jundiai.sp.gov.br\/financas\/?page_id=1812"},"modified":"2016-01-04T14:50:08","modified_gmt":"2016-01-04T16:50:08","slug":"atualizacoes-no-cadastro-do-iptu","status":"publish","type":"page","link":"https:\/\/jundiai.sp.gov.br\/financas\/iptu-e-taxa-de-coleta-de-lixo\/atualizacoes-no-cadastro-do-iptu\/","title":{"rendered":"Atualiza\u00e7\u00f5es no Cadastro do IPTU"},"content":{"rendered":"<p>O cadastro do IPTU (ou Cadastro Imobili\u00e1rio) \u00e9 onde est\u00e3o registradas todas as informa\u00e7\u00f5es dos im\u00f3veis e dos propriet\u00e1rios, de \u00e1rea territorial e constru\u00edda, e outras, com a finalidade fiscal.<\/p>\n<p>\u00c9 com base neste cadastro que os valores do IPTU e da Taxa de Coleta de Lixo s\u00e3o calculados e \u00e9 nele que est\u00e3o registrados os endere\u00e7os de entrega do carn\u00ea.<\/p>\n<p>Nesse sentido, \u00e9 importante mant\u00ea-lo atualizado, sendo:<\/p>\n<p style=\"padding-left: 30px;\"><strong>1) Obriga\u00e7\u00e3o do contribuinte informar:<\/strong><\/p>\n<ul>\n<ul>\n<ul>\n<ul>\n<li><em>a demoli\u00e7\u00e3o ou perecimento das edifica\u00e7\u00f5es ou constru\u00e7\u00f5es existentes no terreno;<\/em><\/li>\n<li><em>a aquisi\u00e7\u00e3o ou promessa de compra do terreno;<\/em><\/li>\n<li><em>a posse do terreno exercida a justo t\u00edtulo;<\/em><\/li>\n<\/ul>\n<\/ul>\n<\/ul>\n<\/ul>\n<p style=\"padding-left: 30px;\"><strong>2) Obriga\u00e7\u00e3o dos respons\u00e1veis pelo parcelamento do solo<\/strong>\u00a0a fornecer, at\u00e9 31 de outubro de cada ano, rela\u00e7\u00e3o dos lotes que tenham sido alienados definitivamente, ou mediante compromisso de compra e venda;<\/p>\n<p style=\"padding-left: 30px;\"><strong>3) Obriga\u00e7\u00e3o dos respons\u00e1veis pelas edifica\u00e7\u00f5es em condom\u00ednio\u00a0<\/strong>a fornecer, dentro de 30 dias da data da expedi\u00e7\u00e3o do &#8220;habite-se&#8221;, c\u00f3pia da institui\u00e7\u00e3o e especifica\u00e7\u00e3o de condom\u00ednio inscrita no Registro de Im\u00f3veis competente e c\u00f3pia das matr\u00edculas do Registro de Im\u00f3veis ou contrato de compra e venda dos im\u00f3veis j\u00e1 comercializados e respectivos endere\u00e7os para correspond\u00eancia dos adquirentes das unidades aut\u00f4nomas.<\/p>\n<p>As\u00a0<strong>multas<\/strong>\u00a0pela omiss\u00e3o podem variar de\u00a0<strong>20 a 50% do valor anual do imposto<\/strong>, que ser\u00e1 devido por um ou mais exerc\u00edcios at\u00e9 a regulariza\u00e7\u00e3o de sua inscri\u00e7\u00e3o, conforme <a href=\"https:\/\/jundiai.sp.gov.br\/financas\/wp-content\/uploads\/sites\/12\/2016\/01\/LC-460-08-at\u00e9-567-2015.pdf\" target=\"_blank\">Lei Complementar n\u00ba 460\/2008<\/a>.<\/p>\n<p><strong>Aten\u00e7\u00e3o:<\/strong>\u00a0O Cadastro Imobili\u00e1rio \u00e9 atualizado principalmente pelas informa\u00e7\u00f5es que constam nos Cart\u00f3rios de Im\u00f3veis. Por isso, se o registro de seu im\u00f3vel estiver incorreto e\/ou desatualizado, providencie com urg\u00eancia a retifica\u00e7\u00e3o nos\u00a0<strong><a href=\"https:\/\/jundiai.sp.gov.br\/financas\/iptu\/matricula\/\" target=\"_blank\">Cart\u00f3rios<\/a><\/strong>.<\/p>\n<p>Veja nos itens abaixo as demais informa\u00e7\u00f5es sobre o tema:<\/p>\n","protected":false},"excerpt":{"rendered":"<p>O cadastro do IPTU (ou Cadastro Imobili\u00e1rio) \u00e9 onde est\u00e3o registradas todas as informa\u00e7\u00f5es dos im\u00f3veis e dos propriet\u00e1rios, de \u00e1rea territorial e constru\u00edda, e outras, com a finalidade fiscal. \u00c9 com base neste cadastro que os valores do IPTU e da Taxa de Coleta de Lixo s\u00e3o calculados e \u00e9 nele que est\u00e3o registrados [&hellip;]<\/p>\n","protected":false},"author":5,"featured_media":0,"parent":1332,"menu_order":7,"comment_status":"closed","ping_status":"closed","template":"page-subpaginas.php","meta":{"footnotes":""},"class_list":["post-1812","page","type-page","status-publish","hentry"],"_links":{"self":[{"href":"https:\/\/jundiai.sp.gov.br\/financas\/wp-json\/wp\/v2\/pages\/1812","targetHints":{"allow":["GET"]}}],"collection":[{"href":"https:\/\/jundiai.sp.gov.br\/financas\/wp-json\/wp\/v2\/pages"}],"about":[{"href":"https:\/\/jundiai.sp.gov.br\/financas\/wp-json\/wp\/v2\/types\/page"}],"author":[{"embeddable":true,"href":"https:\/\/jundiai.sp.gov.br\/financas\/wp-json\/wp\/v2\/users\/5"}],"replies":[{"embeddable":true,"href":"https:\/\/jundiai.sp.gov.br\/financas\/wp-json\/wp\/v2\/comments?post=1812"}],"version-history":[{"count":9,"href":"https:\/\/jundiai.sp.gov.br\/financas\/wp-json\/wp\/v2\/pages\/1812\/revisions"}],"predecessor-version":[{"id":2557,"href":"https:\/\/jundiai.sp.gov.br\/financas\/wp-json\/wp\/v2\/pages\/1812\/revisions\/2557"}],"up":[{"embeddable":true,"href":"https:\/\/jundiai.sp.gov.br\/financas\/wp-json\/wp\/v2\/pages\/1332"}],"wp:attachment":[{"href":"https:\/\/jundiai.sp.gov.br\/financas\/wp-json\/wp\/v2\/media?parent=1812"}],"curies":[{"name":"wp","href":"https:\/\/api.w.org\/{rel}","templated":true}]}}