{"id":1856,"date":"2015-01-29T14:36:32","date_gmt":"2015-01-29T16:36:32","guid":{"rendered":"https:\/\/jundiai.sp.gov.br\/financas\/?page_id=1856"},"modified":"2023-09-20T17:05:35","modified_gmt":"2023-09-20T20:05:35","slug":"entidades-especificas","status":"publish","type":"page","link":"https:\/\/jundiai.sp.gov.br\/financas\/entidades-especificas\/","title":{"rendered":"Entidades Espec\u00edficas"},"content":{"rendered":"<p>Tributo a isentar: <strong>IPTU<\/strong><\/p>\n<p>T\u00eam direito a esse benef\u00edcio, referente aos im\u00f3veis de sua propriedade, as Associa\u00e7\u00f5es Cultural, C\u00edvica, Recreativa, Desportiva ou Agr\u00edcola, sem fins lucrativos, bem como as Associa\u00e7\u00f5es Beneficentes e as Sociedades Amigos do Amigos de Bairro.<\/p>\n<p>Em qualquer caso, \u00e9 condi\u00e7\u00e3o ainda para usufruir do benef\u00edcio: haver o funcionamento regular de acordo com as finalidades do Estatuto.<\/p>\n<p><strong>Como solicitar<\/strong><\/p>\n<p class=\"gmail_default\"><strong>PREFERENCIALMENTE VIA E-MAIL &#8211;\u00a0<\/strong><a href=\"mailto:atendimentofinancas@jundiai.sp.gov.br\" target=\"_blank\" rel=\"noopener\">atendimentofinancas@jundiai.<wbr \/>sp.gov.br<\/a><\/p>\n<p class=\"gmail_default\"><strong>PRESENCIALMENTE &#8211; <\/strong>Poupatempo Jundia\u00ed &#8211; Avenida Uni\u00e3o dos Ferrovi\u00e1rios, 1760, Centro &#8211; Jundia\u00ed. Hor\u00e1rio de atendimento: de Segunda a Sexta-feira das 9h \u00e0s 17h e aos s\u00e1bados das 9h \u00e0s 13h.\u00a0Os atendimentos s\u00e3o realizados EXCLUSIVAMENTE com hora marcada (<a href=\"https:\/\/www.poupatempo.sp.gov.br\/wps\/portal\/poupatempoTaOn\/servicos\/intermediarias\/municipios\/jundiai\" target=\"_blank\" rel=\"noopener\">fa\u00e7a seu agendamento aqui<\/a>).<\/p>\n<p><strong><span style=\"text-decoration: underline;\">Devem ser apresentados os seguintes documentos:<\/span><\/strong><\/p>\n<p style=\"padding-left: 30px;\">1. <strong><a href=\"https:\/\/jundiai.sp.gov.br\/financas\/wp-content\/uploads\/sites\/12\/2021\/06\/form-sol-isencao-iptu-5.pdf\">Formul\u00e1rio<\/a>\u00a0<\/strong>devidamente preenchido;<br \/>\n2. C\u00f3pia do CPF e RG do solicitante;<br \/>\n3. C\u00f3pias do Ato constitutivo devidamente registrado e ata de elei\u00e7\u00e3o da atual diretoria;<br \/>\n4. Balan\u00e7o patrimonial anal\u00edtico;<br \/>\n5. Demonstra\u00e7\u00e3o do resultado do exerc\u00edcio anal\u00edtico;<br \/>\n6. Plano de contas;<br \/>\n7. Declara\u00e7\u00e3o do Imposto de Renda de Pessoa Jur\u00eddica, com respectivo Recibo de Entrega.<br \/>\n8. C\u00f3pia do Carn\u00ea de IPTU;<br \/>\n9. C\u00f3pia da <a href=\"https:\/\/jundiai.sp.gov.br\/financas\/matricula\/\" target=\"_blank\" rel=\"noopener noreferrer\">Matr\u00edcula do Registro de Im\u00f3veis atualizada<\/a> (com no m\u00e1ximo 1 ano de emiss\u00e3o) ou escritura sem registro ou contrato de compromisso de venda e compra;<br \/>\n10. Procura\u00e7\u00e3o (se a solicita\u00e7\u00e3o estiver assinada por terceiros) e CPF e RG do procurador;<\/p>\n<p><strong>Observa\u00e7\u00e3o<\/strong>: Deve ser solicitado at\u00e9 o \u00faltimo dia \u00fatil do m\u00eas de dezembro de cada exerc\u00edcio, sob pena de perda do benef\u00edcio fiscal no ano seguinte.<\/p>\n<p>(Base legal: Art. 133, IX, X e XI da <a href=\"https:\/\/jundiai.sp.gov.br\/financas\/wp-content\/uploads\/sites\/12\/2016\/01\/LC-460-08-at\u00e9-567-2015.pdf\" target=\"_blank\" rel=\"noopener noreferrer\">Lei Complementar n\u00ba 460\/2008<\/a>)<\/p>\n<h2><\/h2>\n","protected":false},"excerpt":{"rendered":"<p>Tributo a isentar: IPTU T\u00eam direito a esse benef\u00edcio, referente aos im\u00f3veis de sua propriedade, as Associa\u00e7\u00f5es Cultural, C\u00edvica, Recreativa, Desportiva ou Agr\u00edcola, sem fins lucrativos, bem como as Associa\u00e7\u00f5es Beneficentes e as Sociedades Amigos do Amigos de Bairro. Em qualquer caso, \u00e9 condi\u00e7\u00e3o ainda para usufruir do benef\u00edcio: haver o funcionamento regular de acordo [&hellip;]<\/p>\n","protected":false},"author":5,"featured_media":0,"parent":0,"menu_order":3,"comment_status":"closed","ping_status":"closed","template":"","meta":{"footnotes":""},"class_list":["post-1856","page","type-page","status-publish","hentry"],"_links":{"self":[{"href":"https:\/\/jundiai.sp.gov.br\/financas\/wp-json\/wp\/v2\/pages\/1856","targetHints":{"allow":["GET"]}}],"collection":[{"href":"https:\/\/jundiai.sp.gov.br\/financas\/wp-json\/wp\/v2\/pages"}],"about":[{"href":"https:\/\/jundiai.sp.gov.br\/financas\/wp-json\/wp\/v2\/types\/page"}],"author":[{"embeddable":true,"href":"https:\/\/jundiai.sp.gov.br\/financas\/wp-json\/wp\/v2\/users\/5"}],"replies":[{"embeddable":true,"href":"https:\/\/jundiai.sp.gov.br\/financas\/wp-json\/wp\/v2\/comments?post=1856"}],"version-history":[{"count":21,"href":"https:\/\/jundiai.sp.gov.br\/financas\/wp-json\/wp\/v2\/pages\/1856\/revisions"}],"predecessor-version":[{"id":5985,"href":"https:\/\/jundiai.sp.gov.br\/financas\/wp-json\/wp\/v2\/pages\/1856\/revisions\/5985"}],"wp:attachment":[{"href":"https:\/\/jundiai.sp.gov.br\/financas\/wp-json\/wp\/v2\/media?parent=1856"}],"curies":[{"name":"wp","href":"https:\/\/api.w.org\/{rel}","templated":true}]}}