{"id":1858,"date":"2015-01-29T14:37:08","date_gmt":"2015-01-29T16:37:08","guid":{"rendered":"https:\/\/jundiai.sp.gov.br\/financas\/?page_id=1858"},"modified":"2017-05-08T14:10:54","modified_gmt":"2017-05-08T17:10:54","slug":"templos-e-instituicoes-de-assistencia-social","status":"publish","type":"page","link":"https:\/\/jundiai.sp.gov.br\/financas\/templos-e-instituicoes-de-assistencia-social\/","title":{"rendered":"Templos e Institui\u00e7\u00f5es de Assist\u00eancia Social"},"content":{"rendered":"<p>Tributo a isentar: <strong>Taxa de Coleta de Lixo <\/strong><\/p>\n<p>T\u00eam direito a esse benef\u00edcio os <strong>Templos<\/strong> de qualquer culto e as <strong>Institui\u00e7\u00f5es de Assist\u00eancia Social<\/strong>, cujos im\u00f3veis sejam tamb\u00e9m imunes ou isentos de IPTU.<\/p>\n<p><strong>Como solicitar<\/strong><\/p>\n<p>A solicita\u00e7\u00e3o desse benef\u00edcio deve ser feita no <strong><a href=\"http:\/\/guia.poupatempo.sp.gov.br\/_postos.aspx?Page=&amp;PostID=34&amp;PostTipo=F&amp;PostNomeReduzido=Poupatempo%20Jundia%C3%AD&amp;QtdComunica=1\" target=\"_blank\">Poupatempo<\/a><\/strong> (<strong><a href=\"https:\/\/jundiai.sp.gov.br\/financas\/iptu-e-taxa-de-coleta-de-lixo\/contato\/\" target=\"_blank\">veja o endere\u00e7o e o hor\u00e1rio de atendimento<\/a><\/strong>).<\/p>\n<p><span style=\"text-decoration: underline;\">Devem ser apresentados os seguintes documentos:<\/span><\/p>\n<p style=\"padding-left: 30px;\">1. <a href=\"https:\/\/jundiai.sp.gov.br\/financas\/wp-content\/uploads\/sites\/12\/2017\/05\/FORM-SOL-ISEN\u00c7AO-IPTU.pdf\" target=\"_blank\"><strong>Formul\u00e1rio<\/strong><\/a>\u00a0devidamente preenchido<br \/>\n2. C\u00f3pia do CPF e RG do solicitante;<br \/>\n3. C\u00f3pia da Ata de elei\u00e7\u00e3o da atual diretoria;<br \/>\n4. Balancete anual;<br \/>\n5. C\u00f3pia do Carn\u00ea de IPTU;<br \/>\n6. C\u00f3pia da <a href=\"https:\/\/jundiai.sp.gov.br\/financas\/matricula\/\" target=\"_blank\">Matr\u00edcula do Registro de Im\u00f3veis atualizada<\/a> (com no m\u00e1ximo 1 ano de emiss\u00e3o) ou escritura sem registro ou contrato de compromisso de venda e compra;<br \/>\n7. Procura\u00e7\u00e3o (se a solicita\u00e7\u00e3o estiver assinada por terceiros) e CPF e RG do procurador.<\/p>\n<p><strong>Observa\u00e7\u00e3o<\/strong>: Deve ser solicitado at\u00e9 o \u00faltimo dia \u00fatil do m\u00eas de dezembro de cada exerc\u00edcio, sob pena de perda do benef\u00edcio fiscal no ano seguinte.<\/p>\n<p>(Base legal: Art. 252, I e II da\u00a0<a href=\"https:\/\/jundiai.sp.gov.br\/financas\/wp-content\/uploads\/sites\/12\/2016\/01\/LC-460-08-at\u00e9-567-2015.pdf\" target=\"_blank\">Lei Complementar n\u00ba 460\/2008<\/a>)<\/p>\n","protected":false},"excerpt":{"rendered":"<p>Tributo a isentar: Taxa de Coleta de Lixo T\u00eam direito a esse benef\u00edcio os Templos de qualquer culto e as Institui\u00e7\u00f5es de Assist\u00eancia Social, cujos im\u00f3veis sejam tamb\u00e9m imunes ou isentos de IPTU. Como solicitar A solicita\u00e7\u00e3o desse benef\u00edcio deve ser feita no Poupatempo (veja o endere\u00e7o e o hor\u00e1rio de atendimento). Devem ser apresentados [&hellip;]<\/p>\n","protected":false},"author":5,"featured_media":0,"parent":0,"menu_order":4,"comment_status":"closed","ping_status":"closed","template":"","meta":{"footnotes":""},"class_list":["post-1858","page","type-page","status-publish","hentry"],"_links":{"self":[{"href":"https:\/\/jundiai.sp.gov.br\/financas\/wp-json\/wp\/v2\/pages\/1858","targetHints":{"allow":["GET"]}}],"collection":[{"href":"https:\/\/jundiai.sp.gov.br\/financas\/wp-json\/wp\/v2\/pages"}],"about":[{"href":"https:\/\/jundiai.sp.gov.br\/financas\/wp-json\/wp\/v2\/types\/page"}],"author":[{"embeddable":true,"href":"https:\/\/jundiai.sp.gov.br\/financas\/wp-json\/wp\/v2\/users\/5"}],"replies":[{"embeddable":true,"href":"https:\/\/jundiai.sp.gov.br\/financas\/wp-json\/wp\/v2\/comments?post=1858"}],"version-history":[{"count":15,"href":"https:\/\/jundiai.sp.gov.br\/financas\/wp-json\/wp\/v2\/pages\/1858\/revisions"}],"predecessor-version":[{"id":3354,"href":"https:\/\/jundiai.sp.gov.br\/financas\/wp-json\/wp\/v2\/pages\/1858\/revisions\/3354"}],"wp:attachment":[{"href":"https:\/\/jundiai.sp.gov.br\/financas\/wp-json\/wp\/v2\/media?parent=1858"}],"curies":[{"name":"wp","href":"https:\/\/api.w.org\/{rel}","templated":true}]}}