{"id":232,"date":"2014-09-12T14:51:41","date_gmt":"2014-09-12T17:51:41","guid":{"rendered":"https:\/\/jundiai.sp.gov.br\/financas\/?page_id=232"},"modified":"2014-09-30T09:30:00","modified_gmt":"2014-09-30T12:30:00","slug":"departamento-de-plano-e-execucao-orcamentaria","status":"publish","type":"page","link":"https:\/\/jundiai.sp.gov.br\/financas\/departamento-de-plano-e-execucao-orcamentaria\/","title":{"rendered":"Departamento de Planejamento e Execu\u00e7\u00e3o Or\u00e7ament\u00e1ria"},"content":{"rendered":"<p>Departamento de Planejamento e Execu\u00e7\u00e3o Or\u00e7ament\u00e1ria \u00e9 o \u00f3rg\u00e3o da Secretaria Municipal de Finan\u00e7as que tem por objetivo realizar atividades relacionadas com a elabora\u00e7\u00e3o do Plano Plurianual, das diretrizes or\u00e7ament\u00e1rias e do or\u00e7amento anual, bem como efetuar o acompanhamento da execu\u00e7\u00e3o desses instrumentos.<\/p>\n<h2><strong>Atribui\u00e7\u00f5es<\/strong><\/h2>\n<p>&#8211; Promover a elabora\u00e7\u00e3o do projeto de lei do or\u00e7amento anual; <br \/>&#8211; Promover em conjunto com outros \u00f3rg\u00e3os municipais a elabora\u00e7\u00e3o do Plano Plurianual e das Diretrizes Or\u00e7ament\u00e1rias;\u00a0<br \/>&#8211; Realizar estudos e pesquisas visando o aperfei\u00e7oamento das t\u00e9cnicas or\u00e7ament\u00e1rias da Administra\u00e7\u00e3o Municipal;\u00a0<br \/>&#8211; Acompanhar a evolu\u00e7\u00e3o da despesa, auxiliando aos demais \u00f3rg\u00e3os da Prefeitura na reformula\u00e7\u00e3o or\u00e7ament\u00e1ria de programas de trabalho, bem como analisar pedidos de abertura de cr\u00e9ditos adicionais especiais e suplementares;\u00a0<br \/>&#8211; Executar outras atribui\u00e7\u00f5es afins.\u00a0<\/p>\n","protected":false},"excerpt":{"rendered":"<p>Departamento de Planejamento e Execu\u00e7\u00e3o Or\u00e7ament\u00e1ria \u00e9 o \u00f3rg\u00e3o da Secretaria Municipal de Finan\u00e7as que tem por objetivo realizar atividades relacionadas com a elabora\u00e7\u00e3o do Plano Plurianual, das diretrizes or\u00e7ament\u00e1rias e do or\u00e7amento anual, bem como efetuar o acompanhamento da execu\u00e7\u00e3o desses instrumentos. Atribui\u00e7\u00f5es &#8211; Promover a elabora\u00e7\u00e3o do projeto de lei do or\u00e7amento anual; [&hellip;]<\/p>\n","protected":false},"author":5,"featured_media":0,"parent":0,"menu_order":0,"comment_status":"closed","ping_status":"closed","template":"page-subpaginas.php","meta":{"footnotes":""},"class_list":["post-232","page","type-page","status-publish","hentry"],"_links":{"self":[{"href":"https:\/\/jundiai.sp.gov.br\/financas\/wp-json\/wp\/v2\/pages\/232","targetHints":{"allow":["GET"]}}],"collection":[{"href":"https:\/\/jundiai.sp.gov.br\/financas\/wp-json\/wp\/v2\/pages"}],"about":[{"href":"https:\/\/jundiai.sp.gov.br\/financas\/wp-json\/wp\/v2\/types\/page"}],"author":[{"embeddable":true,"href":"https:\/\/jundiai.sp.gov.br\/financas\/wp-json\/wp\/v2\/users\/5"}],"replies":[{"embeddable":true,"href":"https:\/\/jundiai.sp.gov.br\/financas\/wp-json\/wp\/v2\/comments?post=232"}],"version-history":[{"count":7,"href":"https:\/\/jundiai.sp.gov.br\/financas\/wp-json\/wp\/v2\/pages\/232\/revisions"}],"predecessor-version":[{"id":1132,"href":"https:\/\/jundiai.sp.gov.br\/financas\/wp-json\/wp\/v2\/pages\/232\/revisions\/1132"}],"wp:attachment":[{"href":"https:\/\/jundiai.sp.gov.br\/financas\/wp-json\/wp\/v2\/media?parent=232"}],"curies":[{"name":"wp","href":"https:\/\/api.w.org\/{rel}","templated":true}]}}