{"id":270,"date":"2014-09-12T15:12:32","date_gmt":"2014-09-12T18:12:32","guid":{"rendered":"https:\/\/jundiai.sp.gov.br\/financas\/?page_id=270"},"modified":"2014-09-30T09:32:00","modified_gmt":"2014-09-30T12:32:00","slug":"divisao-de-licenciamento-de-atividades","status":"publish","type":"page","link":"https:\/\/jundiai.sp.gov.br\/financas\/diretoria-de-receita\/divisao-de-licenciamento-de-atividades\/","title":{"rendered":"Divis\u00e3o de Licenciamento de Atividades"},"content":{"rendered":"<ul>\n<li>Fazer executar as tarefas de inscri\u00e7\u00e3o cadastral de todos os estabelecimentos industriais, comerciais, institucionais e de servi\u00e7os cuja localiza\u00e7\u00e3o e funcionamento est\u00e3o sujeitos ao poder de pol\u00edcia municipal;<\/li>\n<li>Fazer executar as tarefas de inscri\u00e7\u00e3o dos contribuintes dos impostos municipais, examinando e decidindo nos processos pertinentes;<\/li>\n<li>Fazer executar as tarefas de altera\u00e7\u00e3o e cancelamento das inscri\u00e7\u00f5es de que tratam os incisos I e II;<\/li>\n<li>Determinar o lan\u00e7amento direto ou por of\u00edcio relativo aos tributos municipais, nos casos determinados em lei;<\/li>\n<li>Fazer expedir os alvar\u00e1s de licen\u00e7a para funcionamento de estabelecimentos;<\/li>\n<li>Examinar e informar os autos de reclama\u00e7\u00e3o contra lan\u00e7amento e autua\u00e7\u00f5es, encaminhando-os ao Diretor do Departamento competente para despacho;<\/li>\n<li>Assinar restitui\u00e7\u00f5es de pagamento de tributos indevidos, at\u00e9 R$ 120,00 (cento e vinte reais) e certid\u00f5es negativas de d\u00e9bitos fiscais n\u00e3o inscritos na D\u00edvida Ativa;<\/li>\n<li>Fazer executar a organiza\u00e7\u00e3o e atualiza\u00e7\u00e3o dos cadastros sob sua responsabilidade;<\/li>\n<li>Manter permanente articula\u00e7\u00e3o com os servi\u00e7os de processamento de dados;<\/li>\n<li>Coordenar a entrega de guias para recolhimento de tributos, a Empresa Brasileira de Correios e Tel\u00e9grafos;<\/li>\n<li>Coordenar a busca de informa\u00e7\u00f5es cadastrais de contribuintes e assinar as certid\u00f5es solicitadas para tal;<\/li>\n<li>Fazer executar as tarefas de altera\u00e7\u00e3o e cancelamento de contribuintes no CFM examinando processos pertinentes;<\/li>\n<li>Organizar as escalas de trabalho e distribuir o pessoal conforme as necessidades de servi\u00e7o;<\/li>\n<li>Executar outras atribui\u00e7\u00f5es afins.<\/li>\n<\/ul>\n","protected":false},"excerpt":{"rendered":"<p>Fazer executar as tarefas de inscri\u00e7\u00e3o cadastral de todos os estabelecimentos industriais, comerciais, institucionais e de servi\u00e7os cuja localiza\u00e7\u00e3o e funcionamento est\u00e3o sujeitos ao poder de pol\u00edcia municipal; Fazer executar as tarefas de inscri\u00e7\u00e3o dos contribuintes dos impostos municipais, examinando e decidindo nos processos pertinentes; Fazer executar as tarefas de altera\u00e7\u00e3o e cancelamento das inscri\u00e7\u00f5es [&hellip;]<\/p>\n","protected":false},"author":5,"featured_media":0,"parent":228,"menu_order":0,"comment_status":"closed","ping_status":"closed","template":"","meta":{"footnotes":""},"class_list":["post-270","page","type-page","status-publish","hentry"],"_links":{"self":[{"href":"https:\/\/jundiai.sp.gov.br\/financas\/wp-json\/wp\/v2\/pages\/270","targetHints":{"allow":["GET"]}}],"collection":[{"href":"https:\/\/jundiai.sp.gov.br\/financas\/wp-json\/wp\/v2\/pages"}],"about":[{"href":"https:\/\/jundiai.sp.gov.br\/financas\/wp-json\/wp\/v2\/types\/page"}],"author":[{"embeddable":true,"href":"https:\/\/jundiai.sp.gov.br\/financas\/wp-json\/wp\/v2\/users\/5"}],"replies":[{"embeddable":true,"href":"https:\/\/jundiai.sp.gov.br\/financas\/wp-json\/wp\/v2\/comments?post=270"}],"version-history":[{"count":3,"href":"https:\/\/jundiai.sp.gov.br\/financas\/wp-json\/wp\/v2\/pages\/270\/revisions"}],"predecessor-version":[{"id":1139,"href":"https:\/\/jundiai.sp.gov.br\/financas\/wp-json\/wp\/v2\/pages\/270\/revisions\/1139"}],"up":[{"embeddable":true,"href":"https:\/\/jundiai.sp.gov.br\/financas\/wp-json\/wp\/v2\/pages\/228"}],"wp:attachment":[{"href":"https:\/\/jundiai.sp.gov.br\/financas\/wp-json\/wp\/v2\/media?parent=270"}],"curies":[{"name":"wp","href":"https:\/\/api.w.org\/{rel}","templated":true}]}}