{"id":274,"date":"2014-09-12T15:13:38","date_gmt":"2014-09-12T18:13:38","guid":{"rendered":"https:\/\/jundiai.sp.gov.br\/financas\/?page_id=274"},"modified":"2014-09-30T09:31:15","modified_gmt":"2014-09-30T12:31:15","slug":"divisao-de-divida-ativa","status":"publish","type":"page","link":"https:\/\/jundiai.sp.gov.br\/financas\/diretoria-de-receita\/divisao-de-divida-ativa\/","title":{"rendered":"Divis\u00e3o de D\u00edvida Ativa"},"content":{"rendered":"<ul>\n<li>Promover a inscri\u00e7\u00e3o da D\u00edvida Ativa referente a tributos ou quaisquer receitas n\u00e3o liquidadas no per\u00edodo regulamentar;<\/li>\n<li>Promover a expedi\u00e7\u00e3o de certid\u00f5es de D\u00edvida Ativa e envi\u00e1-las \u00e0 Secretaria de Neg\u00f3cios Jur\u00eddicos para cobran\u00e7a executiva;<\/li>\n<li>Assinar as certid\u00f5es de D\u00edvida Ativa;<\/li>\n<li>Informar e fazer informar requerimentos sobre assuntos de sua compet\u00eancia;<\/li>\n<li>Manter o controle do montante das receitas n\u00e3o liquidadas (estoque);<\/li>\n<li>Organizar a escalas de trabalho e distribuir o pessoal, conforme as necessidades de servi\u00e7os;<\/li>\n<li>Executar outras atribui\u00e7\u00f5es afins.<\/li>\n<\/ul>\n","protected":false},"excerpt":{"rendered":"<p>Promover a inscri\u00e7\u00e3o da D\u00edvida Ativa referente a tributos ou quaisquer receitas n\u00e3o liquidadas no per\u00edodo regulamentar; Promover a expedi\u00e7\u00e3o de certid\u00f5es de D\u00edvida Ativa e envi\u00e1-las \u00e0 Secretaria de Neg\u00f3cios Jur\u00eddicos para cobran\u00e7a executiva; Assinar as certid\u00f5es de D\u00edvida Ativa; Informar e fazer informar requerimentos sobre assuntos de sua compet\u00eancia; Manter o controle do [&hellip;]<\/p>\n","protected":false},"author":5,"featured_media":0,"parent":228,"menu_order":0,"comment_status":"closed","ping_status":"closed","template":"","meta":{"footnotes":""},"class_list":["post-274","page","type-page","status-publish","hentry"],"_links":{"self":[{"href":"https:\/\/jundiai.sp.gov.br\/financas\/wp-json\/wp\/v2\/pages\/274","targetHints":{"allow":["GET"]}}],"collection":[{"href":"https:\/\/jundiai.sp.gov.br\/financas\/wp-json\/wp\/v2\/pages"}],"about":[{"href":"https:\/\/jundiai.sp.gov.br\/financas\/wp-json\/wp\/v2\/types\/page"}],"author":[{"embeddable":true,"href":"https:\/\/jundiai.sp.gov.br\/financas\/wp-json\/wp\/v2\/users\/5"}],"replies":[{"embeddable":true,"href":"https:\/\/jundiai.sp.gov.br\/financas\/wp-json\/wp\/v2\/comments?post=274"}],"version-history":[{"count":3,"href":"https:\/\/jundiai.sp.gov.br\/financas\/wp-json\/wp\/v2\/pages\/274\/revisions"}],"predecessor-version":[{"id":1136,"href":"https:\/\/jundiai.sp.gov.br\/financas\/wp-json\/wp\/v2\/pages\/274\/revisions\/1136"}],"up":[{"embeddable":true,"href":"https:\/\/jundiai.sp.gov.br\/financas\/wp-json\/wp\/v2\/pages\/228"}],"wp:attachment":[{"href":"https:\/\/jundiai.sp.gov.br\/financas\/wp-json\/wp\/v2\/media?parent=274"}],"curies":[{"name":"wp","href":"https:\/\/api.w.org\/{rel}","templated":true}]}}