{"id":318,"date":"2014-09-17T17:04:51","date_gmt":"2014-09-17T20:04:51","guid":{"rendered":"https:\/\/jundiai.sp.gov.br\/financas\/?page_id=318"},"modified":"2014-09-30T09:30:19","modified_gmt":"2014-09-30T12:30:19","slug":"divisao-de-elaboracao-orcamentaria","status":"publish","type":"page","link":"https:\/\/jundiai.sp.gov.br\/financas\/departamento-de-plano-e-execucao-orcamentaria\/divisao-de-elaboracao-orcamentaria\/","title":{"rendered":"Divis\u00e3o de Elabora\u00e7\u00e3o Or\u00e7ament\u00e1ria"},"content":{"rendered":"<ul>\n<li>Executar estudos e pesquisas visando o aperfei\u00e7oamento das t\u00e9cnicas or\u00e7ament\u00e1rias da Administra\u00e7\u00e3o municipal;<\/li>\n<li>Elaborar, em conjunto com os \u00f3rg\u00e3os municipais, a proposta de Plano Plurianual, bem como suas modifica\u00e7\u00f5es no decorrer de sua execu\u00e7\u00e3o;<\/li>\n<li>Elaborar em conjunto com \u00f3rg\u00e3os municipais a proposta de Lei de Diretrizes Or\u00e7ament\u00e1rias e do Or\u00e7amento Anual;<\/li>\n<li>Fornecer subs\u00eddios e informa\u00e7\u00f5es \u00fateis na elabora\u00e7\u00e3o dos or\u00e7amentos, atividades e novos programas propostos pelos \u00f3rg\u00e3os municipais;<\/li>\n<li>Elaborar projetos de lei versando sobre abertura de cr\u00e9ditos adicionais especiais e suplementares;<\/li>\n<li>Propor adequa\u00e7\u00f5es necess\u00e1rias para aprimoramento na execu\u00e7\u00e3o dos or\u00e7amentos da Administra\u00e7\u00e3o Direta e Indireta;<\/li>\n<li>Executar outras atribui\u00e7\u00f5es afins.<\/li>\n<\/ul>\n","protected":false},"excerpt":{"rendered":"<p>Executar estudos e pesquisas visando o aperfei\u00e7oamento das t\u00e9cnicas or\u00e7ament\u00e1rias da Administra\u00e7\u00e3o municipal; Elaborar, em conjunto com os \u00f3rg\u00e3os municipais, a proposta de Plano Plurianual, bem como suas modifica\u00e7\u00f5es no decorrer de sua execu\u00e7\u00e3o; Elaborar em conjunto com \u00f3rg\u00e3os municipais a proposta de Lei de Diretrizes Or\u00e7ament\u00e1rias e do Or\u00e7amento Anual; Fornecer subs\u00eddios e informa\u00e7\u00f5es [&hellip;]<\/p>\n","protected":false},"author":5,"featured_media":0,"parent":232,"menu_order":0,"comment_status":"closed","ping_status":"closed","template":"","meta":{"footnotes":""},"class_list":["post-318","page","type-page","status-publish","hentry"],"_links":{"self":[{"href":"https:\/\/jundiai.sp.gov.br\/financas\/wp-json\/wp\/v2\/pages\/318","targetHints":{"allow":["GET"]}}],"collection":[{"href":"https:\/\/jundiai.sp.gov.br\/financas\/wp-json\/wp\/v2\/pages"}],"about":[{"href":"https:\/\/jundiai.sp.gov.br\/financas\/wp-json\/wp\/v2\/types\/page"}],"author":[{"embeddable":true,"href":"https:\/\/jundiai.sp.gov.br\/financas\/wp-json\/wp\/v2\/users\/5"}],"replies":[{"embeddable":true,"href":"https:\/\/jundiai.sp.gov.br\/financas\/wp-json\/wp\/v2\/comments?post=318"}],"version-history":[{"count":4,"href":"https:\/\/jundiai.sp.gov.br\/financas\/wp-json\/wp\/v2\/pages\/318\/revisions"}],"predecessor-version":[{"id":1134,"href":"https:\/\/jundiai.sp.gov.br\/financas\/wp-json\/wp\/v2\/pages\/318\/revisions\/1134"}],"up":[{"embeddable":true,"href":"https:\/\/jundiai.sp.gov.br\/financas\/wp-json\/wp\/v2\/pages\/232"}],"wp:attachment":[{"href":"https:\/\/jundiai.sp.gov.br\/financas\/wp-json\/wp\/v2\/media?parent=318"}],"curies":[{"name":"wp","href":"https:\/\/api.w.org\/{rel}","templated":true}]}}