{"id":3924,"date":"2019-03-07T16:12:52","date_gmt":"2019-03-07T19:12:52","guid":{"rendered":"https:\/\/jundiai.sp.gov.br\/financas\/?page_id=3924"},"modified":"2023-05-03T16:58:00","modified_gmt":"2023-05-03T19:58:00","slug":"como-usar-o-meu-iptu-no-app-jundiai","status":"publish","type":"page","link":"https:\/\/jundiai.sp.gov.br\/financas\/como-usar-o-meu-iptu-no-app-jundiai\/","title":{"rendered":"Como usar o Meu IPTU no App Jundia\u00ed"},"content":{"rendered":"<p>Acessar as informa\u00e7\u00f5es sobre o seu IPTU pelo <a href=\"https:\/\/jundiai.sp.gov.br\/comunicacao\/aplicativo-prefeitura-de-jundiai\/\" target=\"_blank\" rel=\"noopener\">Aplicativo Prefeitura de Jundia\u00ed<\/a> \u00e9 muito f\u00e1cil! Para usar essa funcionalidade, voc\u00ea precisa vincular o seu cadastro no aplicativo aos outros sistemas da Prefeitura. Para isso, siga essas instru\u00e7\u00f5es:<\/p>\n<p><strong>1.<\/strong> Baixe o aplicativo da Prefeitura na <a href=\"https:\/\/play.google.com\/store\/apps\/details?id=br.gov.sp.cijun.appjun\" target=\"_blank\" rel=\"noopener\">Play Store<\/a> ou na <a href=\"https:\/\/itunes.apple.com\/br\/app\/prefeitura-de-jundiai\/id1211377720\" target=\"_blank\" rel=\"noopener\">Apple Store<\/a><\/p>\n<p><strong>2.<\/strong> Acesse o aplicativo Prefeitura de Jundia\u00ed e role a tela at\u00e9 o \u00edcone \u201cMeu IPTU\u201d<\/p>\n<p align=\"center\"><img loading=\"lazy\" decoding=\"async\" class=\"aligncenter wp-image-3925\" src=\"https:\/\/jundiai.sp.gov.br\/financas\/wp-content\/uploads\/sites\/12\/2019\/03\/meu-iptu-mobile-02.png\" alt=\"Tela do Aplicativo Prefeitura de Jundia\u00ed destacando o \u00edcone Meu IPTU\" width=\"350\" height=\"720\" srcset=\"https:\/\/jundiai.sp.gov.br\/financas\/wp-content\/uploads\/sites\/12\/2019\/03\/meu-iptu-mobile-02.png 720w, https:\/\/jundiai.sp.gov.br\/financas\/wp-content\/uploads\/sites\/12\/2019\/03\/meu-iptu-mobile-02-243x500.png 243w, https:\/\/jundiai.sp.gov.br\/financas\/wp-content\/uploads\/sites\/12\/2019\/03\/meu-iptu-mobile-02-467x960.png 467w\" sizes=\"auto, (max-width: 350px) 100vw, 350px\" \/><\/p>\n<p><strong>3.<\/strong>\u00a0A mensagem na tela avisa que ser\u00e1 necess\u00e1rio fazer o v\u00ednculo do seu perfil com os sistemas da prefeitura. Clique em\u00a0<em>Fechar<\/em><\/p>\n<p align=\"center\"><img loading=\"lazy\" decoding=\"async\" class=\"aligncenter wp-image-3929\" src=\"https:\/\/jundiai.sp.gov.br\/financas\/wp-content\/uploads\/sites\/12\/2019\/03\/meu-iptu-mobile-03.png\" alt=\"Tela do Aplicativo Prefeitura de Jundia\u00ed destacando o bot\u00e3o Fechar\" width=\"350\" height=\"720\" srcset=\"https:\/\/jundiai.sp.gov.br\/financas\/wp-content\/uploads\/sites\/12\/2019\/03\/meu-iptu-mobile-03.png 720w, https:\/\/jundiai.sp.gov.br\/financas\/wp-content\/uploads\/sites\/12\/2019\/03\/meu-iptu-mobile-03-243x500.png 243w, https:\/\/jundiai.sp.gov.br\/financas\/wp-content\/uploads\/sites\/12\/2019\/03\/meu-iptu-mobile-03-467x960.png 467w\" sizes=\"auto, (max-width: 350px) 100vw, 350px\" \/><\/p>\n<p><strong>4.<\/strong> Na tela seguinte, preencha seu CPF e e-mail e clique em <em>Vincular Meu Cadastro<\/em>.<\/p>\n<p>Se voc\u00ea j\u00e1 acessou o sistema da <a href=\"https:\/\/web.cijun.sp.gov.br\/pmj\/ac\/login.aspx\" target=\"_blank\" rel=\"noreferrer noopener\">Creche<\/a> ou o sistema de <a href=\"https:\/\/web.jundiai.sp.gov.br\/PMJ\/INCLUSAO\/Login\" target=\"_blank\" rel=\"noreferrer noopener\">Inclus\u00e3o de Pessoas com Defici\u00eancia<\/a>, utilize os mesmos dados do seu cadastro nesses sistemas.<\/p>\n<p align=\"center\"><img loading=\"lazy\" decoding=\"async\" class=\"aligncenter wp-image-3931\" src=\"https:\/\/jundiai.sp.gov.br\/financas\/wp-content\/uploads\/sites\/12\/2019\/03\/meu-iptu-mobile-04.png\" alt=\"Tela do Aplicativo Prefeitura de Jundia\u00ed destacando o bot\u00e3o Vincular meu cadastro\" width=\"350\" height=\"720\" srcset=\"https:\/\/jundiai.sp.gov.br\/financas\/wp-content\/uploads\/sites\/12\/2019\/03\/meu-iptu-mobile-04.png 720w, https:\/\/jundiai.sp.gov.br\/financas\/wp-content\/uploads\/sites\/12\/2019\/03\/meu-iptu-mobile-04-243x500.png 243w, https:\/\/jundiai.sp.gov.br\/financas\/wp-content\/uploads\/sites\/12\/2019\/03\/meu-iptu-mobile-04-467x960.png 467w\" sizes=\"auto, (max-width: 350px) 100vw, 350px\" \/><\/p>\n<p><strong>5.<\/strong> Se voc\u00ea j\u00e1 acessou o sistema da <a href=\"https:\/\/web.cijun.sp.gov.br\/pmj\/ac\/login.aspx\" target=\"_blank\" rel=\"noreferrer noopener\" aria-label=\"Creche (abre numa nova aba)\">Creche<\/a> ou o sistema de <a href=\"https:\/\/web.jundiai.sp.gov.br\/PMJ\/INCLUSAO\/Login\" target=\"_blank\" rel=\"noreferrer noopener\" aria-label=\"Inclus\u00e3o de Pessoas com Defici\u00eancia (abre numa nova aba)\">Inclus\u00e3o de Pessoas com Defici\u00eancia<\/a>, basta entrar com seu CPF e a senha cadastrada nesses sistemas. Clique em <em>Autenticar<\/em> e pule para o passo 9.<\/p>\n<p>Se voc\u00ea n\u00e3o tem cadastro em um desses sistemas, clique em <em>Quero me Cadastrar<\/em>.<\/p>\n<p align=\"center\"><img loading=\"lazy\" decoding=\"async\" class=\"aligncenter wp-image-3932\" src=\"https:\/\/jundiai.sp.gov.br\/financas\/wp-content\/uploads\/sites\/12\/2019\/03\/meu-iptu-mobile-05.png\" alt=\"Tela do Aplicativo Prefeitura de Jundia\u00ed destacando o link Quero me cadastrar\" width=\"350\" height=\"720\" srcset=\"https:\/\/jundiai.sp.gov.br\/financas\/wp-content\/uploads\/sites\/12\/2019\/03\/meu-iptu-mobile-05.png 720w, https:\/\/jundiai.sp.gov.br\/financas\/wp-content\/uploads\/sites\/12\/2019\/03\/meu-iptu-mobile-05-243x500.png 243w, https:\/\/jundiai.sp.gov.br\/financas\/wp-content\/uploads\/sites\/12\/2019\/03\/meu-iptu-mobile-05-467x960.png 467w\" sizes=\"auto, (max-width: 350px) 100vw, 350px\" \/><\/p>\n<p><strong>6.<\/strong> O aplicativo ir\u00e1 enviar um email com um link para voc\u00ea cadastrar sua senha. Acesse seu email e clique em <em>Criar minha senha<\/em>.<\/p>\n<p align=\"center\"><img loading=\"lazy\" decoding=\"async\" class=\"aligncenter wp-image-3933 size-full\" src=\"https:\/\/jundiai.sp.gov.br\/financas\/wp-content\/uploads\/sites\/12\/2019\/03\/meu-iptu-mobile-06.png\" alt=\"C\u00f3pia do e-mail recebido ao solicitar a senha no aplicativo, com o logotipo da prefeitura e o link Criar minha senha\" width=\"774\" height=\"525\" srcset=\"https:\/\/jundiai.sp.gov.br\/financas\/wp-content\/uploads\/sites\/12\/2019\/03\/meu-iptu-mobile-06.png 774w, https:\/\/jundiai.sp.gov.br\/financas\/wp-content\/uploads\/sites\/12\/2019\/03\/meu-iptu-mobile-06-300x203.png 300w, https:\/\/jundiai.sp.gov.br\/financas\/wp-content\/uploads\/sites\/12\/2019\/03\/meu-iptu-mobile-06-768x521.png 768w\" sizes=\"auto, (max-width: 774px) 100vw, 774px\" \/><\/p>\n<p><strong>7.<\/strong> Na p\u00e1gina aberta no seu navegador, informe seu CPF e a senha da sua prefer\u00eancia. Clique em <em>Alterar<\/em>.<\/p>\n<p align=\"center\"><img loading=\"lazy\" decoding=\"async\" class=\"aligncenter size-full wp-image-3934\" src=\"https:\/\/jundiai.sp.gov.br\/financas\/wp-content\/uploads\/sites\/12\/2019\/03\/meu-iptu-mobile-07.png\" alt=\"Tela no navegador mostrando os campos CPF, e-mail, senha e confirmar senha\" width=\"762\" height=\"737\" srcset=\"https:\/\/jundiai.sp.gov.br\/financas\/wp-content\/uploads\/sites\/12\/2019\/03\/meu-iptu-mobile-07.png 762w, https:\/\/jundiai.sp.gov.br\/financas\/wp-content\/uploads\/sites\/12\/2019\/03\/meu-iptu-mobile-07-300x290.png 300w\" sizes=\"auto, (max-width: 762px) 100vw, 762px\" \/><\/p>\n<p><strong>8.<\/strong> Volte ao aplicativo e informe a senha voc\u00ea que acabou de cadastrar. Clique em <em>Autenticar<\/em>.<\/p>\n<p align=\"center\"><img loading=\"lazy\" decoding=\"async\" class=\"aligncenter wp-image-3935\" src=\"https:\/\/jundiai.sp.gov.br\/financas\/wp-content\/uploads\/sites\/12\/2019\/03\/meu-iptu-mobile-08.png\" alt=\"Tela do Aplicativo Prefeitura de Jundia\u00ed destacando o bot\u00e3o Autenticar\" width=\"350\" height=\"720\" srcset=\"https:\/\/jundiai.sp.gov.br\/financas\/wp-content\/uploads\/sites\/12\/2019\/03\/meu-iptu-mobile-08.png 720w, https:\/\/jundiai.sp.gov.br\/financas\/wp-content\/uploads\/sites\/12\/2019\/03\/meu-iptu-mobile-08-243x500.png 243w, https:\/\/jundiai.sp.gov.br\/financas\/wp-content\/uploads\/sites\/12\/2019\/03\/meu-iptu-mobile-08-467x960.png 467w\" sizes=\"auto, (max-width: 350px) 100vw, 350px\" \/><\/p>\n<p><strong>9.<\/strong> Na tela seguinte, clique em <em>Continuar<\/em>.<\/p>\n<p align=\"center\"><img loading=\"lazy\" decoding=\"async\" class=\"aligncenter wp-image-3936\" src=\"https:\/\/jundiai.sp.gov.br\/financas\/wp-content\/uploads\/sites\/12\/2019\/03\/meu-iptu-mobile-09.png\" alt=\"Tela do Aplicativo Prefeitura de Jundia\u00ed destacando o bot\u00e3o Continuar\" width=\"350\" height=\"720\" srcset=\"https:\/\/jundiai.sp.gov.br\/financas\/wp-content\/uploads\/sites\/12\/2019\/03\/meu-iptu-mobile-09.png 720w, https:\/\/jundiai.sp.gov.br\/financas\/wp-content\/uploads\/sites\/12\/2019\/03\/meu-iptu-mobile-09-243x500.png 243w, https:\/\/jundiai.sp.gov.br\/financas\/wp-content\/uploads\/sites\/12\/2019\/03\/meu-iptu-mobile-09-467x960.png 467w\" sizes=\"auto, (max-width: 350px) 100vw, 350px\" \/><\/p>\n<p><strong>10.<\/strong> Clique em <em>Adicionar novo IPTU<\/em>.<\/p>\n<p align=\"center\"><img loading=\"lazy\" decoding=\"async\" class=\"aligncenter wp-image-3937\" src=\"https:\/\/jundiai.sp.gov.br\/financas\/wp-content\/uploads\/sites\/12\/2019\/03\/meu-iptu-mobile-10.png\" alt=\"Tela do Aplicativo Prefeitura de Jundia\u00ed destacando o item Adicionar novo IPTU\" width=\"350\" height=\"720\" srcset=\"https:\/\/jundiai.sp.gov.br\/financas\/wp-content\/uploads\/sites\/12\/2019\/03\/meu-iptu-mobile-10.png 720w, https:\/\/jundiai.sp.gov.br\/financas\/wp-content\/uploads\/sites\/12\/2019\/03\/meu-iptu-mobile-10-243x500.png 243w, https:\/\/jundiai.sp.gov.br\/financas\/wp-content\/uploads\/sites\/12\/2019\/03\/meu-iptu-mobile-10-467x960.png 467w\" sizes=\"auto, (max-width: 350px) 100vw, 350px\" \/><\/p>\n<p><strong>11.<\/strong> Informe o seu n\u00famero de contribuinte. Voc\u00ea encontra esse n\u00famero no seu carn\u00ea do IPTU. Aten\u00e7\u00e3o: voc\u00ea precisa ser o propriet\u00e1rio cadastrado na Prefeitura para adicionar o IPTU ao aplicativo!<\/p>\n<p>Clique em <em>Adicionar<\/em>.<\/p>\n<p align=\"center\"><img loading=\"lazy\" decoding=\"async\" class=\"aligncenter wp-image-3938\" src=\"https:\/\/jundiai.sp.gov.br\/financas\/wp-content\/uploads\/sites\/12\/2019\/03\/meu-iptu-mobile-11.png\" alt=\"Tela do Aplicativo Prefeitura de Jundia\u00ed destacando o bot\u00e3o Adicionar\" width=\"350\" height=\"720\" srcset=\"https:\/\/jundiai.sp.gov.br\/financas\/wp-content\/uploads\/sites\/12\/2019\/03\/meu-iptu-mobile-11.png 720w, https:\/\/jundiai.sp.gov.br\/financas\/wp-content\/uploads\/sites\/12\/2019\/03\/meu-iptu-mobile-11-243x500.png 243w, https:\/\/jundiai.sp.gov.br\/financas\/wp-content\/uploads\/sites\/12\/2019\/03\/meu-iptu-mobile-11-467x960.png 467w\" sizes=\"auto, (max-width: 350px) 100vw, 350px\" \/><\/p>\n<p><strong>12.<\/strong> Pronto! Pode j\u00e1 pode usar todos os servi\u00e7os dispon\u00edveis para o seu im\u00f3vel na palma da sua m\u00e3o!<\/p>\n<p align=\"center\"><img loading=\"lazy\" decoding=\"async\" class=\"aligncenter wp-image-3939\" src=\"https:\/\/jundiai.sp.gov.br\/financas\/wp-content\/uploads\/sites\/12\/2019\/03\/meu-iptu-mobile-12.png\" alt=\"Tela do Aplicativo Prefeitura de Jundia\u00ed com a lista de servi\u00e7os dispon\u00edveis para o im\u00f3vel cadastrado\" width=\"350\" height=\"720\" srcset=\"https:\/\/jundiai.sp.gov.br\/financas\/wp-content\/uploads\/sites\/12\/2019\/03\/meu-iptu-mobile-12.png 720w, https:\/\/jundiai.sp.gov.br\/financas\/wp-content\/uploads\/sites\/12\/2019\/03\/meu-iptu-mobile-12-243x500.png 243w, https:\/\/jundiai.sp.gov.br\/financas\/wp-content\/uploads\/sites\/12\/2019\/03\/meu-iptu-mobile-12-467x960.png 467w\" sizes=\"auto, (max-width: 350px) 100vw, 350px\" \/><\/p>\n","protected":false},"excerpt":{"rendered":"<p>Acessar as informa\u00e7\u00f5es sobre o seu IPTU pelo Aplicativo Prefeitura de Jundia\u00ed \u00e9 muito f\u00e1cil! Para usar essa funcionalidade, voc\u00ea precisa vincular o seu cadastro no aplicativo aos outros sistemas da Prefeitura. Para isso, siga essas instru\u00e7\u00f5es: 1. Baixe o aplicativo da Prefeitura na Play Store ou na Apple Store 2. Acesse o aplicativo Prefeitura [&hellip;]<\/p>\n","protected":false},"author":8,"featured_media":0,"parent":0,"menu_order":0,"comment_status":"closed","ping_status":"closed","template":"","meta":{"footnotes":""},"class_list":["post-3924","page","type-page","status-publish","hentry"],"_links":{"self":[{"href":"https:\/\/jundiai.sp.gov.br\/financas\/wp-json\/wp\/v2\/pages\/3924","targetHints":{"allow":["GET"]}}],"collection":[{"href":"https:\/\/jundiai.sp.gov.br\/financas\/wp-json\/wp\/v2\/pages"}],"about":[{"href":"https:\/\/jundiai.sp.gov.br\/financas\/wp-json\/wp\/v2\/types\/page"}],"author":[{"embeddable":true,"href":"https:\/\/jundiai.sp.gov.br\/financas\/wp-json\/wp\/v2\/users\/8"}],"replies":[{"embeddable":true,"href":"https:\/\/jundiai.sp.gov.br\/financas\/wp-json\/wp\/v2\/comments?post=3924"}],"version-history":[{"count":19,"href":"https:\/\/jundiai.sp.gov.br\/financas\/wp-json\/wp\/v2\/pages\/3924\/revisions"}],"predecessor-version":[{"id":5911,"href":"https:\/\/jundiai.sp.gov.br\/financas\/wp-json\/wp\/v2\/pages\/3924\/revisions\/5911"}],"wp:attachment":[{"href":"https:\/\/jundiai.sp.gov.br\/financas\/wp-json\/wp\/v2\/media?parent=3924"}],"curies":[{"name":"wp","href":"https:\/\/api.w.org\/{rel}","templated":true}]}}