{"id":4014,"date":"2019-05-27T16:46:34","date_gmt":"2019-05-27T19:46:34","guid":{"rendered":"https:\/\/jundiai.sp.gov.br\/financas\/?page_id=4014"},"modified":"2024-05-02T10:29:36","modified_gmt":"2024-05-02T13:29:36","slug":"carta-de-alienacao","status":"publish","type":"page","link":"https:\/\/jundiai.sp.gov.br\/financas\/itbi\/documentos-necessarios\/carta-de-alienacao\/","title":{"rendered":"Carta de Aliena\u00e7\u00e3o"},"content":{"rendered":"\n<p><strong>Rela\u00e7\u00e3o de Documentos para emiss\u00e3o de guia de ITBI<br>\n<\/strong><strong>Aliena\u00e7\u00e3o Judicial por iniciativa particular &#8211; venda direta<\/strong><\/p>\n\n\n\n<ul class=\"wp-block-list\">\n<li><strong>Documenta\u00e7\u00e3o Obrigat\u00f3ria<\/strong><\/li>\n<\/ul>\n\n\n\n<p><strong>Se pessoa f\u00edsica:<\/strong><br> \u2022 <span style=\"font-weight: 400;\"><a href=\"https:\/\/jundiai.sp.gov.br\/financas\/wp-content\/uploads\/sites\/12\/2017\/03\/Requerimento-ITBI-2017.pdf\">Requerimento de ITBI<\/a><\/span> preenchido e assinado;<br> \u2022 C\u00f3pia do documento de identidade (RG), Carteira Nacional de Habilita\u00e7\u00e3o (CNH) com foto ou carteira de \u00f3rg\u00e3o ou conselho de classe com foto;<br> \u2022 Comprovante de inscri\u00e7\u00e3o no cadastro de Pessoas F\u00edsicas (CPF);<br> \u2022 C\u00f3pia da Certid\u00e3o de Nascimento, casamento ou \u00f3bito, conforme o caso, dos interessados;<br> \u2022 C\u00f3pia do Comprovante de Resid\u00eancia com CEP (\u00e1gua, luz, g\u00e1s ou telefone) atualizado at\u00e9 3 meses;<br> \u2022 C\u00f3pia da Matr\u00edcula* do Registro de Im\u00f3veis atualizada at\u00e9 30 dias;<br> \u2022 N\u00famero de inscri\u00e7\u00e3o do im\u00f3vel no cadastro imobili\u00e1rio municipal IPTU, se im\u00f3vel urbano;<br> \u2022 C\u00f3pia do Certificado de Cadastro de Im\u00f3vel Rural (CCIR) e comprovante do ITR do exerc\u00edcio da solicita\u00e7\u00e3o do ITBI ou do \u00faltimo exerc\u00edcio, se im\u00f3vel rural;<br> \u2022 Procura\u00e7\u00e3o (via original) e c\u00f3pia do CPF\/RG do procurador, quando for o caso. A assinatura do outorgante deve conferir com a assinatura de qualquer documento oficial (RG, CNH com foto, passaporte, carteira de \u00f3rg\u00e3o ou do Conselho de Classe ou Carteira de Trabalho. (art. 3\u00ba inc. I LF 13.726\/2018). Caso a assinatura do outorgante n\u00e3o confira com o documento apresentado, a procura\u00e7\u00e3o deve ser com firma reconhecida;<br> \u2022 C\u00f3pia do Edital da Aliena\u00e7\u00e3o Judicial;<br> \u2022 C\u00f3pia do Edital de Notifica\u00e7\u00e3o;<br> \u2022 C\u00f3pia da Carta de Aliena\u00e7\u00e3o.<\/p>\n\n\n\n<p><strong>Se pessoa jur\u00eddica:<\/strong><br> \u2022 <span style=\"font-weight: 400;\"><a href=\"https:\/\/jundiai.sp.gov.br\/financas\/wp-content\/uploads\/sites\/12\/2017\/03\/Requerimento-ITBI-2017.pdf\">Requerimento de ITBI<\/a><\/span> preenchido e assinado;<br> \u2022 C\u00f3pia do Contrato Social e sua \u00faltima altera\u00e7\u00e3o;<br> \u2022 C\u00f3pia do Comprovante de Inscri\u00e7\u00e3o no (CNPJ) Cadastro Nacional de Pessoa Jur\u00eddica;<br> \u2022 C\u00f3pia da Matr\u00edcula* do Registro de Im\u00f3veis atualizada at\u00e9 30 dias;<br> \u2022 N\u00famero de inscri\u00e7\u00e3o do im\u00f3vel no cadastro imobili\u00e1rio municipal IPTU, se im\u00f3vel urbano;<br> \u2022 C\u00f3pia do Certificado de Cadastro de Im\u00f3vel Rural (CCIR) e comprovante do ITR do exerc\u00edcio da solicita\u00e7\u00e3o do ITBI ou do \u00faltimo exerc\u00edcio, se im\u00f3vel rural;<br> \u2022 Procura\u00e7\u00e3o (via original) e c\u00f3pia do CPF\/RG do procurador, quando for o caso. A assinatura do outorgante deve conferir com a assinatura de qualquer documento oficial (RG, CNH com foto, passaporte, carteira de \u00f3rg\u00e3o ou do Conselho de Classe ou Carteira de Trabalho. (art. 3\u00ba inc. I LF 13.726\/2018). Caso a assinatura do outorgante n\u00e3o confira com o documento apresentado, a procura\u00e7\u00e3o deve ser com firma reconhecida;<br> \u2022 C\u00f3pia do Edital da Aliena\u00e7\u00e3o Judicial;<br> \u2022 C\u00f3pia do Edital de Notifica\u00e7\u00e3o;<br> \u2022 C\u00f3pia da Carta de Aliena\u00e7\u00e3o.<\/p>\n\n\n\n<p>Outros documentos poder\u00e3o ser solicitados para a an\u00e1lise do processo.<\/p>\n\n\n\n<p>*A Matr\u00edcula pode ser obtida no cart\u00f3rio onde o im\u00f3vel est\u00e1 registrado ou no site: www.registradores.org.br<\/p>\n","protected":false},"excerpt":{"rendered":"<p>Rela\u00e7\u00e3o de Documentos para emiss\u00e3o de guia de ITBI Aliena\u00e7\u00e3o Judicial por iniciativa particular &#8211; venda direta Se pessoa f\u00edsica: \u2022 Requerimento de ITBI preenchido e assinado; \u2022 C\u00f3pia do documento de identidade (RG), Carteira Nacional de Habilita\u00e7\u00e3o (CNH) com foto ou carteira de \u00f3rg\u00e3o ou conselho de classe com foto; \u2022 Comprovante de inscri\u00e7\u00e3o [&hellip;]<\/p>\n","protected":false},"author":37,"featured_media":0,"parent":557,"menu_order":3,"comment_status":"closed","ping_status":"closed","template":"","meta":{"footnotes":""},"class_list":["post-4014","page","type-page","status-publish","hentry"],"_links":{"self":[{"href":"https:\/\/jundiai.sp.gov.br\/financas\/wp-json\/wp\/v2\/pages\/4014","targetHints":{"allow":["GET"]}}],"collection":[{"href":"https:\/\/jundiai.sp.gov.br\/financas\/wp-json\/wp\/v2\/pages"}],"about":[{"href":"https:\/\/jundiai.sp.gov.br\/financas\/wp-json\/wp\/v2\/types\/page"}],"author":[{"embeddable":true,"href":"https:\/\/jundiai.sp.gov.br\/financas\/wp-json\/wp\/v2\/users\/37"}],"replies":[{"embeddable":true,"href":"https:\/\/jundiai.sp.gov.br\/financas\/wp-json\/wp\/v2\/comments?post=4014"}],"version-history":[{"count":5,"href":"https:\/\/jundiai.sp.gov.br\/financas\/wp-json\/wp\/v2\/pages\/4014\/revisions"}],"predecessor-version":[{"id":6626,"href":"https:\/\/jundiai.sp.gov.br\/financas\/wp-json\/wp\/v2\/pages\/4014\/revisions\/6626"}],"up":[{"embeddable":true,"href":"https:\/\/jundiai.sp.gov.br\/financas\/wp-json\/wp\/v2\/pages\/557"}],"wp:attachment":[{"href":"https:\/\/jundiai.sp.gov.br\/financas\/wp-json\/wp\/v2\/media?parent=4014"}],"curies":[{"name":"wp","href":"https:\/\/api.w.org\/{rel}","templated":true}]}}