{"id":4926,"date":"2021-02-12T16:02:06","date_gmt":"2021-02-12T19:02:06","guid":{"rendered":"https:\/\/jundiai.sp.gov.br\/financas\/?page_id=4926"},"modified":"2021-02-12T16:02:21","modified_gmt":"2021-02-12T19:02:21","slug":"2-13-acessei-o-sistema-da-nfs-e-mas-a-opcao-para-emissao-de-nfs-e-nao-esta-disponivel-como-devo-proceder","status":"publish","type":"page","link":"https:\/\/jundiai.sp.gov.br\/financas\/issqn\/perguntas-frequentes\/da-emissao-do-cancelamento-e-da-retificacao-de-nfs-e\/2-13-acessei-o-sistema-da-nfs-e-mas-a-opcao-para-emissao-de-nfs-e-nao-esta-disponivel-como-devo-proceder\/","title":{"rendered":"2.13. Acessei o sistema da NFS-e, mas a op\u00e7\u00e3o para emiss\u00e3o de NFS-e n\u00e3o est\u00e1 dispon\u00edvel? Como devo proceder?"},"content":{"rendered":"\n<p>A emiss\u00e3o de NFS-e n\u00e3o estar\u00e1 dispon\u00edvel ao usu\u00e1rio que ainda n\u00e3o realizou o Cadastro Fiscal Mobili\u00e1rio &#8211; CFM para dar in\u00edcio a emiss\u00e3o de NFS-e.<\/p>\n\n\n\n<p>Favor entrar em contato com o Balc\u00e3o do Empreendedor para solicitar sua inscri\u00e7\u00e3o.<\/p>\n","protected":false},"excerpt":{"rendered":"<p>A emiss\u00e3o de NFS-e n\u00e3o estar\u00e1 dispon\u00edvel ao usu\u00e1rio que ainda n\u00e3o realizou o Cadastro Fiscal Mobili\u00e1rio &#8211; CFM para dar in\u00edcio a emiss\u00e3o de NFS-e. Favor entrar em contato com o Balc\u00e3o do Empreendedor para solicitar sua inscri\u00e7\u00e3o.<\/p>\n","protected":false},"author":8,"featured_media":0,"parent":4798,"menu_order":13,"comment_status":"closed","ping_status":"closed","template":"","meta":{"footnotes":""},"class_list":["post-4926","page","type-page","status-publish","hentry"],"_links":{"self":[{"href":"https:\/\/jundiai.sp.gov.br\/financas\/wp-json\/wp\/v2\/pages\/4926","targetHints":{"allow":["GET"]}}],"collection":[{"href":"https:\/\/jundiai.sp.gov.br\/financas\/wp-json\/wp\/v2\/pages"}],"about":[{"href":"https:\/\/jundiai.sp.gov.br\/financas\/wp-json\/wp\/v2\/types\/page"}],"author":[{"embeddable":true,"href":"https:\/\/jundiai.sp.gov.br\/financas\/wp-json\/wp\/v2\/users\/8"}],"replies":[{"embeddable":true,"href":"https:\/\/jundiai.sp.gov.br\/financas\/wp-json\/wp\/v2\/comments?post=4926"}],"version-history":[{"count":2,"href":"https:\/\/jundiai.sp.gov.br\/financas\/wp-json\/wp\/v2\/pages\/4926\/revisions"}],"predecessor-version":[{"id":4929,"href":"https:\/\/jundiai.sp.gov.br\/financas\/wp-json\/wp\/v2\/pages\/4926\/revisions\/4929"}],"up":[{"embeddable":true,"href":"https:\/\/jundiai.sp.gov.br\/financas\/wp-json\/wp\/v2\/pages\/4798"}],"wp:attachment":[{"href":"https:\/\/jundiai.sp.gov.br\/financas\/wp-json\/wp\/v2\/media?parent=4926"}],"curies":[{"name":"wp","href":"https:\/\/api.w.org\/{rel}","templated":true}]}}