{"id":537,"date":"2014-09-19T12:07:41","date_gmt":"2014-09-19T15:07:41","guid":{"rendered":"https:\/\/jundiai.sp.gov.br\/financas\/?page_id=537"},"modified":"2024-08-30T13:22:50","modified_gmt":"2024-08-30T16:22:50","slug":"onde-pagar","status":"publish","type":"page","link":"https:\/\/jundiai.sp.gov.br\/financas\/itbi\/onde-pagar\/","title":{"rendered":"Onde Pagar"},"content":{"rendered":"\n<figure class=\"wp-block-table is-style-stripes\"><table><tbody><tr><td class=\"has-text-align-center\" data-align=\"center\"><strong>INSTITUI\u00c7\u00d5ES FINANCEIRAS<\/strong><\/td><td class=\"has-text-align-center\" data-align=\"center\"><strong>GUICH\u00ca DE CAIXA<\/strong><\/td><td class=\"has-text-align-center\" data-align=\"center\"><strong>INTERNET BANKING<\/strong><\/td><td class=\"has-text-align-center\" data-align=\"center\"><strong>CAIXA ELETR\u00d4NICO<\/strong><\/td><\/tr><tr><td class=\"has-text-align-center\" data-align=\"center\">Caixa Econ\u00f4mica Federal<\/td><td class=\"has-text-align-center\" data-align=\"center\">Somente em dinheiro em esp\u00e9cie<\/td><td class=\"has-text-align-center\" data-align=\"center\">SIM<\/td><td class=\"has-text-align-center\" data-align=\"center\">SIM<\/td><\/tr><tr><td class=\"has-text-align-center\" data-align=\"center\">Banco Cooperativo SICOOB\u00a0<\/td><td class=\"has-text-align-center\" data-align=\"center\">Somente em dinheiro em esp\u00e9cie<\/td><td class=\"has-text-align-center\" data-align=\"center\">SIM<\/td><td class=\"has-text-align-center\" data-align=\"center\">SIM<\/td><\/tr><tr><td class=\"has-text-align-center\" data-align=\"center\">Banco do Brasil<\/td><td class=\"has-text-align-center\" data-align=\"center\">&nbsp;<\/td><td class=\"has-text-align-center\" data-align=\"center\">SIM<\/td><td class=\"has-text-align-center\" data-align=\"center\">SIM<\/td><\/tr><tr><td class=\"has-text-align-center\" data-align=\"center\">Banco Bradesco<\/td><td class=\"has-text-align-center\" data-align=\"center\">&nbsp;<\/td><td class=\"has-text-align-center\" data-align=\"center\">SIM<\/td><td class=\"has-text-align-center\" data-align=\"center\">SIM<\/td><\/tr><tr><td class=\"has-text-align-center\" data-align=\"center\">Sicredi Fronteiras PR\/SC\/SP<\/td><td class=\"has-text-align-center\" data-align=\"center\">&nbsp;<\/td><td class=\"has-text-align-center\" data-align=\"center\">SIM<\/td><td class=\"has-text-align-center\" data-align=\"center\">SIM<\/td><\/tr><tr><td class=\"has-text-align-center\" data-align=\"center\">Banco Santander<\/td><td class=\"has-text-align-center\" data-align=\"center\">&nbsp;<\/td><td class=\"has-text-align-center\" data-align=\"center\">SIM<\/td><td class=\"has-text-align-center\" data-align=\"center\">SIM<\/td><\/tr><tr><td class=\"has-text-align-center\" data-align=\"center\">Banco Mercantil do Brasil<\/td><td class=\"has-text-align-center\" data-align=\"center\"><br><\/td><td class=\"has-text-align-center\" data-align=\"center\">SIM<\/td><td class=\"has-text-align-center\" data-align=\"center\">SIM<\/td><\/tr><tr><td class=\"has-text-align-center\" data-align=\"center\">Ita\u00fa Unibanco<\/td><td class=\"has-text-align-center\" data-align=\"center\">&nbsp;<\/td><td class=\"has-text-align-center\" data-align=\"center\">SIM<\/td><td class=\"has-text-align-center\" data-align=\"center\">SIM<\/td><\/tr><\/tbody><\/table><\/figure>\n","protected":false},"excerpt":{"rendered":"<p>INSTITUI\u00c7\u00d5ES FINANCEIRAS GUICH\u00ca DE CAIXA INTERNET BANKING CAIXA ELETR\u00d4NICO Caixa Econ\u00f4mica Federal Somente em dinheiro em esp\u00e9cie SIM SIM Banco Cooperativo SICOOB\u00a0 Somente em dinheiro em esp\u00e9cie SIM SIM Banco do Brasil &nbsp; SIM SIM Banco Bradesco &nbsp; SIM SIM Sicredi Fronteiras PR\/SC\/SP &nbsp; SIM SIM Banco Santander &nbsp; SIM SIM Banco Mercantil do Brasil [&hellip;]<\/p>\n","protected":false},"author":5,"featured_media":0,"parent":43,"menu_order":6,"comment_status":"closed","ping_status":"closed","template":"","meta":{"footnotes":""},"class_list":["post-537","page","type-page","status-publish","hentry"],"_links":{"self":[{"href":"https:\/\/jundiai.sp.gov.br\/financas\/wp-json\/wp\/v2\/pages\/537","targetHints":{"allow":["GET"]}}],"collection":[{"href":"https:\/\/jundiai.sp.gov.br\/financas\/wp-json\/wp\/v2\/pages"}],"about":[{"href":"https:\/\/jundiai.sp.gov.br\/financas\/wp-json\/wp\/v2\/types\/page"}],"author":[{"embeddable":true,"href":"https:\/\/jundiai.sp.gov.br\/financas\/wp-json\/wp\/v2\/users\/5"}],"replies":[{"embeddable":true,"href":"https:\/\/jundiai.sp.gov.br\/financas\/wp-json\/wp\/v2\/comments?post=537"}],"version-history":[{"count":33,"href":"https:\/\/jundiai.sp.gov.br\/financas\/wp-json\/wp\/v2\/pages\/537\/revisions"}],"predecessor-version":[{"id":7051,"href":"https:\/\/jundiai.sp.gov.br\/financas\/wp-json\/wp\/v2\/pages\/537\/revisions\/7051"}],"up":[{"embeddable":true,"href":"https:\/\/jundiai.sp.gov.br\/financas\/wp-json\/wp\/v2\/pages\/43"}],"wp:attachment":[{"href":"https:\/\/jundiai.sp.gov.br\/financas\/wp-json\/wp\/v2\/media?parent=537"}],"curies":[{"name":"wp","href":"https:\/\/api.w.org\/{rel}","templated":true}]}}