{"id":557,"date":"2014-09-19T12:13:01","date_gmt":"2014-09-19T15:13:01","guid":{"rendered":"https:\/\/jundiai.sp.gov.br\/financas\/?page_id=557"},"modified":"2025-10-06T09:49:09","modified_gmt":"2025-10-06T12:49:09","slug":"documentos-necessarios","status":"publish","type":"page","link":"https:\/\/jundiai.sp.gov.br\/financas\/itbi\/documentos-necessarios\/","title":{"rendered":"Documentos Necess\u00e1rios"},"content":{"rendered":"\n<p>A Matr\u00edcula pode ser obtida no cart\u00f3rio onde o im\u00f3vel est\u00e1 registrado ou no site:&nbsp;<a href=\"https:\/\/www.registradores.org.br\/\">www.registradores.org.br<\/a>.<\/p>\n\n\n\n<p>Al\u00e9m dos documentos elencados, outros poder\u00e3o ser solicitados para a an\u00e1lise do processo.&nbsp;<\/p>\n\n\n\n<h6 class=\"wp-block-heading\">Clique no tipo de transa\u00e7\u00e3o abaixo para ver a rela\u00e7\u00e3o de documentos para solicitar a guia de ITBI <\/h6>\n\n\n\n<ul class=\"wp-block-list\">\n<li><a href=\"https:\/\/jundiai.sp.gov.br\/financas\/itbi\/documentos-necessarios\/adjudicacao-2\/\" target=\"_blank\" rel=\"noreferrer noopener\">Adjudica\u00e7\u00e3o<\/a><\/li>\n\n\n\n<li><a href=\"https:\/\/jundiai.sp.gov.br\/financas\/itbi\/documentos-necessarios\/arrematacao-2\/\" target=\"_blank\" rel=\"noreferrer noopener\">Arremata\u00e7\u00e3o<\/a><\/li>\n\n\n\n<li><a href=\"https:\/\/jundiai.sp.gov.br\/financas\/itbi\/documentos-necessarios\/carta-de-alienacao\/\" target=\"_blank\" rel=\"noreferrer noopener\">Carta de Aliena\u00e7\u00e3o<\/a><\/li>\n\n\n\n<li><a href=\"https:\/\/jundiai.sp.gov.br\/financas\/itbi\/documentos-necessarios\/carta-de-sentenca-2\/\" target=\"_blank\" rel=\"noreferrer noopener\">Carta de Senten\u00e7a\/Partilha<\/a><\/li>\n\n\n\n<li><a href=\"https:\/\/jundiai.sp.gov.br\/financas\/itbi\/documentos-necessarios\/certidao-de-quitacao-2\/\" target=\"_blank\" rel=\"noreferrer noopener\">Certid\u00e3o de Quita\u00e7\u00e3o<\/a><\/li>\n\n\n\n<li><a href=\"https:\/\/jundiai.sp.gov.br\/financas\/itbi\/documentos-necessarios\/cessao-de-direitos-2\/\">Cess\u00e3o de Dire<\/a><a href=\"https:\/\/jundiai.sp.gov.br\/financas\/itbi\/documentos-necessarios\/cessao-de-direitos-2\/\" target=\"_blank\" rel=\"noreferrer noopener\">i<\/a><a href=\"https:\/\/jundiai.sp.gov.br\/financas\/itbi\/documentos-necessarios\/cessao-de-direitos-2\/\">tos<\/a><\/li>\n\n\n\n<li><a href=\"https:\/\/jundiai.sp.gov.br\/financas\/itbi\/documentos-necessarios\/cessao-de-direitos-de-contratos-bancarios\/\" target=\"_blank\" rel=\"noreferrer noopener\">Cess\u00e3o de Direitos de Contratos de Financiamento<\/a><\/li>\n\n\n\n<li><a href=\"https:\/\/jundiai.sp.gov.br\/financas\/itbi\/documentos-necessarios\/compra-e-venda-regularizacao-fundiaria\/\" target=\"_blank\" rel=\"noreferrer noopener\">Compra e Venda \u2013 Regulariza\u00e7\u00e3o Fundi\u00e1ria<\/a><\/li>\n\n\n\n<li><a href=\"https:\/\/jundiai.sp.gov.br\/financas\/itbi\/documentos-necessarios\/compra-e-venda-terreno-quitado\/\" target=\"_blank\" rel=\"noreferrer noopener\">Compra e Venda \u2013 Terreno Quitado<\/a><\/li>\n\n\n\n<li><a href=\"https:\/\/jundiai.sp.gov.br\/financas\/itbi\/documentos-necessarios\/consolidacao-da-propriedade-fiduciaria\/\" target=\"_blank\" rel=\"noreferrer noopener\">Consolida\u00e7\u00e3o da Propriedade Fiduci\u00e1ria<\/a><\/li>\n\n\n\n<li><a href=\"https:\/\/jundiai.sp.gov.br\/financas\/itbi\/documentos-necessarios\/contrato-de-financiamento-2\/\" target=\"_blank\" rel=\"noreferrer noopener\">Contrato de Financiamento<\/a><\/li>\n\n\n\n<li><a href=\"https:\/\/jundiai.sp.gov.br\/financas\/itbi\/documentos-necessarios\/incorporacao-fusao-cisao-extincao-ou-desincorporacao\/\" target=\"_blank\" rel=\"noreferrer noopener\">Incorpora\u00e7\u00e3o, Fus\u00e3o, Cis\u00e3o, Extin\u00e7\u00e3o ou Desincorpora\u00e7\u00e3o<\/a><\/li>\n<\/ul>\n\n\n\n<div style=\"height:27px\" aria-hidden=\"true\" class=\"wp-block-spacer\"><\/div>\n\n\n\n<figure class=\"wp-block-table\"><table class=\"has-background\" style=\"background-color:#f4f4f4\"><tbody><tr><td><strong>AVISO:<\/strong><strong><br>Forma de envio da documenta\u00e7\u00e3o<\/strong><br>A documenta\u00e7\u00e3o deve ser enviada obrigatoriamente para o e-mail <a href=\"mailto:itbi@jundiai.sp.gov.br\">itbi@jundiai.sp.gov.br<\/a>, da<br>seguinte forma:<br>1. Cada documento deve ser apresentado em um \u00fanico arquivo PDF, contendo p\u00e1ginas<br>leg\u00edveis e ordenadas numericamente.<br>2. Os arquivos devem ser nomeados conforme o documento correspondente.<br>3. Todos os documentos devem ser enviados em um \u00fanico e-mail.<br>4. O tamanho total do e-mail, incluindo o texto do e-mail, n\u00e3o deve exceder 25 MB, pois o<br>servidor de e-mail rejeitar\u00e1 o envio.<br>5. Se necess\u00e1rio, dividir arquivos grandes em partes, indicando claramente no t\u00edtulo do e-mail<br>a sequ\u00eancia (por exemplo, Parte 1, Parte 2, etc., at\u00e9 a \u00faltima parte).<br><br><strong>Observa\u00e7\u00e3o<\/strong>:<br>Cada solicita\u00e7\u00e3o \u00e9 \u00fanica e pode exigir documentos espec\u00edficos. Ap\u00f3s uma an\u00e1lise t\u00e9cnica<br>detalhada, informaremos ao solicitante se s\u00e3o necess\u00e1rios mais documentos para concluir a<br>an\u00e1lise ou se as guias podem ser emitidas.<br>As solicita\u00e7\u00f5es ser\u00e3o tratadas por ordem de recebimento do \u00faltimo e-mail enviado, desde que<br>toda a documenta\u00e7\u00e3o esteja correta. Aguarde o retorno da Divis\u00e3o de ITBI para que o e-mail<br>n\u00e3o saia da ordem da fila de entrada de e-mails.<\/td><\/tr><\/tbody><\/table><\/figure>\n\n\n\n<div style=\"height:27px\" aria-hidden=\"true\" class=\"wp-block-spacer\"><\/div>\n","protected":false},"excerpt":{"rendered":"<p>A Matr\u00edcula pode ser obtida no cart\u00f3rio onde o im\u00f3vel est\u00e1 registrado ou no site:&nbsp;www.registradores.org.br. Al\u00e9m dos documentos elencados, outros poder\u00e3o ser solicitados para a an\u00e1lise do processo.&nbsp; Clique no tipo de transa\u00e7\u00e3o abaixo para ver a rela\u00e7\u00e3o de documentos para solicitar a guia de ITBI AVISO:Forma de envio da documenta\u00e7\u00e3oA documenta\u00e7\u00e3o deve ser enviada [&hellip;]<\/p>\n","protected":false},"author":5,"featured_media":0,"parent":43,"menu_order":0,"comment_status":"closed","ping_status":"closed","template":"","meta":{"footnotes":""},"class_list":["post-557","page","type-page","status-publish","hentry"],"_links":{"self":[{"href":"https:\/\/jundiai.sp.gov.br\/financas\/wp-json\/wp\/v2\/pages\/557","targetHints":{"allow":["GET"]}}],"collection":[{"href":"https:\/\/jundiai.sp.gov.br\/financas\/wp-json\/wp\/v2\/pages"}],"about":[{"href":"https:\/\/jundiai.sp.gov.br\/financas\/wp-json\/wp\/v2\/types\/page"}],"author":[{"embeddable":true,"href":"https:\/\/jundiai.sp.gov.br\/financas\/wp-json\/wp\/v2\/users\/5"}],"replies":[{"embeddable":true,"href":"https:\/\/jundiai.sp.gov.br\/financas\/wp-json\/wp\/v2\/comments?post=557"}],"version-history":[{"count":48,"href":"https:\/\/jundiai.sp.gov.br\/financas\/wp-json\/wp\/v2\/pages\/557\/revisions"}],"predecessor-version":[{"id":7236,"href":"https:\/\/jundiai.sp.gov.br\/financas\/wp-json\/wp\/v2\/pages\/557\/revisions\/7236"}],"up":[{"embeddable":true,"href":"https:\/\/jundiai.sp.gov.br\/financas\/wp-json\/wp\/v2\/pages\/43"}],"wp:attachment":[{"href":"https:\/\/jundiai.sp.gov.br\/financas\/wp-json\/wp\/v2\/media?parent=557"}],"curies":[{"name":"wp","href":"https:\/\/api.w.org\/{rel}","templated":true}]}}