{"id":5657,"date":"2022-10-26T09:55:21","date_gmt":"2022-10-26T12:55:21","guid":{"rendered":"https:\/\/jundiai.sp.gov.br\/financas\/?page_id=5657"},"modified":"2023-02-09T08:24:58","modified_gmt":"2023-02-09T11:24:58","slug":"dipam","status":"publish","type":"page","link":"https:\/\/jundiai.sp.gov.br\/financas\/dipam\/","title":{"rendered":"DIPAM"},"content":{"rendered":"\n<p><strong>A DIPAM-A<\/strong>&nbsp;\u00e9 uma declara\u00e7\u00e3o anual na qual os&nbsp;<strong>Produtores Rurais<\/strong>&nbsp;informam vendas e outros tipos de sa\u00eddas com destino a outros produtores paulistas, n\u00e3o contribuintes, para outros Estados e exporta\u00e7\u00f5es. Prazo de entrega: 31 de mar\u00e7o do ano seguinte ao das opera\u00e7\u00f5es.<\/p>\n\n\n\n<p>Link do Sistema de transmiss\u00e3o:&nbsp;<a href=\"https:\/\/www4.fazenda.sp.gov.br\/DIPAM-A\/Login\" target=\"_blank\" rel=\"noreferrer noopener\">https:\/\/www4.fazenda.sp.gov.br\/DIPAM-A\/Login<\/a>.&nbsp;&nbsp;<\/p>\n\n\n\n<p><strong>A DIPAM-B<\/strong>, Declara\u00e7\u00e3o para o \u00cdndice de Participa\u00e7\u00e3o dos Munic\u00edpios, consiste na declara\u00e7\u00e3o realizada pelos&nbsp;<strong><u>contribuintes do Regime Peri\u00f3dico de Apura\u00e7\u00e3o,<\/u><\/strong>&nbsp;informando \u00e0 Fazenda Estadual os valores de dedu\u00e7\u00f5es, acr\u00e9scimos e rateios no Valor Adicionado das opera\u00e7\u00f5es relativas \u00e0 circula\u00e7\u00e3o de mercadorias e das presta\u00e7\u00f5es de servi\u00e7os tributados pelos ICMS, nas hip\u00f3teses previstas no Manual da DIPAM. Com rela\u00e7\u00e3o \u00e0s empresas do Simples Nacional, quando necess\u00e1rio, devem preencher na DEFIS os campos correspondentes aos c\u00f3digos DIPAM, conforme Tabela de Correspond\u00eancia entre DEFIS e C\u00f3digos DIPAM, observando o Manual atualizado da DIPAM da Secretaria da Fazenda e Planejamento do Estado de S\u00e3o Paulo.<\/p>\n\n\n\n<p>\u00bb<a href=\"https:\/\/jundiai.sp.gov.br\/financas\/participacao-dos-municipios-na-arrecadacao-do-icms\/\"> Participa\u00e7\u00e3o dos Munic\u00edpios da Arrecada\u00e7\u00e3o do ICMS \u2013 Informa\u00e7\u00f5es<\/a><\/p>\n\n\n\n<p>\u00bb <a href=\"https:\/\/jundiai.sp.gov.br\/financas\/sistema-gde-remessa-de-arquivos\/\">Sistema GDE \u2013 Remessa de Arquivos<\/a><\/p>\n\n\n\n<p>\u00bb<a href=\"https:\/\/jundiai.sp.gov.br\/financas\/dipam-a-produtor-rural\/\"> DIPAM-A \u2013 Declara\u00e7\u00e3o para o \u00cdndice de Participa\u00e7\u00e3o dos Munic\u00edpios &#8211; Produtor Rural<\/a><\/p>\n\n\n\n<p>\u00bb<a href=\"https:\/\/jundiai.sp.gov.br\/financas\/manuais\/\"> Manuais<\/a><br><\/p>\n","protected":false},"excerpt":{"rendered":"<p>A DIPAM-A&nbsp;\u00e9 uma declara\u00e7\u00e3o anual na qual os&nbsp;Produtores Rurais&nbsp;informam vendas e outros tipos de sa\u00eddas com destino a outros produtores paulistas, n\u00e3o contribuintes, para outros Estados e exporta\u00e7\u00f5es. Prazo de entrega: 31 de mar\u00e7o do ano seguinte ao das opera\u00e7\u00f5es. Link do Sistema de transmiss\u00e3o:&nbsp;https:\/\/www4.fazenda.sp.gov.br\/DIPAM-A\/Login.&nbsp;&nbsp; A DIPAM-B, Declara\u00e7\u00e3o para o \u00cdndice de Participa\u00e7\u00e3o dos Munic\u00edpios, [&hellip;]<\/p>\n","protected":false},"author":69,"featured_media":0,"parent":0,"menu_order":0,"comment_status":"closed","ping_status":"closed","template":"","meta":{"footnotes":""},"class_list":["post-5657","page","type-page","status-publish","hentry"],"_links":{"self":[{"href":"https:\/\/jundiai.sp.gov.br\/financas\/wp-json\/wp\/v2\/pages\/5657","targetHints":{"allow":["GET"]}}],"collection":[{"href":"https:\/\/jundiai.sp.gov.br\/financas\/wp-json\/wp\/v2\/pages"}],"about":[{"href":"https:\/\/jundiai.sp.gov.br\/financas\/wp-json\/wp\/v2\/types\/page"}],"author":[{"embeddable":true,"href":"https:\/\/jundiai.sp.gov.br\/financas\/wp-json\/wp\/v2\/users\/69"}],"replies":[{"embeddable":true,"href":"https:\/\/jundiai.sp.gov.br\/financas\/wp-json\/wp\/v2\/comments?post=5657"}],"version-history":[{"count":9,"href":"https:\/\/jundiai.sp.gov.br\/financas\/wp-json\/wp\/v2\/pages\/5657\/revisions"}],"predecessor-version":[{"id":5868,"href":"https:\/\/jundiai.sp.gov.br\/financas\/wp-json\/wp\/v2\/pages\/5657\/revisions\/5868"}],"wp:attachment":[{"href":"https:\/\/jundiai.sp.gov.br\/financas\/wp-json\/wp\/v2\/media?parent=5657"}],"curies":[{"name":"wp","href":"https:\/\/api.w.org\/{rel}","templated":true}]}}