{"id":6,"date":"2014-08-13T19:37:01","date_gmt":"2014-08-13T22:37:01","guid":{"rendered":"https:\/\/jundiai.sp.gov.br\/financas\/?page_id=6"},"modified":"2026-04-08T14:02:25","modified_gmt":"2026-04-08T17:02:25","slug":"governo-e-financas","status":"publish","type":"page","link":"https:\/\/jundiai.sp.gov.br\/financas\/","title":{"rendered":"Finan\u00e7as"},"content":{"rendered":"\n<p>A Secretaria Municipal de Finan\u00e7as tem por finalidade coordenar as a\u00e7\u00f5es e pol\u00edticas fiscal e tribut\u00e1ria, o planejamento or\u00e7ament\u00e1rio e financeiro, suportada pela seguinte estrutura org\u00e2nica b\u00e1sica:<\/p>\n\n\n\n<div class=\"wp-block-columns is-not-stacked-on-mobile is-layout-flex wp-container-core-columns-is-layout-9d6595d7 wp-block-columns-is-layout-flex\">\n<div class=\"wp-block-column is-layout-flow wp-block-column-is-layout-flow\">\n<h2 class=\"wp-block-heading\">Contatos<\/h2>\n\n\n\n<p><strong>Gabinete da Secretaria de Finan\u00e7as<br><\/strong>Pa\u00e7o Municipal \u2013 3\u00b0 andar \u2013 Ala Sul<br>Telefones: (11) 4589-8729 \/ 8787<\/p>\n\n\n\n<p><strong>Secretaria Adjunta de Finan\u00e7as<\/strong><br><strong>Secret\u00e1rio Adjunto:\u00a0<\/strong>Ruben Dario Ramirez Castro<br>Pa\u00e7o Municipal &#8211; 3\u00ba andar &#8211;\u00a0Ala Sul<br>Telefone: (11) <span style=\"font-weight: 400\">4589-8897<\/span><\/p>\n\n\n\n<p><strong>Departamento de Planejamento, Gest\u00e3o e Finan\u00e7as<\/strong><br><strong>Diretora:&nbsp;<\/strong>Ta\u00eds Cristina de Oliveira<br>Pa\u00e7o Municipal &#8211; 3\u00ba andar \u2013 Ala Sul<br>Telefone (11) 4589-8689<\/p>\n\n\n\n<p><strong>Departamento de Or\u00e7amento<\/strong><br><strong>Diretor:&nbsp;<\/strong>Vanessa Cristiane de Andrade<br>Pa\u00e7o Municipal \u2013 3\u00ba andar \u2013&nbsp;Ala Sul<br>Telefone: (11) 4589-8688<\/p>\n\n\n\n<p><strong>Departamento de Contabilidade<\/strong><br><strong>Diretor:&nbsp;<\/strong>Marcio Cesar Santiago<br>Pa\u00e7o Municipal &#8211; 3\u00ba andar &#8211;&nbsp;Ala Sul<br>Telefone: (11) 4589-8699<\/p>\n\n\n\n<p><strong>Departamento de Administra\u00e7\u00e3o Financeira<\/strong><br><strong>Diretor:&nbsp;<\/strong>Fabio Rosasco<br>Pa\u00e7o Municipal &#8211; 3\u00ba andar &#8211;&nbsp;Ala Sul<br>Telefone: (11) 4589-8384<\/p>\n\n\n\n<p><strong>Departamento de Receita Tribut\u00e1ria<\/strong><br><strong>Diretora:\u00a0<\/strong>Elza Maria Rocha Caetano<br>Pa\u00e7o Municipal &#8211; 1\u00ba andar &#8211; Ala Norte<br>Telefone:\u00a0(11)\u00a0 4589-8603<\/p>\n\n\n\n<p><strong>Departamento de Fiscaliza\u00e7\u00e3o Tribut\u00e1ria<\/strong><br><strong>Diretor:<\/strong>\u00a0Ant\u00f4nio\u00a0Rodrigues Santana Netto<br>Pa\u00e7o Municipal \u2013 1\u00ba andar \u2013\u00a0Ala Norte<br>Telefone: (11) 4589-8394<\/p>\n\n\n\n<p><strong>Departamento de Efici\u00eancia e Moderniza\u00e7\u00e3o Fiscal<\/strong><br><strong>Diretor:<\/strong> Luis Henrique Neris de Souza<br>Pa\u00e7o Municipal \u2013 1\u00ba andar \u2013\u00a0Ala Norte<br>Telefone: (11) 4589-8787<br><br><\/p>\n<\/div>\n\n\n\n<div class=\"wp-block-column is-vertically-aligned-top is-layout-flow wp-block-column-is-layout-flow\">\n<p><\/p>\n\n\n\n<p><\/p>\n\n\n\n<p><\/p>\n<\/div>\n<\/div>\n\n\n\n<div style=\"height:32px\" aria-hidden=\"true\" class=\"wp-block-spacer\"><\/div>\n\n\n\n<p>Atuam por coordena\u00e7\u00e3o administrativa da Secretaria Municipal de Finan\u00e7as e a <a href=\"https:\/\/www.daejundiai.com.br\/\" target=\"_blank\" rel=\"noopener\">DAE S\/A \u00c1gua e Esgoto<\/a> e a <a href=\"http:\/\/www.cijun.sp.gov.br\/\" target=\"_blank\" rel=\"noopener\">Companhia de Inform\u00e1tica de Jundia\u00ed (Cijun)<\/a>.<\/p>\n\n\n\n<p><\/p>\n","protected":false},"excerpt":{"rendered":"<p>A Secretaria Municipal de Finan\u00e7as tem por finalidade coordenar as a\u00e7\u00f5es e pol\u00edticas fiscal e tribut\u00e1ria, o planejamento or\u00e7ament\u00e1rio e financeiro, suportada pela seguinte estrutura org\u00e2nica b\u00e1sica: Contatos Gabinete da Secretaria de Finan\u00e7asPa\u00e7o Municipal \u2013 3\u00b0 andar \u2013 Ala SulTelefones: (11) 4589-8729 \/ 8787 Secretaria Adjunta de Finan\u00e7asSecret\u00e1rio Adjunto:\u00a0Ruben Dario Ramirez CastroPa\u00e7o Municipal &#8211; 3\u00ba [&hellip;]<\/p>\n","protected":false},"author":8,"featured_media":0,"parent":0,"menu_order":0,"comment_status":"open","ping_status":"closed","template":"interna-uggf\/page-uggf.php","meta":{"footnotes":""},"class_list":["post-6","page","type-page","status-publish","hentry"],"_links":{"self":[{"href":"https:\/\/jundiai.sp.gov.br\/financas\/wp-json\/wp\/v2\/pages\/6","targetHints":{"allow":["GET"]}}],"collection":[{"href":"https:\/\/jundiai.sp.gov.br\/financas\/wp-json\/wp\/v2\/pages"}],"about":[{"href":"https:\/\/jundiai.sp.gov.br\/financas\/wp-json\/wp\/v2\/types\/page"}],"author":[{"embeddable":true,"href":"https:\/\/jundiai.sp.gov.br\/financas\/wp-json\/wp\/v2\/users\/8"}],"replies":[{"embeddable":true,"href":"https:\/\/jundiai.sp.gov.br\/financas\/wp-json\/wp\/v2\/comments?post=6"}],"version-history":[{"count":76,"href":"https:\/\/jundiai.sp.gov.br\/financas\/wp-json\/wp\/v2\/pages\/6\/revisions"}],"predecessor-version":[{"id":7328,"href":"https:\/\/jundiai.sp.gov.br\/financas\/wp-json\/wp\/v2\/pages\/6\/revisions\/7328"}],"wp:attachment":[{"href":"https:\/\/jundiai.sp.gov.br\/financas\/wp-json\/wp\/v2\/media?parent=6"}],"curies":[{"name":"wp","href":"https:\/\/api.w.org\/{rel}","templated":true}]}}