{"id":6041,"date":"2023-11-30T10:19:18","date_gmt":"2023-11-30T13:19:18","guid":{"rendered":"https:\/\/jundiai.sp.gov.br\/financas\/?page_id=6041"},"modified":"2024-08-27T10:08:42","modified_gmt":"2024-08-27T13:08:42","slug":"manual-do-usuario-e-videos","status":"publish","type":"page","link":"https:\/\/jundiai.sp.gov.br\/financas\/itbi\/manual-do-usuario-e-videos\/","title":{"rendered":"Manual do Usu\u00e1rio e V\u00eddeos Explicativos do ITBI online"},"content":{"rendered":"\n<div class=\"wp-block-file\"><a id=\"wp-block-file--media-b5ac6310-8c18-4381-b654-31f38729f72f\" href=\"https:\/\/jundiai.sp.gov.br\/financas\/wp-content\/uploads\/sites\/12\/2023\/11\/manual-do-usuario-itbi-online-v_1.pdf\" target=\"_blank\" rel=\"noreferrer noopener\">Manual do Usu\u00e1rio<\/a><a href=\"https:\/\/jundiai.sp.gov.br\/financas\/wp-content\/uploads\/sites\/12\/2023\/11\/manual-do-usuario-itbi-online-v_1.pdf\" class=\"wp-block-file__button wp-element-button\" download aria-describedby=\"wp-block-file--media-b5ac6310-8c18-4381-b654-31f38729f72f\">Baixar<\/a><\/div>\n\n\n\n<div style=\"height:100px\" aria-hidden=\"true\" class=\"wp-block-spacer\"><\/div>\n\n\n\n<p>V\u00eddeo 1 &#8211; Como cadastrar um usu\u00e1rio<\/p>\n\n\n\n<iframe loading=\"lazy\" src=\"https:\/\/drive.google.com\/file\/d\/16zbUfvjtjys1LafiyGcYvB1EC33jnC-P\/preview\" width=\"640\" height=\"480\" allow=\"autoplay\"><\/iframe>\n\n\n\n<div style=\"height:50px\" aria-hidden=\"true\" class=\"wp-block-spacer\"><\/div>\n\n\n\n<p>V\u00eddeo 2  &#8211; Como acessar o sistema de emiss\u00e3o de guia<\/p>\n\n\n\n<iframe loading=\"lazy\" src=\"https:\/\/drive.google.com\/file\/d\/1fCppnQzhGoM8Hgdj4kqLVpBSTTBWp6ha\/preview\" width=\"640\" height=\"480\" allow=\"autoplay\"><\/iframe>\n\n\n\n<div style=\"height:50px\" aria-hidden=\"true\" class=\"wp-block-spacer\"><\/div>\n\n\n\n<p>V\u00eddeo 3 &#8211; Como emitir a guia de ITBI<\/p>\n\n\n\n<iframe loading=\"lazy\" src=\"https:\/\/drive.google.com\/file\/d\/1k12Q0LWeiGI_NHWBJ5v5PcdP4sp5iC23\/preview\" width=\"640\" height=\"480\" allow=\"autoplay\"><\/iframe>\n\n\n\n<div style=\"height:50px\" aria-hidden=\"true\" class=\"wp-block-spacer\"><\/div>\n\n\n\n<p>V\u00eddeo 4 &#8211; Como emitir a 2\u00aa via da guia de ITBI<\/p>\n\n\n\n<iframe loading=\"lazy\" src=\"https:\/\/drive.google.com\/file\/d\/1kItU6evxeFrjHLJbd9OsgHoIay-2pdUo\/preview\" width=\"640\" height=\"480\" allow=\"autoplay\"><\/iframe>\n\n\n\n<div style=\"height:50px\" aria-hidden=\"true\" class=\"wp-block-spacer\"><\/div>\n\n\n\n<p>V\u00eddeo 5 &#8211; Como emitir uma guia complementar de ITBI<\/p>\n\n\n\n<iframe loading=\"lazy\" src=\"https:\/\/drive.google.com\/file\/d\/1oZpxOnJ-yHxOALWJWEROKZT7TPQvr3ja\/preview\" width=\"640\" height=\"480\" allow=\"autoplay\"><\/iframe>\n\n\n\n<div style=\"height:50px\" aria-hidden=\"true\" class=\"wp-block-spacer\"><\/div>\n\n\n\n<p>V\u00eddeo 6 &#8211; Como excluir a guia de ITBI<\/p>\n\n\n\n<iframe loading=\"lazy\" src=\"https:\/\/drive.google.com\/file\/d\/1YHz5TBjyZUf_qV9n-NvNKgXa08a-ycaT\/preview\" width=\"640\" height=\"480\" allow=\"autoplay\"><\/iframe>\n","protected":false},"excerpt":{"rendered":"<p>V\u00eddeo 1 &#8211; Como cadastrar um usu\u00e1rio V\u00eddeo 2 &#8211; Como acessar o sistema de emiss\u00e3o de guia V\u00eddeo 3 &#8211; Como emitir a guia de ITBI V\u00eddeo 4 &#8211; Como emitir a 2\u00aa via da guia de ITBI V\u00eddeo 5 &#8211; Como emitir uma guia complementar de ITBI V\u00eddeo 6 &#8211; Como excluir a [&hellip;]<\/p>\n","protected":false},"author":8,"featured_media":0,"parent":43,"menu_order":30,"comment_status":"closed","ping_status":"closed","template":"","meta":{"footnotes":""},"class_list":["post-6041","page","type-page","status-publish","hentry"],"_links":{"self":[{"href":"https:\/\/jundiai.sp.gov.br\/financas\/wp-json\/wp\/v2\/pages\/6041","targetHints":{"allow":["GET"]}}],"collection":[{"href":"https:\/\/jundiai.sp.gov.br\/financas\/wp-json\/wp\/v2\/pages"}],"about":[{"href":"https:\/\/jundiai.sp.gov.br\/financas\/wp-json\/wp\/v2\/types\/page"}],"author":[{"embeddable":true,"href":"https:\/\/jundiai.sp.gov.br\/financas\/wp-json\/wp\/v2\/users\/8"}],"replies":[{"embeddable":true,"href":"https:\/\/jundiai.sp.gov.br\/financas\/wp-json\/wp\/v2\/comments?post=6041"}],"version-history":[{"count":10,"href":"https:\/\/jundiai.sp.gov.br\/financas\/wp-json\/wp\/v2\/pages\/6041\/revisions"}],"predecessor-version":[{"id":7042,"href":"https:\/\/jundiai.sp.gov.br\/financas\/wp-json\/wp\/v2\/pages\/6041\/revisions\/7042"}],"up":[{"embeddable":true,"href":"https:\/\/jundiai.sp.gov.br\/financas\/wp-json\/wp\/v2\/pages\/43"}],"wp:attachment":[{"href":"https:\/\/jundiai.sp.gov.br\/financas\/wp-json\/wp\/v2\/media?parent=6041"}],"curies":[{"name":"wp","href":"https:\/\/api.w.org\/{rel}","templated":true}]}}