{"id":6474,"date":"2024-04-04T14:34:24","date_gmt":"2024-04-04T17:34:24","guid":{"rendered":"https:\/\/jundiai.sp.gov.br\/financas\/?page_id=6474"},"modified":"2024-04-04T14:34:24","modified_gmt":"2024-04-04T17:34:24","slug":"contato","status":"publish","type":"page","link":"https:\/\/jundiai.sp.gov.br\/financas\/comercio-ambulante\/contato\/","title":{"rendered":"Contato"},"content":{"rendered":"\n<p><strong>Divis\u00e3o de Fiscaliza\u00e7\u00e3o do Com\u00e9rcio e do Ambulante \/ Eventual<\/strong><br><strong>Respons\u00e1vel pelo setor<\/strong>: Cristina da Fonseca<br><strong>Localiza\u00e7\u00e3o<\/strong>: Pa\u00e7o Municipal \u2013 1 \u00b0 Andar \u2013 Ala Norte<br><strong>Hor\u00e1rio de atendimento<\/strong>: das 9h \u00e0s 16h<br><strong>Tel<\/strong>: (11) 4589-8682 \/ 4589-8718 \/ 4589-8720<br><strong>E-mail<\/strong>:\u00a0<a href=\"mailto:dfca@jundiai.sp.gov.br\">dfca@jundiai.sp.gov.br<\/a><\/p>\n","protected":false},"excerpt":{"rendered":"<p>Divis\u00e3o de Fiscaliza\u00e7\u00e3o do Com\u00e9rcio e do Ambulante \/ EventualRespons\u00e1vel pelo setor: Cristina da FonsecaLocaliza\u00e7\u00e3o: Pa\u00e7o Municipal \u2013 1 \u00b0 Andar \u2013 Ala NorteHor\u00e1rio de atendimento: das 9h \u00e0s 16hTel: (11) 4589-8682 \/ 4589-8718 \/ 4589-8720E-mail:\u00a0dfca@jundiai.sp.gov.br<\/p>\n","protected":false},"author":69,"featured_media":0,"parent":27,"menu_order":0,"comment_status":"closed","ping_status":"closed","template":"","meta":{"footnotes":""},"class_list":["post-6474","page","type-page","status-publish","hentry"],"_links":{"self":[{"href":"https:\/\/jundiai.sp.gov.br\/financas\/wp-json\/wp\/v2\/pages\/6474","targetHints":{"allow":["GET"]}}],"collection":[{"href":"https:\/\/jundiai.sp.gov.br\/financas\/wp-json\/wp\/v2\/pages"}],"about":[{"href":"https:\/\/jundiai.sp.gov.br\/financas\/wp-json\/wp\/v2\/types\/page"}],"author":[{"embeddable":true,"href":"https:\/\/jundiai.sp.gov.br\/financas\/wp-json\/wp\/v2\/users\/69"}],"replies":[{"embeddable":true,"href":"https:\/\/jundiai.sp.gov.br\/financas\/wp-json\/wp\/v2\/comments?post=6474"}],"version-history":[{"count":1,"href":"https:\/\/jundiai.sp.gov.br\/financas\/wp-json\/wp\/v2\/pages\/6474\/revisions"}],"predecessor-version":[{"id":6475,"href":"https:\/\/jundiai.sp.gov.br\/financas\/wp-json\/wp\/v2\/pages\/6474\/revisions\/6475"}],"up":[{"embeddable":true,"href":"https:\/\/jundiai.sp.gov.br\/financas\/wp-json\/wp\/v2\/pages\/27"}],"wp:attachment":[{"href":"https:\/\/jundiai.sp.gov.br\/financas\/wp-json\/wp\/v2\/media?parent=6474"}],"curies":[{"name":"wp","href":"https:\/\/api.w.org\/{rel}","templated":true}]}}