{"id":6530,"date":"2024-04-18T09:00:25","date_gmt":"2024-04-18T12:00:25","guid":{"rendered":"https:\/\/jundiai.sp.gov.br\/financas\/?page_id=6530"},"modified":"2024-04-19T11:20:02","modified_gmt":"2024-04-19T14:20:02","slug":"unidade-central-de-parcerias-estrategicas","status":"publish","type":"page","link":"https:\/\/jundiai.sp.gov.br\/financas\/governo-e-financas\/unidade-central-de-parcerias-estrategicas\/","title":{"rendered":"Unidade Central de Parcerias Estrat\u00e9gicas"},"content":{"rendered":"\n<p><a href=\"https:\/\/jundiai.sp.gov.br\/redecooperacao\/\" target=\"_blank\" rel=\"noreferrer noopener\">Rede Jundia\u00ed de Coopera\u00e7\u00e3o <\/a><\/p>\n","protected":false},"excerpt":{"rendered":"<p>Rede Jundia\u00ed de Coopera\u00e7\u00e3o<\/p>\n","protected":false},"author":69,"featured_media":0,"parent":6,"menu_order":0,"comment_status":"closed","ping_status":"closed","template":"","meta":{"footnotes":""},"class_list":["post-6530","page","type-page","status-publish","hentry"],"_links":{"self":[{"href":"https:\/\/jundiai.sp.gov.br\/financas\/wp-json\/wp\/v2\/pages\/6530","targetHints":{"allow":["GET"]}}],"collection":[{"href":"https:\/\/jundiai.sp.gov.br\/financas\/wp-json\/wp\/v2\/pages"}],"about":[{"href":"https:\/\/jundiai.sp.gov.br\/financas\/wp-json\/wp\/v2\/types\/page"}],"author":[{"embeddable":true,"href":"https:\/\/jundiai.sp.gov.br\/financas\/wp-json\/wp\/v2\/users\/69"}],"replies":[{"embeddable":true,"href":"https:\/\/jundiai.sp.gov.br\/financas\/wp-json\/wp\/v2\/comments?post=6530"}],"version-history":[{"count":2,"href":"https:\/\/jundiai.sp.gov.br\/financas\/wp-json\/wp\/v2\/pages\/6530\/revisions"}],"predecessor-version":[{"id":6604,"href":"https:\/\/jundiai.sp.gov.br\/financas\/wp-json\/wp\/v2\/pages\/6530\/revisions\/6604"}],"up":[{"embeddable":true,"href":"https:\/\/jundiai.sp.gov.br\/financas\/wp-json\/wp\/v2\/pages\/6"}],"wp:attachment":[{"href":"https:\/\/jundiai.sp.gov.br\/financas\/wp-json\/wp\/v2\/media?parent=6530"}],"curies":[{"name":"wp","href":"https:\/\/api.w.org\/{rel}","templated":true}]}}