{"id":6712,"date":"2024-06-17T14:52:57","date_gmt":"2024-06-17T17:52:57","guid":{"rendered":"https:\/\/jundiai.sp.gov.br\/financas\/?page_id=6712"},"modified":"2024-06-17T14:52:57","modified_gmt":"2024-06-17T17:52:57","slug":"isencoes","status":"publish","type":"page","link":"https:\/\/jundiai.sp.gov.br\/financas\/isencoes\/","title":{"rendered":"ISEN\u00c7\u00d5ES"},"content":{"rendered":"\n<p>Est\u00e3o isentos da Taxa de Fiscaliza\u00e7\u00e3o para a Licen\u00e7a de Com\u00e9rcio Ambulante, Eventual e de Evento:<\/p>\n\n\n\n<p>I \u2013 Pessoas com defici\u00eancia;<\/p>\n\n\n\n<p>II \u2013 Pessoas com 60 anos ou mais;<\/p>\n\n\n\n<p>III \u2013 Templos religiosos, institui\u00e7\u00f5es de assist\u00eancia social ou educacional, ONGs, e associa\u00e7\u00f5es sem fins lucrativos licenciadas no Munic\u00edpio, quando promovem eventos beneficentes;<\/p>\n\n\n\n<p>V \u2013 Comerciantes que participam de eventos promovidos pelo Munic\u00edpio.<\/p>\n\n\n\n<p>Al\u00e9m disso, todos os custos relacionados ao Microempreendedor Individual (MEI) s\u00e3o reduzidos a zero, conforme a legisla\u00e7\u00e3o federal. No entanto, a isen\u00e7\u00e3o da taxa n\u00e3o dispensa a necessidade de solicitar a licen\u00e7a e cumprir todas as exig\u00eancias para a realiza\u00e7\u00e3o do evento.<\/p>\n","protected":false},"excerpt":{"rendered":"<p>Est\u00e3o isentos da Taxa de Fiscaliza\u00e7\u00e3o para a Licen\u00e7a de Com\u00e9rcio Ambulante, Eventual e de Evento: I \u2013 Pessoas com defici\u00eancia; II \u2013 Pessoas com 60 anos ou mais; III \u2013 Templos religiosos, institui\u00e7\u00f5es de assist\u00eancia social ou educacional, ONGs, e associa\u00e7\u00f5es sem fins lucrativos licenciadas no Munic\u00edpio, quando promovem eventos beneficentes; V \u2013 Comerciantes [&hellip;]<\/p>\n","protected":false},"author":69,"featured_media":0,"parent":0,"menu_order":0,"comment_status":"closed","ping_status":"closed","template":"","meta":{"footnotes":""},"class_list":["post-6712","page","type-page","status-publish","hentry"],"_links":{"self":[{"href":"https:\/\/jundiai.sp.gov.br\/financas\/wp-json\/wp\/v2\/pages\/6712","targetHints":{"allow":["GET"]}}],"collection":[{"href":"https:\/\/jundiai.sp.gov.br\/financas\/wp-json\/wp\/v2\/pages"}],"about":[{"href":"https:\/\/jundiai.sp.gov.br\/financas\/wp-json\/wp\/v2\/types\/page"}],"author":[{"embeddable":true,"href":"https:\/\/jundiai.sp.gov.br\/financas\/wp-json\/wp\/v2\/users\/69"}],"replies":[{"embeddable":true,"href":"https:\/\/jundiai.sp.gov.br\/financas\/wp-json\/wp\/v2\/comments?post=6712"}],"version-history":[{"count":1,"href":"https:\/\/jundiai.sp.gov.br\/financas\/wp-json\/wp\/v2\/pages\/6712\/revisions"}],"predecessor-version":[{"id":6713,"href":"https:\/\/jundiai.sp.gov.br\/financas\/wp-json\/wp\/v2\/pages\/6712\/revisions\/6713"}],"wp:attachment":[{"href":"https:\/\/jundiai.sp.gov.br\/financas\/wp-json\/wp\/v2\/media?parent=6712"}],"curies":[{"name":"wp","href":"https:\/\/api.w.org\/{rel}","templated":true}]}}