{"id":73,"date":"2014-09-10T12:21:36","date_gmt":"2014-09-10T15:21:36","guid":{"rendered":"https:\/\/jundiai.sp.gov.br\/financas\/?page_id=73"},"modified":"2014-09-29T15:02:53","modified_gmt":"2014-09-29T18:02:53","slug":"onde-e-proibido","status":"publish","type":"page","link":"https:\/\/jundiai.sp.gov.br\/financas\/comercio-ambulante\/onde-e-proibido\/","title":{"rendered":"Onde \u00e9 Proibido"},"content":{"rendered":"<h2>Locais onde \u00e9 proibida a atua\u00e7\u00e3o do ambulante:<\/h2>\n<ul>\n<li>\u00e1rea central, grandes avenidas<\/li>\n<li>a menos de 10 (dez) metros de esta\u00e7\u00f5es de embarque e desembarque de ferrovias e rodovias;<\/li>\n<li>a menos de 10 (dez) metros de pontos ou abrigos de \u00f4nibus ou t\u00e1xi e equipamentos semaf\u00f3ricos;<\/li>\n<li>a menos de 10 (dez) metros de monumentos e bens tombados;<\/li>\n<li>em frente de guias rebaixadas;<\/li>\n<li>em frente a port\u00f5es de acesso a edif\u00edcios e reparti\u00e7\u00f5es p\u00fablicas, quart\u00e9is, hospitais, farm\u00e1cias, bancos e estabelecimentos assemelhados;<\/li>\n<li>a menos de 10 (dez) metros dos port\u00f5es de acesso de qualquer estabelecimento de ensino;<\/li>\n<li>a menos de 20 (vinte) metros de estabelecimentos que comercializem produtos similares;<\/li>\n<li>em frente a resid\u00eancias, sem anu\u00eancia do morador;<\/li>\n<li>a menos de 6 (seis) metros a contar do ponto de concord\u00e2ncia das esquinas, em rela\u00e7\u00e3o a rua pretendida;<\/li>\n<li>a menos de 20 (vinte) metros dos acessos \u00e0s igrejas e templos religiosos.<\/li>\n<\/ul>\n<p>Compete \u00e0 Prefeitura distribuir os interessados, autorizando os locais de acordo com crit\u00e9rios pr\u00f3prios.<\/p>\n","protected":false},"excerpt":{"rendered":"<p>Locais onde \u00e9 proibida a atua\u00e7\u00e3o do ambulante: \u00e1rea central, grandes avenidas a menos de 10 (dez) metros de esta\u00e7\u00f5es de embarque e desembarque de ferrovias e rodovias; a menos de 10 (dez) metros de pontos ou abrigos de \u00f4nibus ou t\u00e1xi e equipamentos semaf\u00f3ricos; a menos de 10 (dez) metros de monumentos e bens [&hellip;]<\/p>\n","protected":false},"author":5,"featured_media":0,"parent":27,"menu_order":0,"comment_status":"closed","ping_status":"closed","template":"","meta":{"footnotes":""},"class_list":["post-73","page","type-page","status-publish","hentry"],"_links":{"self":[{"href":"https:\/\/jundiai.sp.gov.br\/financas\/wp-json\/wp\/v2\/pages\/73","targetHints":{"allow":["GET"]}}],"collection":[{"href":"https:\/\/jundiai.sp.gov.br\/financas\/wp-json\/wp\/v2\/pages"}],"about":[{"href":"https:\/\/jundiai.sp.gov.br\/financas\/wp-json\/wp\/v2\/types\/page"}],"author":[{"embeddable":true,"href":"https:\/\/jundiai.sp.gov.br\/financas\/wp-json\/wp\/v2\/users\/5"}],"replies":[{"embeddable":true,"href":"https:\/\/jundiai.sp.gov.br\/financas\/wp-json\/wp\/v2\/comments?post=73"}],"version-history":[{"count":4,"href":"https:\/\/jundiai.sp.gov.br\/financas\/wp-json\/wp\/v2\/pages\/73\/revisions"}],"predecessor-version":[{"id":1113,"href":"https:\/\/jundiai.sp.gov.br\/financas\/wp-json\/wp\/v2\/pages\/73\/revisions\/1113"}],"up":[{"embeddable":true,"href":"https:\/\/jundiai.sp.gov.br\/financas\/wp-json\/wp\/v2\/pages\/27"}],"wp:attachment":[{"href":"https:\/\/jundiai.sp.gov.br\/financas\/wp-json\/wp\/v2\/media?parent=73"}],"curies":[{"name":"wp","href":"https:\/\/api.w.org\/{rel}","templated":true}]}}