{"id":84,"date":"2014-09-10T12:29:32","date_gmt":"2014-09-10T15:29:32","guid":{"rendered":"https:\/\/jundiai.sp.gov.br\/financas\/?page_id=84"},"modified":"2014-09-29T15:03:51","modified_gmt":"2014-09-29T18:03:51","slug":"solicitacao-de-prazo","status":"publish","type":"page","link":"https:\/\/jundiai.sp.gov.br\/financas\/comercio-ambulante\/solicitacao-de-prazo\/","title":{"rendered":"Solicita\u00e7\u00e3o de Prazo"},"content":{"rendered":"<h2>Com\u00e9rcio Ambulante &#8211; Solicita\u00e7\u00e3o de Prazo<\/h2>\n<ul>\n<li>Este formul\u00e1rio \u00e9 utilizado quando for necess\u00e1rio uma prorroga\u00e7\u00e3o de prazo para a apresenta\u00e7\u00e3o de determinada documenta\u00e7\u00e3o.<\/li>\n<\/ul>\n<ul>\n<li>O contribuinte poder\u00e1 preench\u00ea-lo com o prazo que achar necess\u00e1rio, e entreg\u00e1-lo no setor para an\u00e1lise, n\u00e3o \u00e9 necess\u00e1rio protocol\u00e1-lo.<\/li>\n<\/ul>\n<ul>\n<li>O prazo solicitado n\u00e3o implica no reconhecimento de qualquer direito ao requerente.<\/li>\n<\/ul>\n<p><a href=\"https:\/\/jundiai.sp.gov.br\/financas\/wp-content\/uploads\/sites\/12\/2014\/09\/Clique-aqui-para-visualizar-o-formul\u00e1rio-da-Divis\u00e3o-de-Fiscaliza\u00e7\u00e3o-do-Com\u00e9rcio.pdf\">Clique aqui para visualizar o formul\u00e1rio da Divis\u00e3o de Fiscaliza\u00e7\u00e3o do Com\u00e9rcio<\/a><\/p>\n","protected":false},"excerpt":{"rendered":"<p>Com\u00e9rcio Ambulante &#8211; Solicita\u00e7\u00e3o de Prazo Este formul\u00e1rio \u00e9 utilizado quando for necess\u00e1rio uma prorroga\u00e7\u00e3o de prazo para a apresenta\u00e7\u00e3o de determinada documenta\u00e7\u00e3o. O contribuinte poder\u00e1 preench\u00ea-lo com o prazo que achar necess\u00e1rio, e entreg\u00e1-lo no setor para an\u00e1lise, n\u00e3o \u00e9 necess\u00e1rio protocol\u00e1-lo. O prazo solicitado n\u00e3o implica no reconhecimento de qualquer direito ao requerente. [&hellip;]<\/p>\n","protected":false},"author":5,"featured_media":0,"parent":27,"menu_order":0,"comment_status":"closed","ping_status":"closed","template":"","meta":{"footnotes":""},"class_list":["post-84","page","type-page","status-publish","hentry"],"_links":{"self":[{"href":"https:\/\/jundiai.sp.gov.br\/financas\/wp-json\/wp\/v2\/pages\/84","targetHints":{"allow":["GET"]}}],"collection":[{"href":"https:\/\/jundiai.sp.gov.br\/financas\/wp-json\/wp\/v2\/pages"}],"about":[{"href":"https:\/\/jundiai.sp.gov.br\/financas\/wp-json\/wp\/v2\/types\/page"}],"author":[{"embeddable":true,"href":"https:\/\/jundiai.sp.gov.br\/financas\/wp-json\/wp\/v2\/users\/5"}],"replies":[{"embeddable":true,"href":"https:\/\/jundiai.sp.gov.br\/financas\/wp-json\/wp\/v2\/comments?post=84"}],"version-history":[{"count":7,"href":"https:\/\/jundiai.sp.gov.br\/financas\/wp-json\/wp\/v2\/pages\/84\/revisions"}],"predecessor-version":[{"id":1115,"href":"https:\/\/jundiai.sp.gov.br\/financas\/wp-json\/wp\/v2\/pages\/84\/revisions\/1115"}],"up":[{"embeddable":true,"href":"https:\/\/jundiai.sp.gov.br\/financas\/wp-json\/wp\/v2\/pages\/27"}],"wp:attachment":[{"href":"https:\/\/jundiai.sp.gov.br\/financas\/wp-json\/wp\/v2\/media?parent=84"}],"curies":[{"name":"wp","href":"https:\/\/api.w.org\/{rel}","templated":true}]}}