{"id":6,"date":"2014-09-08T13:02:56","date_gmt":"2014-09-08T13:02:56","guid":{"rendered":"https:\/\/jundiai.sp.gov.br\/fundo-social-de-solidariedade\/?page_id=6"},"modified":"2025-01-17T10:51:23","modified_gmt":"2025-01-17T13:51:23","slug":"fundo-social-de-solidariedade","status":"publish","type":"page","link":"https:\/\/jundiai.sp.gov.br\/fundo-social-de-solidariedade\/","title":{"rendered":"Fundo Social de Solidariedade"},"content":{"rendered":"\n<p>O Fundo Social de Solidariedade de Jundia\u00ed (Funss) \u00e9 um \u00f3rg\u00e3o da Prefeitura de Jundia\u00ed, vinculado \u00e0 Unidade de Gest\u00e3o da Casa Civil e presidido pela primeira-dama do munic\u00edpio, Ellen Camila Martinelli. Com a finalidade de proporcionar qualifica\u00e7\u00e3o profissional, o Funss disponibiliza, sem custos, cursos, oficinas e workshops para indiv\u00edduos em situa\u00e7\u00e3o de vulnerabilidade, visando a cria\u00e7\u00e3o de oportunidades de trabalho e gera\u00e7\u00e3o de renda.<\/p>\n\n\n\n<p><strong>Objetivo<\/strong><\/p>\n\n\n\n<p>Seu prop\u00f3sito \u00e9 implementar iniciativas que contribuam para o bem-estar das fam\u00edlias residentes em Jundia\u00ed. Para combater as desigualdades sociais, o Fundo Social de Solidariedade realiza parcerias e coordena a\u00e7\u00f5es com a sociedade civil, al\u00e9m de estabelecer colabora\u00e7\u00f5es com entidades privadas e com os governos municipal, estadual e federal.<\/p>\n\n\n\n<h2 class=\"wp-block-heading\">Not\u00edcias<\/h2>\n\n\n\n<p><strong><a href=\"https:\/\/jundiai.sp.gov.br\/noticias\/tag\/fundo-social-de-solidariedade-funss\/\">Leia as Not\u00edcias do Fundo Social de Solidariedade<\/a><\/strong><\/p>\n\n\n\n<h2 class=\"wp-block-heading\">Contato<\/h2>\n\n\n\n<p>O Fundo Social de Solidariedade fica na Avenida Manoela Lacerda de Vergueiro, s\/n, Port\u00e3o 3, anexo ao Parque da Uva \u2013 Anhangaba\u00fa<br>Telefones:&nbsp;(11) 4589-6319 e 4589-6320.<\/p>\n","protected":false},"excerpt":{"rendered":"<p>O Fundo Social de Solidariedade de Jundia\u00ed (Funss) \u00e9 um \u00f3rg\u00e3o da Prefeitura de Jundia\u00ed, vinculado \u00e0 Unidade de Gest\u00e3o da Casa Civil e presidido pela primeira-dama do munic\u00edpio, Ellen Camila Martinelli. Com a finalidade de proporcionar qualifica\u00e7\u00e3o profissional, o Funss disponibiliza, sem custos, cursos, oficinas e workshops para indiv\u00edduos em situa\u00e7\u00e3o de vulnerabilidade, visando [&hellip;]<\/p>\n","protected":false},"author":8,"featured_media":0,"parent":0,"menu_order":0,"comment_status":"open","ping_status":"open","template":"","meta":{"footnotes":""},"class_list":["post-6","page","type-page","status-publish","hentry"],"_links":{"self":[{"href":"https:\/\/jundiai.sp.gov.br\/fundo-social-de-solidariedade\/wp-json\/wp\/v2\/pages\/6","targetHints":{"allow":["GET"]}}],"collection":[{"href":"https:\/\/jundiai.sp.gov.br\/fundo-social-de-solidariedade\/wp-json\/wp\/v2\/pages"}],"about":[{"href":"https:\/\/jundiai.sp.gov.br\/fundo-social-de-solidariedade\/wp-json\/wp\/v2\/types\/page"}],"author":[{"embeddable":true,"href":"https:\/\/jundiai.sp.gov.br\/fundo-social-de-solidariedade\/wp-json\/wp\/v2\/users\/8"}],"replies":[{"embeddable":true,"href":"https:\/\/jundiai.sp.gov.br\/fundo-social-de-solidariedade\/wp-json\/wp\/v2\/comments?post=6"}],"version-history":[{"count":18,"href":"https:\/\/jundiai.sp.gov.br\/fundo-social-de-solidariedade\/wp-json\/wp\/v2\/pages\/6\/revisions"}],"predecessor-version":[{"id":111,"href":"https:\/\/jundiai.sp.gov.br\/fundo-social-de-solidariedade\/wp-json\/wp\/v2\/pages\/6\/revisions\/111"}],"wp:attachment":[{"href":"https:\/\/jundiai.sp.gov.br\/fundo-social-de-solidariedade\/wp-json\/wp\/v2\/media?parent=6"}],"curies":[{"name":"wp","href":"https:\/\/api.w.org\/{rel}","templated":true}]}}

<p>O Fundo Social de Solidariedade de Jundiaí (Funss) é um órgão da Prefeitura de Jundiaí, vinculado à Unidade de Gestão da Casa Civil e presidido pela primeira-dama do município, Ellen Camila Martinelli. Com a finalidade de proporcionar qualificação profissional, o Funss disponibiliza, sem custos, cursos, oficinas e workshops para indivíduos em situação de vulnerabilidade, visando a criação de oportunidades de trabalho e geração de renda.</p>



<p><strong>Objetivo</strong></p>



<p>Seu propósito é implementar iniciativas que contribuam para o bem-estar das famílias residentes em Jundiaí. Para combater as desigualdades sociais, o Fundo Social de Solidariedade realiza parcerias e coordena ações com a sociedade civil, além de estabelecer colaborações com entidades privadas e com os governos municipal, estadual e federal.</p>



<h2 class="wp-block-heading">Notícias</h2>



<p><strong><a href="https://jundiai.sp.gov.br/noticias/tag/fundo-social-de-solidariedade-funss/">Leia as Notícias do Fundo Social de Solidariedade</a></strong></p>



<h2 class="wp-block-heading">Contato</h2>



<p>O Fundo Social de Solidariedade fica na Avenida Manoela Lacerda de Vergueiro, s/n, Portão 3, anexo ao Parque da Uva – Anhangabaú<br>Telefones:&nbsp;(11) 4589-6319 e 4589-6320.</p>

<p>O Fundo Social de Solidariedade de Jundiaí (Funss) é um órgão da Prefeitura de Jundiaí, vinculado à Unidade de Gestão da Casa Civil e presidido pela primeira-dama do município, Ellen Camila Martinelli. Com a finalidade de proporcionar qualificação profissional, o Funss disponibiliza, sem custos, cursos, oficinas e workshops para indivíduos em situação de vulnerabilidade, visando [&hellip;]</p>
