{"id":13,"date":"2014-08-21T18:45:53","date_gmt":"2014-08-21T21:45:53","guid":{"rendered":"https:\/\/jundiai.sp.gov.br\/servicos-publicos\/?page_id=13"},"modified":"2025-11-14T16:52:45","modified_gmt":"2025-11-14T19:52:45","slug":"gestor","status":"publish","type":"page","link":"https:\/\/jundiai.sp.gov.br\/infraestrutura-e-servicos-publicos\/gestor\/","title":{"rendered":"Secret\u00e1rio"},"content":{"rendered":"\n<div class=\"wp-block-media-text is-stacked-on-mobile is-vertically-aligned-top\" style=\"grid-template-columns:39% auto\"><figure class=\"wp-block-media-text__media\"><img loading=\"lazy\" decoding=\"async\" width=\"768\" height=\"960\" src=\"https:\/\/jundiai.sp.gov.br\/infraestrutura-e-servicos-publicos\/wp-content\/uploads\/sites\/18\/2025\/10\/img_9432-768x960.jpg\" alt=\"\" class=\"wp-image-4851 size-full\" srcset=\"https:\/\/jundiai.sp.gov.br\/infraestrutura-e-servicos-publicos\/wp-content\/uploads\/sites\/18\/2025\/10\/img_9432-768x961.jpg 768w, https:\/\/jundiai.sp.gov.br\/infraestrutura-e-servicos-publicos\/wp-content\/uploads\/sites\/18\/2025\/10\/img_9432-300x375.jpg 300w, https:\/\/jundiai.sp.gov.br\/infraestrutura-e-servicos-publicos\/wp-content\/uploads\/sites\/18\/2025\/10\/img_9432.jpg 1013w\" sizes=\"auto, (max-width: 768px) 100vw, 768px\" \/><\/figure><div class=\"wp-block-media-text__content\">\n<h2 class=\"wp-block-heading\"><strong>Jeferson Coimbra<\/strong> <\/h2>\n\n\n\n<p>Formado em Gest\u00e3o e Produ\u00e7\u00e3o Industrial, Jeferson Coimbra possui mais de 14 anos de experi\u00eancia no setor imobili\u00e1rio, com atua\u00e7\u00e3o em corretagem, habita\u00e7\u00e3o, constru\u00e7\u00e3o, vendas e planejamento de empreendimentos residenciais e comerciais. \u00c9 administrador e propriet\u00e1rio de uma imobili\u00e1ria, al\u00e9m de atuar como perito e assistente t\u00e9cnico judicial, elaborando laudos e per\u00edcias na \u00e1rea imobili\u00e1ria.<\/p>\n\n\n\n<p>Atualmente, \u00e9 presidente da Associa\u00e7\u00e3o Comercial e Empresarial de V\u00e1rzea Paulista e membro do Conselho de Desenvolvimento Urbano (Condeurb) e do Conselho de Defesa do Meio Ambiente (Condema). Ao longo de sua trajet\u00f3ria profissional, coordenou projetos de constru\u00e7\u00e3o de loteamentos e condom\u00ednios residenciais, administrou conflitos entre empresas e comunidades e representou \u00f3rg\u00e3os p\u00fablicos na busca de solu\u00e7\u00f5es para demandas habitacionais.<\/p>\n<\/div><\/div>\n\n\n\n<p><\/p>\n","protected":false},"excerpt":{"rendered":"<p>Jeferson Coimbra Formado em Gest\u00e3o e Produ\u00e7\u00e3o Industrial, Jeferson Coimbra possui mais de 14 anos de experi\u00eancia no setor imobili\u00e1rio, com atua\u00e7\u00e3o em corretagem, habita\u00e7\u00e3o, constru\u00e7\u00e3o, vendas e planejamento de empreendimentos residenciais e comerciais. \u00c9 administrador e propriet\u00e1rio de uma imobili\u00e1ria, al\u00e9m de atuar como perito e assistente t\u00e9cnico judicial, elaborando laudos e per\u00edcias na [&hellip;]<\/p>\n","protected":false},"author":5,"featured_media":0,"parent":0,"menu_order":0,"comment_status":"closed","ping_status":"closed","template":"","meta":{"footnotes":""},"class_list":["post-13","page","type-page","status-publish","hentry"],"_links":{"self":[{"href":"https:\/\/jundiai.sp.gov.br\/infraestrutura-e-servicos-publicos\/wp-json\/wp\/v2\/pages\/13","targetHints":{"allow":["GET"]}}],"collection":[{"href":"https:\/\/jundiai.sp.gov.br\/infraestrutura-e-servicos-publicos\/wp-json\/wp\/v2\/pages"}],"about":[{"href":"https:\/\/jundiai.sp.gov.br\/infraestrutura-e-servicos-publicos\/wp-json\/wp\/v2\/types\/page"}],"author":[{"embeddable":true,"href":"https:\/\/jundiai.sp.gov.br\/infraestrutura-e-servicos-publicos\/wp-json\/wp\/v2\/users\/5"}],"replies":[{"embeddable":true,"href":"https:\/\/jundiai.sp.gov.br\/infraestrutura-e-servicos-publicos\/wp-json\/wp\/v2\/comments?post=13"}],"version-history":[{"count":32,"href":"https:\/\/jundiai.sp.gov.br\/infraestrutura-e-servicos-publicos\/wp-json\/wp\/v2\/pages\/13\/revisions"}],"predecessor-version":[{"id":4889,"href":"https:\/\/jundiai.sp.gov.br\/infraestrutura-e-servicos-publicos\/wp-json\/wp\/v2\/pages\/13\/revisions\/4889"}],"wp:attachment":[{"href":"https:\/\/jundiai.sp.gov.br\/infraestrutura-e-servicos-publicos\/wp-json\/wp\/v2\/media?parent=13"}],"curies":[{"name":"wp","href":"https:\/\/api.w.org\/{rel}","templated":true}]}}