{"id":20,"date":"2014-08-21T19:15:05","date_gmt":"2014-08-21T22:15:05","guid":{"rendered":"https:\/\/jundiai.sp.gov.br\/servicos-publicos\/?page_id=20"},"modified":"2014-09-29T11:56:15","modified_gmt":"2014-09-29T14:56:15","slug":"poda-anual-de-arvores-em-areas-publicas","status":"publish","type":"page","link":"https:\/\/jundiai.sp.gov.br\/infraestrutura-e-servicos-publicos\/arborizacao-urbana\/poda-anual-de-arvores-em-areas-publicas\/","title":{"rendered":"Poda Anual de \u00c1rvores em \u00c1reas P\u00fablicas"},"content":{"rendered":"<p>Este servi\u00e7o \u00e9 de responsabilidade exclusiva da Prefeitura do Munic\u00edpio de Jundia\u00ed, atrav\u00e9s de suas Unidades de Servi\u00e7o, que executam as tarefas necess\u00e1rias, tais como: poda de raiz e poda de copa (corretiva, conforma\u00e7\u00e3o, limpeza, levantamento de copa). J\u00e1 h\u00e1 uma programa\u00e7\u00e3o em andamento para este tipo de servi\u00e7o.<\/p>\n<p>Lembramos que o mun\u00edcipe n\u00e3o deve plantar \u00e1rvores em \u00e1reas p\u00fablicas, pois muitos dos problemas existentes atualmente (pedidos de poda de \u00e1rvores, remo\u00e7\u00e3o de \u00e1rvores, cal\u00e7adas quebradas, queda de \u00e1rvores sobre carros, muros e edifica\u00e7\u00f5es, cal\u00e7adas levantadas, escorreg\u00f5es, presen\u00e7a de morcegos e outros animais, entre outros) s\u00e3o conseq\u00fc\u00eancia de \u00e1rvores plantadas em local inadequado ou esp\u00e9cie inadequada plantada no local.<\/p>\n<p>Nossa cidade \u00e9 bem arborizada. Isso significa sombra e ar de boa qualidade.<\/p>\n<p>Lembramos tamb\u00e9m que cada \u00e1rvore tem sua \u00e9poca de poda. Em fun\u00e7\u00e3o desta \u00e9poca de poda, as Unidades de Servi\u00e7o fazem uma programa\u00e7\u00e3o para os servi\u00e7os. Fora da \u00e9poca de poda, para evitar estressar a planta ou prejudic\u00e1-la, somente efetuaremos podas corretivas em fun\u00e7\u00e3o de interfaces problem\u00e1ticas com fia\u00e7\u00e3o el\u00e9trica ou similar.<\/p>\n<p>Sempre que quiser o plantio de uma \u00e1rvore em \u00e1rea p\u00fablica ou poda de uma j\u00e1 existente contatar-nos atrav\u00e9s do telefone 156 ou do \u00edcone E-MAIL deste site, explicando o motivo do pedido.<\/p>\n<p>Para pedidos de remo\u00e7\u00e3o de \u00e1rvores o procedimento \u00e9 diferente: s\u00f3 com protocolo no Pa\u00e7o Municipal.<\/p>\n","protected":false},"excerpt":{"rendered":"<p>Este servi\u00e7o \u00e9 de responsabilidade exclusiva da Prefeitura do Munic\u00edpio de Jundia\u00ed, atrav\u00e9s de suas Unidades de Servi\u00e7o, que executam as tarefas necess\u00e1rias, tais como: poda de raiz e poda de copa (corretiva, conforma\u00e7\u00e3o, limpeza, levantamento de copa). J\u00e1 h\u00e1 uma programa\u00e7\u00e3o em andamento para este tipo de servi\u00e7o. Lembramos que o mun\u00edcipe n\u00e3o deve [&hellip;]<\/p>\n","protected":false},"author":11,"featured_media":0,"parent":18,"menu_order":0,"comment_status":"closed","ping_status":"closed","template":"","meta":{"footnotes":""},"class_list":["post-20","page","type-page","status-publish","hentry"],"_links":{"self":[{"href":"https:\/\/jundiai.sp.gov.br\/infraestrutura-e-servicos-publicos\/wp-json\/wp\/v2\/pages\/20","targetHints":{"allow":["GET"]}}],"collection":[{"href":"https:\/\/jundiai.sp.gov.br\/infraestrutura-e-servicos-publicos\/wp-json\/wp\/v2\/pages"}],"about":[{"href":"https:\/\/jundiai.sp.gov.br\/infraestrutura-e-servicos-publicos\/wp-json\/wp\/v2\/types\/page"}],"author":[{"embeddable":true,"href":"https:\/\/jundiai.sp.gov.br\/infraestrutura-e-servicos-publicos\/wp-json\/wp\/v2\/users\/11"}],"replies":[{"embeddable":true,"href":"https:\/\/jundiai.sp.gov.br\/infraestrutura-e-servicos-publicos\/wp-json\/wp\/v2\/comments?post=20"}],"version-history":[{"count":2,"href":"https:\/\/jundiai.sp.gov.br\/infraestrutura-e-servicos-publicos\/wp-json\/wp\/v2\/pages\/20\/revisions"}],"predecessor-version":[{"id":247,"href":"https:\/\/jundiai.sp.gov.br\/infraestrutura-e-servicos-publicos\/wp-json\/wp\/v2\/pages\/20\/revisions\/247"}],"up":[{"embeddable":true,"href":"https:\/\/jundiai.sp.gov.br\/infraestrutura-e-servicos-publicos\/wp-json\/wp\/v2\/pages\/18"}],"wp:attachment":[{"href":"https:\/\/jundiai.sp.gov.br\/infraestrutura-e-servicos-publicos\/wp-json\/wp\/v2\/media?parent=20"}],"curies":[{"name":"wp","href":"https:\/\/api.w.org\/{rel}","templated":true}]}}