{"id":2389,"date":"2021-03-08T11:37:46","date_gmt":"2021-03-08T14:37:46","guid":{"rendered":"https:\/\/jundiai.sp.gov.br\/infraestrutura-e-servicos-publicos\/?page_id=2389"},"modified":"2022-12-19T14:55:53","modified_gmt":"2022-12-19T17:55:53","slug":"higienizacao-de-conteineres","status":"publish","type":"page","link":"https:\/\/jundiai.sp.gov.br\/infraestrutura-e-servicos-publicos\/limpeza-publica\/higienizacao-de-conteineres\/","title":{"rendered":"Higieniza\u00e7\u00e3o de Cont\u00eaineres"},"content":{"rendered":"\n<p><a href=\"https:\/\/jundiai.sp.gov.br\/infraestrutura-e-servicos-publicos\/wp-content\/uploads\/sites\/18\/2021\/03\/mapa-higienizacao-jundiai.pdf\">Mapa de Higieniza\u00e7\u00e3o <\/a><\/p>\n\n\n\n<p><a href=\"https:\/\/jundiai.sp.gov.br\/infraestrutura-e-servicos-publicos\/wp-content\/uploads\/sites\/18\/2021\/03\/programacao-de-higienizacao-jundiai.pdf\">Programa\u00e7\u00e3o <\/a><\/p>\n\n\n\n<ol class=\"wp-block-list\">\n<li><strong>A Conteineriza\u00e7\u00e3o no Munic\u00edpio de Jundia\u00ed<\/strong><br><br>Dadas as observa\u00e7\u00f5es realizadas e captadas pelas empresas de presta\u00e7\u00e3o de servi\u00e7o \u00e0<br>Prefeitura do munic\u00edpio de Jundia\u00ed, o processo de Conteineriza\u00e7\u00e3o teve in\u00edcio pelo Vetor Oeste<br>da cidade, compreendido pelos bairros: Jardim Novo Horizonte (Estrada Municipal do Varj\u00e3o),<br>Residencial Jundia\u00ed I e II, Parque Almerinda Chaves e Fazenda Grande.<br><br>Os problemas detectados no Vetor Oeste tratava-se de grande quantidade de lixo org\u00e2nico<br>mal acondicionado e espalhado pelas ruas e avenidas dos bairros, mais especificamente nos<br>dias de presta\u00e7\u00e3o de servi\u00e7o da coleta domiciliar org\u00e2nica, com aumento no risco de<br>contamina\u00e7\u00e3o, animais sinantr\u00f3picos e no arraste do res\u00edduo pela chuva e pelo vento.<br><br>Os contentores foram implantados de forma sist\u00eamica \u2013 ou seja \u2013 de forma generalizada, em<br>todas as ruas e avenidas, de forma a adequarem o lixo de forma mais organizada, sem que os<br>res\u00edduos ficassem expostos.<br><br>Al\u00e9m de organizar a forma de descarte do lixo dom\u00e9stico org\u00e2nico, os contentores passam a<br>atender um objetivo ainda maior: a humaniza\u00e7\u00e3o do processo de coleta, uma vez que os<br>coletores deixam de correr grandes extens\u00f5es, evitando acidentes de trabalho,<br>atropelamentos, quedas, passando a ter qualidade de vida no trabalho. Outro aspecto positivo<br>se relaciona com a ergonomia dos trabalhadores da coleta e sobre evitar o contato direto com<br>o res\u00edduo.<br><br><\/li>\n\n\n\n<li><strong>Expans\u00e3o do Projeto de Conteineriza\u00e7\u00e3o<\/strong><br><br>A implanta\u00e7\u00e3o de contentores no Vetor Oeste, trouxe o olhar de outros vetores para a solu\u00e7\u00e3o<br>encontrada, em sua execu\u00e7\u00e3o. Mas a indica\u00e7\u00e3o e Estudo da Plataforma de Infraestrutura e<br>Servi\u00e7os P\u00fablicos j\u00e1 possu\u00eda dados estat\u00edsticos e comportamentais sobre os bairros que se<br>assemelhavam aos problemas encontrados no Vetor Oeste.<br>Atualmente o munic\u00edpio conta com um total de 1895 contentores j\u00e1 instalados de forma<br>estrat\u00e9gica pelos vetores. Dessa forma, considerando os benef\u00edcios da a\u00e7\u00e3o para o sistema de coleta e para a sociedade civil, o objetivo \u00e9 dar continuidade no processo e instalar 500 contentores por ano, de forma a atingir a cidade em sua totalidade.<\/li>\n<\/ol>\n\n\n\n<ol class=\"wp-block-list\" start=\"3\">\n<li><strong>Crit\u00e9rios considerados<\/strong><br><br>Os crit\u00e9rios considerados na implanta\u00e7\u00e3o do Projeto foram:<br><br>a. Situa\u00e7\u00e3o do lixo org\u00e2nico domiciliar depositado nas cal\u00e7adas e a forma como estava<br>acondicionado;<br>b. Dificuldade, demora e risco na coleta por parte da empresa prestadora de servi\u00e7os;<br>c. Humaniza\u00e7\u00e3o do processo de coleta de lixo domiciliar org\u00e2nico;<br>d. Diminui\u00e7\u00e3o do tempo de execu\u00e7\u00e3o do servi\u00e7o.<br><br><\/li>\n\n\n\n<li><strong>O que \u00e9 uma implanta\u00e7\u00e3o sist\u00eamica?<\/strong><br><br>A implanta\u00e7\u00e3o sist\u00eamica \u00e9 uma forma generalizada de instalar v\u00e1rios contentores ao mesmo<br>tempo, cobrindo de forma GERAL, todo um bairro. Quando os contentores s\u00e3o instalados de<br>maneira individualizada, eles acabam por se tornar um ponto de descarte de entulho e restos<br>de material de constru\u00e7\u00e3o e muitas vezes um ponto de descarte de outros materiais. S\u00e3o<br>chamados de ponto com v\u00edcio de descarte.<\/li>\n<\/ol>\n","protected":false},"excerpt":{"rendered":"<p>Mapa de Higieniza\u00e7\u00e3o Programa\u00e7\u00e3o<\/p>\n","protected":false},"author":69,"featured_media":0,"parent":45,"menu_order":0,"comment_status":"closed","ping_status":"closed","template":"","meta":{"footnotes":""},"class_list":["post-2389","page","type-page","status-publish","hentry"],"_links":{"self":[{"href":"https:\/\/jundiai.sp.gov.br\/infraestrutura-e-servicos-publicos\/wp-json\/wp\/v2\/pages\/2389","targetHints":{"allow":["GET"]}}],"collection":[{"href":"https:\/\/jundiai.sp.gov.br\/infraestrutura-e-servicos-publicos\/wp-json\/wp\/v2\/pages"}],"about":[{"href":"https:\/\/jundiai.sp.gov.br\/infraestrutura-e-servicos-publicos\/wp-json\/wp\/v2\/types\/page"}],"author":[{"embeddable":true,"href":"https:\/\/jundiai.sp.gov.br\/infraestrutura-e-servicos-publicos\/wp-json\/wp\/v2\/users\/69"}],"replies":[{"embeddable":true,"href":"https:\/\/jundiai.sp.gov.br\/infraestrutura-e-servicos-publicos\/wp-json\/wp\/v2\/comments?post=2389"}],"version-history":[{"count":3,"href":"https:\/\/jundiai.sp.gov.br\/infraestrutura-e-servicos-publicos\/wp-json\/wp\/v2\/pages\/2389\/revisions"}],"predecessor-version":[{"id":3518,"href":"https:\/\/jundiai.sp.gov.br\/infraestrutura-e-servicos-publicos\/wp-json\/wp\/v2\/pages\/2389\/revisions\/3518"}],"up":[{"embeddable":true,"href":"https:\/\/jundiai.sp.gov.br\/infraestrutura-e-servicos-publicos\/wp-json\/wp\/v2\/pages\/45"}],"wp:attachment":[{"href":"https:\/\/jundiai.sp.gov.br\/infraestrutura-e-servicos-publicos\/wp-json\/wp\/v2\/media?parent=2389"}],"curies":[{"name":"wp","href":"https:\/\/api.w.org\/{rel}","templated":true}]}}

Higienização de Contêineres

<p><a href="https://jundiai.sp.gov.br/infraestrutura-e-servicos-publicos/wp-content/uploads/sites/18/2021/03/mapa-higienizacao-jundiai.pdf">Mapa de Higienização </a></p>



<p><a href="https://jundiai.sp.gov.br/infraestrutura-e-servicos-publicos/wp-content/uploads/sites/18/2021/03/programacao-de-higienizacao-jundiai.pdf">Programação </a></p>



<ol class="wp-block-list">
<li><strong>A Conteinerização no Município de Jundiaí</strong><br><br>Dadas as observações realizadas e captadas pelas empresas de prestação de serviço à<br>Prefeitura do município de Jundiaí, o processo de Conteinerização teve início pelo Vetor Oeste<br>da cidade, compreendido pelos bairros: Jardim Novo Horizonte (Estrada Municipal do Varjão),<br>Residencial Jundiaí I e II, Parque Almerinda Chaves e Fazenda Grande.<br><br>Os problemas detectados no Vetor Oeste tratava-se de grande quantidade de lixo orgânico<br>mal acondicionado e espalhado pelas ruas e avenidas dos bairros, mais especificamente nos<br>dias de prestação de serviço da coleta domiciliar orgânica, com aumento no risco de<br>contaminação, animais sinantrópicos e no arraste do resíduo pela chuva e pelo vento.<br><br>Os contentores foram implantados de forma sistêmica – ou seja – de forma generalizada, em<br>todas as ruas e avenidas, de forma a adequarem o lixo de forma mais organizada, sem que os<br>resíduos ficassem expostos.<br><br>Além de organizar a forma de descarte do lixo doméstico orgânico, os contentores passam a<br>atender um objetivo ainda maior: a humanização do processo de coleta, uma vez que os<br>coletores deixam de correr grandes extensões, evitando acidentes de trabalho,<br>atropelamentos, quedas, passando a ter qualidade de vida no trabalho. Outro aspecto positivo<br>se relaciona com a ergonomia dos trabalhadores da coleta e sobre evitar o contato direto com<br>o resíduo.<br><br></li>



<li><strong>Expansão do Projeto de Conteinerização</strong><br><br>A implantação de contentores no Vetor Oeste, trouxe o olhar de outros vetores para a solução<br>encontrada, em sua execução. Mas a indicação e Estudo da Plataforma de Infraestrutura e<br>Serviços Públicos já possuía dados estatísticos e comportamentais sobre os bairros que se<br>assemelhavam aos problemas encontrados no Vetor Oeste.<br>Atualmente o município conta com um total de 1895 contentores já instalados de forma<br>estratégica pelos vetores. Dessa forma, considerando os benefícios da ação para o sistema de coleta e para a sociedade civil, o objetivo é dar continuidade no processo e instalar 500 contentores por ano, de forma a atingir a cidade em sua totalidade.</li>
</ol>



<ol class="wp-block-list" start="3">
<li><strong>Critérios considerados</strong><br><br>Os critérios considerados na implantação do Projeto foram:<br><br>a. Situação do lixo orgânico domiciliar depositado nas calçadas e a forma como estava<br>acondicionado;<br>b. Dificuldade, demora e risco na coleta por parte da empresa prestadora de serviços;<br>c. Humanização do processo de coleta de lixo domiciliar orgânico;<br>d. Diminuição do tempo de execução do serviço.<br><br></li>



<li><strong>O que é uma implantação sistêmica?</strong><br><br>A implantação sistêmica é uma forma generalizada de instalar vários contentores ao mesmo<br>tempo, cobrindo de forma GERAL, todo um bairro. Quando os contentores são instalados de<br>maneira individualizada, eles acabam por se tornar um ponto de descarte de entulho e restos<br>de material de construção e muitas vezes um ponto de descarte de outros materiais. São<br>chamados de ponto com vício de descarte.</li>
</ol>

<p>Mapa de Higienização Programação</p>
