{"id":26,"date":"2014-08-21T19:16:41","date_gmt":"2014-08-21T22:16:41","guid":{"rendered":"https:\/\/jundiai.sp.gov.br\/servicos-publicos\/?page_id=26"},"modified":"2020-09-17T15:25:07","modified_gmt":"2020-09-17T18:25:07","slug":"aguas-pluviais","status":"publish","type":"page","link":"https:\/\/jundiai.sp.gov.br\/infraestrutura-e-servicos-publicos\/aguas-pluviais\/","title":{"rendered":"\u00c1guas Pluviais"},"content":{"rendered":"<h2>Manuten\u00e7\u00e3o de Galerias &#8211; Limpeza de Boca de Lobo<\/h2>\n<p>Este servi\u00e7o \u00e9 de fundamental import\u00e2ncia para evitar inunda\u00e7\u00f5es, propaga\u00e7\u00e3o de mau cheiro e cria\u00e7\u00e3o de insetos e animais que prejudicam a sa\u00fade p\u00fablica.<\/p>\n<p>Colabore! N\u00e3o jogue lixo lixos ou entulho nas bocas de lobo, nem fa\u00e7a liga\u00e7\u00f5es clandestinas de esgoto na linha de \u00e1guas pluviais, o que \u00e9 considerado crime.<\/p>\n<p>Caso identifique alguma boca de lobo com lixo, entulho, mau cheiro ou danificada, ou quaisquer outros problemas, registre sua solicita\u00e7\u00e3o pelo telefone 156.<\/p>\n<p>Os casos decorrentes de liga\u00e7\u00e3o clandestina de esgoto nas instala\u00e7\u00f5es de \u00e1guas pluviais ser\u00e3o encaminhados ao <a href=\"https:\/\/www.daejundiai.com.br\/\" target=\"_blank\" rel=\"noopener noreferrer\">DAE<\/a>. Voc\u00ea pode fazer sua den\u00fancia diretamente pelo telefone 08000-133-155.<\/p>\n","protected":false},"excerpt":{"rendered":"<p>Manuten\u00e7\u00e3o de Galerias &#8211; Limpeza de Boca de Lobo Este servi\u00e7o \u00e9 de fundamental import\u00e2ncia para evitar inunda\u00e7\u00f5es, propaga\u00e7\u00e3o de mau cheiro e cria\u00e7\u00e3o de insetos e animais que prejudicam a sa\u00fade p\u00fablica. Colabore! N\u00e3o jogue lixo lixos ou entulho nas bocas de lobo, nem fa\u00e7a liga\u00e7\u00f5es clandestinas de esgoto na linha de \u00e1guas pluviais, [&hellip;]<\/p>\n","protected":false},"author":5,"featured_media":0,"parent":0,"menu_order":0,"comment_status":"closed","ping_status":"closed","template":"page-subpaginas.php","meta":{"footnotes":""},"class_list":["post-26","page","type-page","status-publish","hentry"],"_links":{"self":[{"href":"https:\/\/jundiai.sp.gov.br\/infraestrutura-e-servicos-publicos\/wp-json\/wp\/v2\/pages\/26","targetHints":{"allow":["GET"]}}],"collection":[{"href":"https:\/\/jundiai.sp.gov.br\/infraestrutura-e-servicos-publicos\/wp-json\/wp\/v2\/pages"}],"about":[{"href":"https:\/\/jundiai.sp.gov.br\/infraestrutura-e-servicos-publicos\/wp-json\/wp\/v2\/types\/page"}],"author":[{"embeddable":true,"href":"https:\/\/jundiai.sp.gov.br\/infraestrutura-e-servicos-publicos\/wp-json\/wp\/v2\/users\/5"}],"replies":[{"embeddable":true,"href":"https:\/\/jundiai.sp.gov.br\/infraestrutura-e-servicos-publicos\/wp-json\/wp\/v2\/comments?post=26"}],"version-history":[{"count":4,"href":"https:\/\/jundiai.sp.gov.br\/infraestrutura-e-servicos-publicos\/wp-json\/wp\/v2\/pages\/26\/revisions"}],"predecessor-version":[{"id":2235,"href":"https:\/\/jundiai.sp.gov.br\/infraestrutura-e-servicos-publicos\/wp-json\/wp\/v2\/pages\/26\/revisions\/2235"}],"wp:attachment":[{"href":"https:\/\/jundiai.sp.gov.br\/infraestrutura-e-servicos-publicos\/wp-json\/wp\/v2\/media?parent=26"}],"curies":[{"name":"wp","href":"https:\/\/api.w.org\/{rel}","templated":true}]}}