{"id":3945,"date":"2023-09-06T10:18:30","date_gmt":"2023-09-06T13:18:30","guid":{"rendered":"https:\/\/jundiai.sp.gov.br\/infraestrutura-e-servicos-publicos\/?page_id=3945"},"modified":"2023-09-06T14:46:40","modified_gmt":"2023-09-06T17:46:40","slug":"praca-pet-jose-diogo-de-souza-ceccap","status":"publish","type":"page","link":"https:\/\/jundiai.sp.gov.br\/infraestrutura-e-servicos-publicos\/praca-pet-jose-diogo-de-souza-ceccap\/","title":{"rendered":"Pra\u00e7a Fam\u00edlia &#038; Espa\u00e7o Pet &#8211; Jos\u00e9 Diogo de Souza"},"content":{"rendered":"\n<p>A pra\u00e7a est\u00e1 localizada na rua Alceu de Toledo Pontes &#8211; Parque Cecap Jundia\u00ed, em um espa\u00e7o de aproximadamente 3 mil m\u00b2 com brinquedos para as crian\u00e7as e para os pets, ilumina\u00e7\u00e3o p\u00fablica em LED, academia ao ar livre, bebedouros e tr\u00eas quiosques.<\/p>\n\n\n\n<figure class=\"wp-block-image size-full is-resized\"><img loading=\"lazy\" decoding=\"async\" src=\"https:\/\/jundiai.sp.gov.br\/infraestrutura-e-servicos-publicos\/wp-content\/uploads\/sites\/18\/2023\/09\/visita-na-obra-espaco-pet-familia-morada-das-vinhas_fm_-46-1280x854-3.jpg\" alt=\"\" class=\"wp-image-3966\" width=\"840\" height=\"560\"\/><figcaption class=\"wp-element-caption\">Pra\u00e7a em fase de constru\u00e7\u00e3o com cerca de 50% das obras conclu\u00eddas <\/figcaption><\/figure>\n\n\n\n<p><\/p>\n\n\n\n<p>O nome da pra\u00e7a \u00e9 uma homenagem ao Sr. Diogo que faz parte de uma das fam\u00edlias mais antigas do bairro. A fam\u00edlia chegou \u00e0 cidade de Jundia\u00ed em 1980 para morar no bairro Cecap, no Condom\u00ednio Cerejeira, apartamento B13 do bloco F do Edif\u00edcio Hawai \u2013 uma das primeiras a chegar \u00e0quele bloco.<br><br>O bairro, ainda em constru\u00e7\u00e3o, n\u00e3o tinha infraestrutura, as ruas eram de terra, os \u00f4nibus passavam na Rodovia Geraldo Dias a cada duas horas, vindos de Valinhos para Jundia\u00ed\u2026 tudo era muito dif\u00edcil. O Sr. Diogo tinha carro e, por isso, ajudava os demais moradores, dando carona at\u00e9 a cidade, os levando ao mercado nos fins de semana e ao m\u00e9dico quando precisavam. As crian\u00e7as estudavam na escolinha \u2013 local onde funcionava a administra\u00e7\u00e3o da obra do Cecap, que acabou sendo adaptado para aulas \u2013, e n\u00e3o demorou muito para que os moradores, junto com os sitiantes locais, se unissem para trazer melhorias ao bairro.<\/p>\n\n\n\n<p>A primeira conquista foi a vinda de um Padre para celebrar as missas, que aconteciam embaixo dos blocos, nas garagens. Depois de um tempo, as missas passaram a ser celebradas no barrac\u00e3o, local que serviu de alojamento para os trabalhadores no per\u00edodo da constru\u00e7\u00e3o do Cecap. O Sr. Diogo auxiliava muitas vezes, buscando e levando o Padre embora.<\/p>\n\n\n\n<p><br>Com a doa\u00e7\u00e3o do terreno pela fam\u00edlia Gastaldo para constru\u00e7\u00e3o da Capela, houve uma mobiliza\u00e7\u00e3o de alguns moradores para que a Igreja fosse constru\u00edda. Cada um contribu\u00eda com o que podia, e l\u00e1 estava o Sr. Diogo novamente com sua fam\u00edlia, ajudando no mutir\u00e3o \u2013 carregando e assentando tijolos, pintando, limpando o ch\u00e3o e os vidros.<\/p>\n\n\n\n<p><br>Com a Igreja pronta, o Bispo Dom Roberto Pinarello de Almeida determinou que a Capela seria em homenagem \u00e0 Santa Rita de C\u00e1ssia. A imagem foi encomendada para a missa inaugural na cidade de S\u00e3o Paulo e quem se encarregou de busc\u00e1-la foi o Sr. Diogo, que a trouxe deitada no banco de tr\u00e1s da sua Bras\u00edlia, enrolada em v\u00e1rios cobertores.<\/p>\n\n\n\n<p><br>Sr. Diogo fazia parte da equipe de liturgia, era Ministro de Eucaristia e, entre suas fun\u00e7\u00f5es na igreja, visitava os doentes da comunidade, levando sempre uma palavra de conforto e a Eucaristia. Era respeitado e admirado por todos e sua casa vivia cheia de jovens.<\/p>\n\n\n\n<p><br>Para oferecer um pouco de lazer para as crian\u00e7as do bairro, comprou uma piscina regan de 3.000 litros, a montou na garagem do bloco e adaptou uma mangueira enorme do tanque da sua lavanderia at\u00e9 a piscina para que pudesse ench\u00ea-la. Ele permitia que todas as crian\u00e7as do bairro brincassem \u2013 divers\u00e3o garantida e ele se alegrava com isso.<\/p>\n\n\n\n<p><br>No dia 25 de abril de 1999, quando tinha 57 anos de idade, ouviu do seu apartamento um barulho, como que de bombinhas de festa junina, e crian\u00e7as gritando. Disse para sua esposa e filha que crian\u00e7as haviam se machucado brincando com bombinhas e que precisava ir ajudar. Desceu a rampa e foi at\u00e9 a garagem, onde se deparou com um morador transtornado, alcoolizado e armado. O Sr. Diogo foi assassinado com tr\u00eas tiros \u00e0 queima-roupa, sem ter a chance de falar absolutamente nada ou se defender.<br><br>Deixou para a sua fam\u00edlia e para todos da comunidade a seguinte mensagem:<\/p>\n\n\n\n<p><strong><em>\u201cSer honesto e trabalhador \u00e9 uma obriga\u00e7\u00e3o, n\u00e3o um m\u00e9rito. Sejam pequenos no que for preciso, mas grandes nos valores, e busquem a DEUS, pois Ele sempre ser\u00e1 a for\u00e7a que precisamos e sempre nos conduzir\u00e1 aos melhores caminhos. N\u00e3o fa\u00e7am que a vida seja banal, f\u00fatil e pequena.\u201d<\/em><\/strong><\/p>\n\n\n\n<p><\/p>\n\n\n\n<div class=\"wp-block-group alignwide\"><div class=\"wp-block-group__inner-container is-layout-constrained wp-block-group-is-layout-constrained\">\n<div class=\"wp-block-media-text alignwide is-stacked-on-mobile is-vertically-aligned-center\" style=\"grid-template-columns:20% auto\"><figure class=\"wp-block-media-text__media\"><img loading=\"lazy\" decoding=\"async\" width=\"710\" height=\"925\" src=\"https:\/\/jundiai.sp.gov.br\/infraestrutura-e-servicos-publicos\/wp-content\/uploads\/sites\/18\/2023\/09\/whatsapp-image-2023-09-06-at-10-11-53-2.jpeg\" alt=\"\" class=\"wp-image-3948 size-full\" srcset=\"https:\/\/jundiai.sp.gov.br\/infraestrutura-e-servicos-publicos\/wp-content\/uploads\/sites\/18\/2023\/09\/whatsapp-image-2023-09-06-at-10-11-53-2.jpeg 710w, https:\/\/jundiai.sp.gov.br\/infraestrutura-e-servicos-publicos\/wp-content\/uploads\/sites\/18\/2023\/09\/whatsapp-image-2023-09-06-at-10-11-53-2-300x391.jpeg 300w\" sizes=\"auto, (max-width: 710px) 100vw, 710px\" \/><\/figure><div class=\"wp-block-media-text__content\">\n<p><strong>Jos\u00e9 Diogo de Souza<\/strong><\/p>\n\n\n\n<p>O Sr. Diogo, como era conhecido por todos \u2013 nasceu no dia 9 de dezembro de 1941 na cidade de S\u00e3o Sebasti\u00e3o do Para\u00edso, Minas Gerais. <\/p>\n\n\n\n<p>Aos 18 anos, veio para a cidade de S\u00e3o Paulo para trabalhar \u2013 foi funcion\u00e1rio da Funda\u00e7\u00e3o SEADE &#8211; Sistema Estadual de An\u00e1lise de Dados, vinculada \u00e0 Secretaria da Fazenda e Planejamento do Estado de S\u00e3o Paulo.  Casou-se com Ana L\u00facia Cotrim de Souza no dia do seu anivers\u00e1rio natal\u00edcio, no ano de 1967, em Borborema, S\u00e3o Paulo (cidade natal de sua esposa), e teve dois filhos: Jivago e Lara. <br><\/p>\n<\/div><\/div>\n<\/div><\/div>\n\n\n\n<div style=\"height:112px\" aria-hidden=\"true\" class=\"wp-block-spacer\"><\/div>\n\n\n\n<p><strong>As Pra\u00e7as Espa\u00e7o Fam\u00edlia &amp; Pet possuem denomina\u00e7\u00f5es em homenagens aos cachorros do Canil da Guarda Municipal de Jundia\u00ed. <\/strong><\/p>\n\n\n\n<h2 class=\"wp-block-heading\">Espa\u00e7o Pet Luana <\/h2>\n\n\n\n<div class=\"wp-block-media-text alignwide is-stacked-on-mobile is-vertically-aligned-center\" style=\"grid-template-columns:27% auto\"><figure class=\"wp-block-media-text__media\"><img loading=\"lazy\" decoding=\"async\" width=\"640\" height=\"480\" src=\"https:\/\/jundiai.sp.gov.br\/infraestrutura-e-servicos-publicos\/wp-content\/uploads\/sites\/18\/2023\/09\/whatsapp-image-2023-09-06-at-10-10-03-1.jpeg\" alt=\"\" class=\"wp-image-3956 size-full\" srcset=\"https:\/\/jundiai.sp.gov.br\/infraestrutura-e-servicos-publicos\/wp-content\/uploads\/sites\/18\/2023\/09\/whatsapp-image-2023-09-06-at-10-10-03-1.jpeg 640w, https:\/\/jundiai.sp.gov.br\/infraestrutura-e-servicos-publicos\/wp-content\/uploads\/sites\/18\/2023\/09\/whatsapp-image-2023-09-06-at-10-10-03-1-300x225.jpeg 300w\" sizes=\"auto, (max-width: 640px) 100vw, 640px\" \/><\/figure><div class=\"wp-block-media-text__content\">\n<p><strong>Luana <\/strong><\/p>\n\n\n\n<p>A charmosa Luana integrou o Plantel da GM antes dele existir oficialmente, quando o trabalho com c\u00e3es era prestado por volunt\u00e1rios que acreditavam que, al\u00e9m de melhores amigos das pessoas, eles tamb\u00e9m s\u00e3o excelentes ferramentas de trabalho quando s\u00e3o ensinados a usar al\u00e9m de seus comportamentos instintivos.<\/p>\n<\/div><\/div>\n\n\n\n<p><\/p>\n\n\n\n<p>Ela prestava servi\u00e7o no Patrulhamento Preventivo, campeonato amador de futebol do munic\u00edpio e gestou no Canil sete de seus filhotes, nascidos em 10 de maio de 2003, que passaram a integrar nosso Plantel: Apolo, Chacal, Enzo, Fly, Inca, Rugos e Zeus. Os filhos da Luana uniram os Guardas Municipais Cin\u00f3filos para manter o ambiente saud\u00e1vel e conseguir comprar mais ra\u00e7\u00e3o, suplementos e vacinas, uma vez que o Canil n\u00e3o existia, n\u00e3o havia verba p\u00fablica para mant\u00ea-los e os custos aumentaram muito. Foi o que faltava para motivar a cria\u00e7\u00e3o oficial, que veio com o Decreto 19.489 de 05 de fevereiro de 2004, sendo a Luana o elo entre o in\u00edcio das atividades e a cria\u00e7\u00e3o de uma Institui\u00e7\u00e3o que presta servi\u00e7os maravilhosos \u00e0 popula\u00e7\u00e3o, seja retirando malfeitores das ruas, encontrando pessoas idosas perdidas e alegrando a vida das crian\u00e7as nos hospitais com o c\u00e3o terapia. <\/p>\n","protected":false},"excerpt":{"rendered":"<p>A pra\u00e7a est\u00e1 localizada na rua Alceu de Toledo Pontes &#8211; Parque Cecap Jundia\u00ed, em um espa\u00e7o de aproximadamente 3 mil m\u00b2 com brinquedos para as crian\u00e7as e para os pets, ilumina\u00e7\u00e3o p\u00fablica em LED, academia ao ar livre, bebedouros e tr\u00eas quiosques. O nome da pra\u00e7a \u00e9 uma homenagem ao Sr. Diogo que faz [&hellip;]<\/p>\n","protected":false},"author":69,"featured_media":0,"parent":0,"menu_order":0,"comment_status":"closed","ping_status":"closed","template":"","meta":{"footnotes":""},"class_list":["post-3945","page","type-page","status-publish","hentry"],"_links":{"self":[{"href":"https:\/\/jundiai.sp.gov.br\/infraestrutura-e-servicos-publicos\/wp-json\/wp\/v2\/pages\/3945","targetHints":{"allow":["GET"]}}],"collection":[{"href":"https:\/\/jundiai.sp.gov.br\/infraestrutura-e-servicos-publicos\/wp-json\/wp\/v2\/pages"}],"about":[{"href":"https:\/\/jundiai.sp.gov.br\/infraestrutura-e-servicos-publicos\/wp-json\/wp\/v2\/types\/page"}],"author":[{"embeddable":true,"href":"https:\/\/jundiai.sp.gov.br\/infraestrutura-e-servicos-publicos\/wp-json\/wp\/v2\/users\/69"}],"replies":[{"embeddable":true,"href":"https:\/\/jundiai.sp.gov.br\/infraestrutura-e-servicos-publicos\/wp-json\/wp\/v2\/comments?post=3945"}],"version-history":[{"count":27,"href":"https:\/\/jundiai.sp.gov.br\/infraestrutura-e-servicos-publicos\/wp-json\/wp\/v2\/pages\/3945\/revisions"}],"predecessor-version":[{"id":3986,"href":"https:\/\/jundiai.sp.gov.br\/infraestrutura-e-servicos-publicos\/wp-json\/wp\/v2\/pages\/3945\/revisions\/3986"}],"wp:attachment":[{"href":"https:\/\/jundiai.sp.gov.br\/infraestrutura-e-servicos-publicos\/wp-json\/wp\/v2\/media?parent=3945"}],"curies":[{"name":"wp","href":"https:\/\/api.w.org\/{rel}","templated":true}]}}

Praça Família &#038; Espaço Pet &#8211; José Diogo de Souza

<p>A praça está localizada na rua Alceu de Toledo Pontes &#8211; Parque Cecap Jundiaí, em um espaço de aproximadamente 3 mil m² com brinquedos para as crianças e para os pets, iluminação pública em LED, academia ao ar livre, bebedouros e três quiosques.</p>



<figure class="wp-block-image size-full is-resized"><img loading="lazy" decoding="async" src="https://jundiai.sp.gov.br/infraestrutura-e-servicos-publicos/wp-content/uploads/sites/18/2023/09/visita-na-obra-espaco-pet-familia-morada-das-vinhas_fm_-46-1280x854-3.jpg" alt="" class="wp-image-3966" width="840" height="560"/><figcaption class="wp-element-caption">Praça em fase de construção com cerca de 50% das obras concluídas </figcaption></figure>



<p></p>



<p>O nome da praça é uma homenagem ao Sr. Diogo que faz parte de uma das famílias mais antigas do bairro. A família chegou à cidade de Jundiaí em 1980 para morar no bairro Cecap, no Condomínio Cerejeira, apartamento B13 do bloco F do Edifício Hawai – uma das primeiras a chegar àquele bloco.<br><br>O bairro, ainda em construção, não tinha infraestrutura, as ruas eram de terra, os ônibus passavam na Rodovia Geraldo Dias a cada duas horas, vindos de Valinhos para Jundiaí… tudo era muito difícil. O Sr. Diogo tinha carro e, por isso, ajudava os demais moradores, dando carona até a cidade, os levando ao mercado nos fins de semana e ao médico quando precisavam. As crianças estudavam na escolinha – local onde funcionava a administração da obra do Cecap, que acabou sendo adaptado para aulas –, e não demorou muito para que os moradores, junto com os sitiantes locais, se unissem para trazer melhorias ao bairro.</p>



<p>A primeira conquista foi a vinda de um Padre para celebrar as missas, que aconteciam embaixo dos blocos, nas garagens. Depois de um tempo, as missas passaram a ser celebradas no barracão, local que serviu de alojamento para os trabalhadores no período da construção do Cecap. O Sr. Diogo auxiliava muitas vezes, buscando e levando o Padre embora.</p>



<p><br>Com a doação do terreno pela família Gastaldo para construção da Capela, houve uma mobilização de alguns moradores para que a Igreja fosse construída. Cada um contribuía com o que podia, e lá estava o Sr. Diogo novamente com sua família, ajudando no mutirão – carregando e assentando tijolos, pintando, limpando o chão e os vidros.</p>



<p><br>Com a Igreja pronta, o Bispo Dom Roberto Pinarello de Almeida determinou que a Capela seria em homenagem à Santa Rita de Cássia. A imagem foi encomendada para a missa inaugural na cidade de São Paulo e quem se encarregou de buscá-la foi o Sr. Diogo, que a trouxe deitada no banco de trás da sua Brasília, enrolada em vários cobertores.</p>



<p><br>Sr. Diogo fazia parte da equipe de liturgia, era Ministro de Eucaristia e, entre suas funções na igreja, visitava os doentes da comunidade, levando sempre uma palavra de conforto e a Eucaristia. Era respeitado e admirado por todos e sua casa vivia cheia de jovens.</p>



<p><br>Para oferecer um pouco de lazer para as crianças do bairro, comprou uma piscina regan de 3.000 litros, a montou na garagem do bloco e adaptou uma mangueira enorme do tanque da sua lavanderia até a piscina para que pudesse enchê-la. Ele permitia que todas as crianças do bairro brincassem – diversão garantida e ele se alegrava com isso.</p>



<p><br>No dia 25 de abril de 1999, quando tinha 57 anos de idade, ouviu do seu apartamento um barulho, como que de bombinhas de festa junina, e crianças gritando. Disse para sua esposa e filha que crianças haviam se machucado brincando com bombinhas e que precisava ir ajudar. Desceu a rampa e foi até a garagem, onde se deparou com um morador transtornado, alcoolizado e armado. O Sr. Diogo foi assassinado com três tiros à queima-roupa, sem ter a chance de falar absolutamente nada ou se defender.<br><br>Deixou para a sua família e para todos da comunidade a seguinte mensagem:</p>



<p><strong><em>“Ser honesto e trabalhador é uma obrigação, não um mérito. Sejam pequenos no que for preciso, mas grandes nos valores, e busquem a DEUS, pois Ele sempre será a força que precisamos e sempre nos conduzirá aos melhores caminhos. Não façam que a vida seja banal, fútil e pequena.”</em></strong></p>



<p></p>



<div class="wp-block-group alignwide"><div class="wp-block-group__inner-container is-layout-constrained wp-block-group-is-layout-constrained">
<div class="wp-block-media-text alignwide is-stacked-on-mobile is-vertically-aligned-center" style="grid-template-columns:20% auto"><figure class="wp-block-media-text__media"><img loading="lazy" decoding="async" width="710" height="925" src="https://jundiai.sp.gov.br/infraestrutura-e-servicos-publicos/wp-content/uploads/sites/18/2023/09/whatsapp-image-2023-09-06-at-10-11-53-2.jpeg" alt="" class="wp-image-3948 size-full" srcset="https://jundiai.sp.gov.br/infraestrutura-e-servicos-publicos/wp-content/uploads/sites/18/2023/09/whatsapp-image-2023-09-06-at-10-11-53-2.jpeg 710w, https://jundiai.sp.gov.br/infraestrutura-e-servicos-publicos/wp-content/uploads/sites/18/2023/09/whatsapp-image-2023-09-06-at-10-11-53-2-300x391.jpeg 300w" sizes="auto, (max-width: 710px) 100vw, 710px" /></figure><div class="wp-block-media-text__content">
<p><strong>José Diogo de Souza</strong></p>



<p>O Sr. Diogo, como era conhecido por todos – nasceu no dia 9 de dezembro de 1941 na cidade de São Sebastião do Paraíso, Minas Gerais. </p>



<p>Aos 18 anos, veio para a cidade de São Paulo para trabalhar – foi funcionário da Fundação SEADE &#8211; Sistema Estadual de Análise de Dados, vinculada à Secretaria da Fazenda e Planejamento do Estado de São Paulo.  Casou-se com Ana Lúcia Cotrim de Souza no dia do seu aniversário natalício, no ano de 1967, em Borborema, São Paulo (cidade natal de sua esposa), e teve dois filhos: Jivago e Lara. <br></p>
</div></div>
</div></div>



<div style="height:112px" aria-hidden="true" class="wp-block-spacer"></div>



<p><strong>As Praças Espaço Família &amp; Pet possuem denominações em homenagens aos cachorros do Canil da Guarda Municipal de Jundiaí. </strong></p>



<h2 class="wp-block-heading">Espaço Pet Luana </h2>



<div class="wp-block-media-text alignwide is-stacked-on-mobile is-vertically-aligned-center" style="grid-template-columns:27% auto"><figure class="wp-block-media-text__media"><img loading="lazy" decoding="async" width="640" height="480" src="https://jundiai.sp.gov.br/infraestrutura-e-servicos-publicos/wp-content/uploads/sites/18/2023/09/whatsapp-image-2023-09-06-at-10-10-03-1.jpeg" alt="" class="wp-image-3956 size-full" srcset="https://jundiai.sp.gov.br/infraestrutura-e-servicos-publicos/wp-content/uploads/sites/18/2023/09/whatsapp-image-2023-09-06-at-10-10-03-1.jpeg 640w, https://jundiai.sp.gov.br/infraestrutura-e-servicos-publicos/wp-content/uploads/sites/18/2023/09/whatsapp-image-2023-09-06-at-10-10-03-1-300x225.jpeg 300w" sizes="auto, (max-width: 640px) 100vw, 640px" /></figure><div class="wp-block-media-text__content">
<p><strong>Luana </strong></p>



<p>A charmosa Luana integrou o Plantel da GM antes dele existir oficialmente, quando o trabalho com cães era prestado por voluntários que acreditavam que, além de melhores amigos das pessoas, eles também são excelentes ferramentas de trabalho quando são ensinados a usar além de seus comportamentos instintivos.</p>
</div></div>



<p></p>



<p>Ela prestava serviço no Patrulhamento Preventivo, campeonato amador de futebol do município e gestou no Canil sete de seus filhotes, nascidos em 10 de maio de 2003, que passaram a integrar nosso Plantel: Apolo, Chacal, Enzo, Fly, Inca, Rugos e Zeus. Os filhos da Luana uniram os Guardas Municipais Cinófilos para manter o ambiente saudável e conseguir comprar mais ração, suplementos e vacinas, uma vez que o Canil não existia, não havia verba pública para mantê-los e os custos aumentaram muito. Foi o que faltava para motivar a criação oficial, que veio com o Decreto 19.489 de 05 de fevereiro de 2004, sendo a Luana o elo entre o início das atividades e a criação de uma Instituição que presta serviços maravilhosos à população, seja retirando malfeitores das ruas, encontrando pessoas idosas perdidas e alegrando a vida das crianças nos hospitais com o cão terapia. </p>

<p>A praça está localizada na rua Alceu de Toledo Pontes &#8211; Parque Cecap Jundiaí, em um espaço de aproximadamente 3 mil m² com brinquedos para as crianças e para os pets, iluminação pública em LED, academia ao ar livre, bebedouros e três quiosques. O nome da praça é uma homenagem ao Sr. Diogo que faz [&hellip;]</p>
