{"id":4037,"date":"2023-10-23T10:23:09","date_gmt":"2023-10-23T13:23:09","guid":{"rendered":"https:\/\/jundiai.sp.gov.br\/infraestrutura-e-servicos-publicos\/?page_id=4037"},"modified":"2025-08-28T09:59:03","modified_gmt":"2025-08-28T12:59:03","slug":"anuencia-operacoes-de-transporte-e-movimentacoes-de-carga-em-vias-publicas","status":"publish","type":"page","link":"https:\/\/jundiai.sp.gov.br\/infraestrutura-e-servicos-publicos\/obras-de-infraestrutura\/anuencia-operacoes-de-transporte-e-movimentacoes-de-carga-em-vias-publicas\/","title":{"rendered":"Anu\u00eancia Opera\u00e7\u00f5es de Transporte e Movimenta\u00e7\u00f5es de Carga em Vias P\u00fablicas"},"content":{"rendered":"\n<div style=\"height:50px\" aria-hidden=\"true\" class=\"wp-block-spacer\"><\/div>\n\n\n\n<p><strong>CONTATOS PARA INFORMA\u00c7\u00d5ES SOBRE ABERTURA DE SOLICITA\u00c7\u00c3O:<br><\/strong>Setor de Interfer\u00eancias &#8211; Hor\u00e1rio de atendimento 8h00 &#8211; 16h00<br>Presencial com agendamento ou via e-mail (<a href=\"mailto:malvares@jundiai.sp.gov.br\">malvares@jundiai.sp.gov.br<\/a> ou <a href=\"mailto:lvasques@jundiai.sp.gov.br\">lvasques@jundiai.sp.gov.br<\/a>)<\/p>\n\n\n\n<div style=\"height:50px\" aria-hidden=\"true\" class=\"wp-block-spacer\"><\/div>\n\n\n\n<p><strong>FUNDAMENTOS LEGAIS:<\/strong><\/p>\n\n\n\n<ul class=\"wp-block-list\">\n<li>Caso haja interfer\u00eancias com vias pavimentadas, a requerente dever\u00e1 atender as <strong>LEIS MUNICIPAIS N\u00bas 9.039 DE 24 DE SETEMBRO DE 2018, e 9.302 DE 14 DE OUTUBRO 2019, LEI COMPLEMENTAR N.\u00ba 606, DE 25 DE JUNHO DE 2021 <\/strong>referente \u00e0s exig\u00eancias de autoriza\u00e7\u00e3o para atos de deforma\u00e7\u00e3o vi\u00e1ria. A repavimenta\u00e7\u00e3o dos trechos danificados dever\u00e1 obedecer \u00e0s especifica\u00e7\u00f5es da <strong>INSTRU\u00c7\u00c3O DE<\/strong> <strong>REPARA\u00c7\u00c3O DE PAVIMENTOS FLEX\u00cdVEIS DANIFICADOS POR ABERTURA DE VALAS IR-01\/2018 da Prefeitura do Munic\u00edpio de S\u00e3o Paulo;<\/strong><\/li>\n\n\n\n<li><strong>LEI COMPLEMENTAR N.\u00ba 606<\/strong>, DE 25 DE JUNHO DE 2021 &#8211; ARTIGO 38;<\/li>\n\n\n\n<li>Demais dispositivos legais municipais, estaduais e federais pertinentes ao objeto.<\/li>\n<\/ul>\n\n\n\n<div style=\"height:50px\" aria-hidden=\"true\" class=\"wp-block-spacer\"><\/div>\n\n\n\n<p><strong>DOCUMENTOS OBRIGAT\u00d3RIOS:<\/strong><\/p>\n\n\n\n<ol class=\"wp-block-list\">\n<li>Requerimento padr\u00e3o;<\/li>\n\n\n\n<li>Memorial Descritivo;<\/li>\n\n\n\n<li>Plano de Rigging;<\/li>\n\n\n\n<li>Relat\u00f3rio fotogr\u00e1fico;<\/li>\n\n\n\n<li>Contrato Social;<\/li>\n\n\n\n<li>ART de projeto;<\/li>\n\n\n\n<li>Procura\u00e7\u00e3o para representa\u00e7\u00e3o legal;<\/li>\n\n\n\n<li>Documento do representante;<\/li>\n\n\n\n<li>Projeto de sinaliza\u00e7\u00e3o de tr\u00e2nsito.<\/li>\n\n\n\n<li>Comprovante de inscri\u00e7\u00e3o e situa\u00e7\u00e3o cadastral<\/li>\n\n\n\n<li>ART de opera\u00e7\u00e3o de guindaste<\/li>\n\n\n\n<li>Comprovante da inscri\u00e7\u00e3o na UGGF (Unidade de Gest\u00e3o de Governo e Finan\u00e7as) da pessoa Jur\u00eddica respons\u00e1vel pela execu\u00e7\u00e3o (c\u00f3pia do documento de inscri\u00e7\u00e3o)<\/li>\n<\/ol>\n\n\n\n<div style=\"height:50px\" aria-hidden=\"true\" class=\"wp-block-spacer\"><\/div>\n\n\n\n<p><strong>DETALHAMENTO NECESS\u00c1RIO DO MEMORIAL DESCRITIVO:<\/strong><\/p>\n\n\n\n<div class=\"wp-block-file\"><a id=\"wp-block-file--media-c0c6308b-f0d8-40b8-81b8-aa0c4feb33c9\" href=\"https:\/\/jundiai.sp.gov.br\/infraestrutura-e-servicos-publicos\/wp-content\/uploads\/sites\/18\/2023\/10\/anexo-02-_-memorial-descritivo-da-movimenta__o-de-cargas.pdf\" target=\"_blank\" rel=\"noreferrer noopener\">Anexo 02 &#8211; Memorial Descritivo da Movimenta\u00e7\u00e3o de Cargas<\/a><a href=\"https:\/\/jundiai.sp.gov.br\/infraestrutura-e-servicos-publicos\/wp-content\/uploads\/sites\/18\/2023\/10\/anexo-02-_-memorial-descritivo-da-movimenta__o-de-cargas.pdf\" class=\"wp-block-file__button wp-element-button\" download aria-describedby=\"wp-block-file--media-c0c6308b-f0d8-40b8-81b8-aa0c4feb33c9\">Baixar<\/a><\/div>\n\n\n\n<div class=\"wp-block-file\"><a id=\"wp-block-file--media-763aeb50-bd88-458a-a49e-82641c4cbfb7\" href=\"https:\/\/jundiai.sp.gov.br\/infraestrutura-e-servicos-publicos\/wp-content\/uploads\/sites\/18\/2023\/10\/modelo-de-planilha-de-coordenadas-georreferenciadas.xlsx\">Modelo de Planilha de coordenadas georreferenciadas<\/a><a href=\"https:\/\/jundiai.sp.gov.br\/infraestrutura-e-servicos-publicos\/wp-content\/uploads\/sites\/18\/2023\/10\/modelo-de-planilha-de-coordenadas-georreferenciadas.xlsx\" class=\"wp-block-file__button wp-element-button\" download aria-describedby=\"wp-block-file--media-763aeb50-bd88-458a-a49e-82641c4cbfb7\">Baixar<\/a><\/div>\n\n\n\n<div style=\"height:50px\" aria-hidden=\"true\" class=\"wp-block-spacer\"><\/div>\n\n\n\n<p><strong>OBSERVA\u00c7\u00d5ES ADICIONAIS:<\/strong><\/p>\n\n\n\n<p>Durante o processo h\u00e1 cobran\u00e7a de taxas e de cau\u00e7\u00e3o.<\/p>\n","protected":false},"excerpt":{"rendered":"<p>CONTATOS PARA INFORMA\u00c7\u00d5ES SOBRE ABERTURA DE SOLICITA\u00c7\u00c3O:Setor de Interfer\u00eancias &#8211; Hor\u00e1rio de atendimento 8h00 &#8211; 16h00Presencial com agendamento ou via e-mail (malvares@jundiai.sp.gov.br ou lvasques@jundiai.sp.gov.br) FUNDAMENTOS LEGAIS: DOCUMENTOS OBRIGAT\u00d3RIOS: DETALHAMENTO NECESS\u00c1RIO DO MEMORIAL DESCRITIVO: OBSERVA\u00c7\u00d5ES ADICIONAIS: Durante o processo h\u00e1 cobran\u00e7a de taxas e de cau\u00e7\u00e3o.<\/p>\n","protected":false},"author":8,"featured_media":0,"parent":4032,"menu_order":0,"comment_status":"closed","ping_status":"closed","template":"","meta":{"footnotes":""},"class_list":["post-4037","page","type-page","status-publish","hentry"],"_links":{"self":[{"href":"https:\/\/jundiai.sp.gov.br\/infraestrutura-e-servicos-publicos\/wp-json\/wp\/v2\/pages\/4037","targetHints":{"allow":["GET"]}}],"collection":[{"href":"https:\/\/jundiai.sp.gov.br\/infraestrutura-e-servicos-publicos\/wp-json\/wp\/v2\/pages"}],"about":[{"href":"https:\/\/jundiai.sp.gov.br\/infraestrutura-e-servicos-publicos\/wp-json\/wp\/v2\/types\/page"}],"author":[{"embeddable":true,"href":"https:\/\/jundiai.sp.gov.br\/infraestrutura-e-servicos-publicos\/wp-json\/wp\/v2\/users\/8"}],"replies":[{"embeddable":true,"href":"https:\/\/jundiai.sp.gov.br\/infraestrutura-e-servicos-publicos\/wp-json\/wp\/v2\/comments?post=4037"}],"version-history":[{"count":9,"href":"https:\/\/jundiai.sp.gov.br\/infraestrutura-e-servicos-publicos\/wp-json\/wp\/v2\/pages\/4037\/revisions"}],"predecessor-version":[{"id":4749,"href":"https:\/\/jundiai.sp.gov.br\/infraestrutura-e-servicos-publicos\/wp-json\/wp\/v2\/pages\/4037\/revisions\/4749"}],"up":[{"embeddable":true,"href":"https:\/\/jundiai.sp.gov.br\/infraestrutura-e-servicos-publicos\/wp-json\/wp\/v2\/pages\/4032"}],"wp:attachment":[{"href":"https:\/\/jundiai.sp.gov.br\/infraestrutura-e-servicos-publicos\/wp-json\/wp\/v2\/media?parent=4037"}],"curies":[{"name":"wp","href":"https:\/\/api.w.org\/{rel}","templated":true}]}}