{"id":424,"date":"2015-09-15T14:07:22","date_gmt":"2015-09-15T17:07:22","guid":{"rendered":"https:\/\/jundiai.sp.gov.br\/servicos-publicos\/?page_id=424"},"modified":"2026-02-19T17:18:49","modified_gmt":"2026-02-19T20:18:49","slug":"parque-do-trabalhador-corrupira","status":"publish","type":"page","link":"https:\/\/jundiai.sp.gov.br\/infraestrutura-e-servicos-publicos\/parques-municipais\/parque-do-trabalhador-corrupira\/","title":{"rendered":"Parque do Trabalhador \u2013 Corrupira"},"content":{"rendered":"\n<figure class=\"wp-block-image\"><img loading=\"lazy\" decoding=\"async\" width=\"300\" height=\"200\" src=\"https:\/\/jundiai.sp.gov.br\/infraestrutura-e-servicos-publicos\/wp-content\/uploads\/sites\/18\/2025\/05\/reta_final_parque_corrupira_v-49-300x200.jpg\" alt=\"\" class=\"wp-image-4650\" srcset=\"https:\/\/jundiai.sp.gov.br\/infraestrutura-e-servicos-publicos\/wp-content\/uploads\/sites\/18\/2025\/05\/reta_final_parque_corrupira_v-49-300x200.jpg 300w, https:\/\/jundiai.sp.gov.br\/infraestrutura-e-servicos-publicos\/wp-content\/uploads\/sites\/18\/2025\/05\/reta_final_parque_corrupira_v-49-1280x854.jpg 1280w, https:\/\/jundiai.sp.gov.br\/infraestrutura-e-servicos-publicos\/wp-content\/uploads\/sites\/18\/2025\/05\/reta_final_parque_corrupira_v-49-768x512.jpg 768w, https:\/\/jundiai.sp.gov.br\/infraestrutura-e-servicos-publicos\/wp-content\/uploads\/sites\/18\/2025\/05\/reta_final_parque_corrupira_v-49-1536x1024.jpg 1536w, https:\/\/jundiai.sp.gov.br\/infraestrutura-e-servicos-publicos\/wp-content\/uploads\/sites\/18\/2025\/05\/reta_final_parque_corrupira_v-49.jpg 1900w\" sizes=\"auto, (max-width: 300px) 100vw, 300px\" \/><\/figure>\n\n\n\n<p><\/p>\n\n\n\n<p class=\"ds-markdown-paragraph\"><strong>Parque do Trabalhador (Parque do Corrupira)<\/strong><\/p>\n\n\n\n<p><strong>Hor\u00e1rios, endere\u00e7o e telefone:\u00a0<\/strong><\/p>\n\n\n\n<ul class=\"wp-block-list\">\n<li>Aberto de quinta-feira a domingo e feriados, das 07h \u00e0s 17h.<br><strong>(Segunda, ter\u00e7a e quarta-feira: parque fechado para manuten\u00e7\u00e3o e conserva\u00e7\u00e3o.)<\/strong><br><\/li>\n\n\n\n<li>Pra\u00e7a Pet: aberta todos os dias da semana, de segunda a segunda.<br><\/li>\n\n\n\n<li>Funcionamento do trenzinho: aos s\u00e1bados, domingos e feriados, das 9h30 \u00e0s 11h e das 13h30 \u00e0s 16h30.<br><\/li>\n\n\n\n<li>Atendimento: (11) 4589-9541<\/li>\n<\/ul>\n\n\n\n<p class=\"ds-markdown-paragraph\"><strong>O parque oferece:<\/strong><\/p>\n\n\n\n<p>\u2013 48 quiosques equipados com churrasqueiras e pia.<br>\n\u2013 33 Mesas de piquenique espalhadas pelo parque (sem churrasqueira e sem pia) sem necessidade de agendamento.<br>\n\u2013 2 quiosques de apoio: 1 com pia (sem churrasqueira) ao lado da Pra\u00e7a Pet e outro no Melipon\u00e1rio.<br>\n\u2013 Grelhas dispon\u00edveis na administra\u00e7\u00e3o&nbsp;(mediante apresenta\u00e7\u00e3o de documento com foto)<br>\n\u2013 Permiss\u00e3o para levar churrasqueira pr\u00f3pria<br>\n\u2013 \u00c1rea para eventos e apresenta\u00e7\u00f5es<br>\n\u2013 Trenzinho (aos s\u00e1bados, domingos e feriados)<br>\n\u2013 Playground infantil<br>\n\u2013 Amplo espa\u00e7o para piqueniques<br>\n\u2013 Estacionamento<\/p>\n\n\n\n<p class=\"ds-markdown-paragraph\"><strong>Regras do parque:<\/strong><br> <img decoding=\"async\" class=\"an1\" src=\"https:\/\/fonts.gstatic.com\/s\/e\/notoemoji\/16.0\/274c\/32.png\" alt=\"\u274c\" style=\"width: 16px;\">\u00a0\u00c9 proibido circular com bicicletas, patins ou patinetes nas \u00e1reas internas<br> <img decoding=\"async\" class=\"an1\" src=\"https:\/\/fonts.gstatic.com\/s\/e\/notoemoji\/16.0\/274c\/32.png\" alt=\"\u274c\" style=\"width: 16px;\">\u00a0N\u00e3o \u00e9 permitido soltar pipas.<br> <img decoding=\"async\" class=\"an1\" src=\"https:\/\/fonts.gstatic.com\/s\/e\/notoemoji\/16.0\/274c\/32.png\" alt=\"\u274c\" style=\"width: 16px;\">\u00a0N\u00e3o jogue lixo no ch\u00e3o e ajude a preservar a \u00e1rea \u2013 use as lixeiras dispon\u00edveis.<br> <img decoding=\"async\" class=\"an1\" src=\"https:\/\/fonts.gstatic.com\/s\/e\/notoemoji\/16.0\/274c\/32.png\" alt=\"\u274c\" style=\"width: 16px;\">\u00a0Animais devem estar sempre com coleira e supervisionados (exceto na pra\u00e7a pet)<br> <img decoding=\"async\" class=\"an1\" src=\"https:\/\/fonts.gstatic.com\/s\/e\/notoemoji\/16.0\/274c\/32.png\" alt=\"\u274c\" style=\"width: 16px;\">\u00a0Proibido animais no passeio do trenzinho.<\/p>\n\n\n\n<p><strong>Agendamento Quiosques:<br>\n<\/strong><\/p>\n\n\n\n<div>\n<p>A abertura da agenda ser\u00e1 sempre \u00e0s segundas-feiras, a partir do meio-dia, com a libera\u00e7\u00e3o das datas para o final de semana seguinte.<\/p>\n<\/div>\n\n\n\n<div><\/div>\n\n\n\n<h4 class=\"wp-block-heading\"><a href=\"https:\/\/web.cijun.sp.gov.br\/PMJ\/AGENDAMENTO\/13\/manutencao-agendamento\/2323\">Agendamento<\/a><\/h4>\n\n\n\n<p><a href=\"https:\/\/web.cijun.sp.gov.br\/PMJ\/AGENDAMENTO\/13\/consulta-agendamento\">Consultar Agendamento<\/a><\/p>\n\n\n\n<p><a href=\"https:\/\/web.cijun.sp.gov.br\/PMJ\/AGENDAMENTO\/13\/cancelamento-agendamento\">Cancelar Agendamento<\/a><\/p>\n\n\n\n<p><strong>Orienta\u00e7\u00f5es para agendamento:<\/strong><br>\n<strong>1.<\/strong> O uso do quiosque \u00e9 permitido somente mediante apresenta\u00e7\u00e3o do comprovante de agendamento e retirada da grelha na administra\u00e7\u00e3o, mediante a entrega de um documento pessoal como garantia.<br>\n<strong>2.<\/strong> \u00c9 proibido utilizar o quiosque sem antes passar pela administra\u00e7\u00e3o para confirmar a reserva e retirar a grelha.<br>\n<strong>3.<\/strong> Caso o respons\u00e1vel n\u00e3o apresente o comprovante da reserva para retirada da grelha na administra\u00e7\u00e3o at\u00e9 \u00e0s <strong>08:00 horas<\/strong>, o agendamento ser\u00e1 automaticamente cancelado, e o quiosque ficar\u00e1 dispon\u00edvel para outros usu\u00e1rios.<br>\n<strong>4.<\/strong> A administra\u00e7\u00e3o abre \u00e0s 07:00, momento a partir do qual as reservas podem ser confirmadas e as grelhas retiradas.<br>\n<strong>5.<\/strong> A reserva garante o direito ao uso de um quiosque com grelha. No momento da chegada, o respons\u00e1vel poder\u00e1 escolher, entre os quiosques dispon\u00edveis, aquele que deseja utilizar. N\u00e3o \u00e9 poss\u00edvel escolher o n\u00famero do quiosque.<br>\n<strong>6.<\/strong> \u00c9 obrigat\u00f3rio cuidar do local, mantendo-o limpo e organizado. Utilize som ambiente em volume moderado para evitar penaliza\u00e7\u00f5es.<br>\n<strong>7.<\/strong> Agendamento liberado toda segunda-feira \u00e0 partir das 12:00.<\/p>\n\n\n\n<p><strong>Sobre o Parque:<br>\n<\/strong>O Parque Corrupira \u00e9 um dos destinos mais queridos para lazer ao ar livre em Jundia\u00ed! Inaugurado em 7 de outubro de 1979, o parque passou por uma grande reforma em 2000 e foi revitalizado em 2025, ganhando novos atrativos e infraestrutura. A segunda fase da revitaliza\u00e7\u00e3o ser\u00e1 entregue no dia&nbsp;<strong>12 de outubro<\/strong>, com ainda mais novidades para os visitantes.<\/p>\n\n\n\n<p>Com&nbsp;<strong>225 mil m\u00b2 de \u00e1rea total<\/strong>, sendo&nbsp;<strong>140 mil m\u00b2 de mata nativa preservada<\/strong> \u2014 classificada como reserva biol\u00f3gica \u2014 o parque \u00e9 um verdadeiro ref\u00fagio verde no cora\u00e7\u00e3o da cidade, perfeito para quem busca contato com a natureza, tranquilidade e divers\u00e3o em fam\u00edlia. #Jundia\u00ed\u00c9daGente<\/p>\n","protected":false},"excerpt":{"rendered":"<p>Parque do Trabalhador (Parque do Corrupira) Hor\u00e1rios, endere\u00e7o e telefone:\u00a0 O parque oferece: \u2013 48 quiosques equipados com churrasqueiras e pia. \u2013 33 Mesas de piquenique espalhadas pelo parque (sem churrasqueira e sem pia) sem necessidade de agendamento. \u2013 2 quiosques de apoio: 1 com pia (sem churrasqueira) ao lado da Pra\u00e7a Pet e outro [&hellip;]<\/p>\n","protected":false},"author":14,"featured_media":0,"parent":399,"menu_order":5,"comment_status":"closed","ping_status":"closed","template":"","meta":{"footnotes":""},"class_list":["post-424","page","type-page","status-publish","hentry"],"_links":{"self":[{"href":"https:\/\/jundiai.sp.gov.br\/infraestrutura-e-servicos-publicos\/wp-json\/wp\/v2\/pages\/424","targetHints":{"allow":["GET"]}}],"collection":[{"href":"https:\/\/jundiai.sp.gov.br\/infraestrutura-e-servicos-publicos\/wp-json\/wp\/v2\/pages"}],"about":[{"href":"https:\/\/jundiai.sp.gov.br\/infraestrutura-e-servicos-publicos\/wp-json\/wp\/v2\/types\/page"}],"author":[{"embeddable":true,"href":"https:\/\/jundiai.sp.gov.br\/infraestrutura-e-servicos-publicos\/wp-json\/wp\/v2\/users\/14"}],"replies":[{"embeddable":true,"href":"https:\/\/jundiai.sp.gov.br\/infraestrutura-e-servicos-publicos\/wp-json\/wp\/v2\/comments?post=424"}],"version-history":[{"count":44,"href":"https:\/\/jundiai.sp.gov.br\/infraestrutura-e-servicos-publicos\/wp-json\/wp\/v2\/pages\/424\/revisions"}],"predecessor-version":[{"id":4948,"href":"https:\/\/jundiai.sp.gov.br\/infraestrutura-e-servicos-publicos\/wp-json\/wp\/v2\/pages\/424\/revisions\/4948"}],"up":[{"embeddable":true,"href":"https:\/\/jundiai.sp.gov.br\/infraestrutura-e-servicos-publicos\/wp-json\/wp\/v2\/pages\/399"}],"wp:attachment":[{"href":"https:\/\/jundiai.sp.gov.br\/infraestrutura-e-servicos-publicos\/wp-json\/wp\/v2\/media?parent=424"}],"curies":[{"name":"wp","href":"https:\/\/api.w.org\/{rel}","templated":true}]}}