{"id":430,"date":"2015-09-15T14:13:30","date_gmt":"2015-09-15T17:13:30","guid":{"rendered":"https:\/\/jundiai.sp.gov.br\/servicos-publicos\/?page_id=430"},"modified":"2021-10-08T14:44:10","modified_gmt":"2021-10-08T17:44:10","slug":"parque-jardim-do-lago-antonio-garcia-machado","status":"publish","type":"page","link":"https:\/\/jundiai.sp.gov.br\/infraestrutura-e-servicos-publicos\/parques-municipais\/parque-jardim-do-lago-antonio-garcia-machado\/","title":{"rendered":"Parque Jardim do Lago Ant\u00f4nio Garcia Machado"},"content":{"rendered":"<p>O <strong>Parque do Jardim do Lago<\/strong> foi inaugurado em 2015 e conta com \u00e1rea de lazer com <strong>duas quadras poliesportivas, dois playgrounds, duas academias ao ar livre, pista de skate, circuito de slackline, pista de caminhada com cerca de dois quil\u00f4metros, dois vesti\u00e1rios e duas guaritas com o Programa Parque Seguro<\/strong>, com monitoramento 24 horas.<\/p>\n<div id=\"attachment_431\" style=\"width: 730px\" class=\"wp-caption aligncenter\"><a href=\"https:\/\/jundiai.sp.gov.br\/infraestrutura-e-servicos-publicos\/wp-content\/uploads\/sites\/18\/2015\/09\/parque_jardim_lago_P_198G-720x448.jpg\"><img loading=\"lazy\" decoding=\"async\" aria-describedby=\"caption-attachment-431\" class=\"size-full wp-image-431\" src=\"https:\/\/jundiai.sp.gov.br\/infraestrutura-e-servicos-publicos\/wp-content\/uploads\/sites\/18\/2015\/09\/parque_jardim_lago_P_198G-720x448.jpg\" alt=\"Parque Jardim do Lago \u2013 Ant\u00f4nio Garcia Machado\" width=\"720\" height=\"448\" srcset=\"https:\/\/jundiai.sp.gov.br\/infraestrutura-e-servicos-publicos\/wp-content\/uploads\/sites\/18\/2015\/09\/parque_jardim_lago_P_198G-720x448.jpg 720w, https:\/\/jundiai.sp.gov.br\/infraestrutura-e-servicos-publicos\/wp-content\/uploads\/sites\/18\/2015\/09\/parque_jardim_lago_P_198G-720x448-300x186.jpg 300w\" sizes=\"auto, (max-width: 720px) 100vw, 720px\" \/><\/a><p id=\"caption-attachment-431\" class=\"wp-caption-text\">Parque Jardim do Lago \u2013 Ant\u00f4nio Garcia Machado<\/p><\/div>\n<p><strong>Endere\u00e7o:<\/strong> O Parque do Jardim do Lago fica ao lado da Par\u00f3quia Nossa Senhora do Montenegro, entre as rua Jos\u00e9 Pedro de Oliveira e Avenida dos Expedicion\u00e1rios.<\/p>\n<p><strong>Aberto diariamente das 6h \u00e0s 17h.\u00a0<\/strong><\/p>\n","protected":false},"excerpt":{"rendered":"<p>O Parque do Jardim do Lago foi inaugurado em 2015 e conta com \u00e1rea de lazer com duas quadras poliesportivas, dois playgrounds, duas academias ao ar livre, pista de skate, circuito de slackline, pista de caminhada com cerca de dois quil\u00f4metros, dois vesti\u00e1rios e duas guaritas com o Programa Parque Seguro, com monitoramento 24 horas. [&hellip;]<\/p>\n","protected":false},"author":14,"featured_media":0,"parent":399,"menu_order":6,"comment_status":"closed","ping_status":"closed","template":"","meta":{"footnotes":""},"class_list":["post-430","page","type-page","status-publish","hentry"],"_links":{"self":[{"href":"https:\/\/jundiai.sp.gov.br\/infraestrutura-e-servicos-publicos\/wp-json\/wp\/v2\/pages\/430","targetHints":{"allow":["GET"]}}],"collection":[{"href":"https:\/\/jundiai.sp.gov.br\/infraestrutura-e-servicos-publicos\/wp-json\/wp\/v2\/pages"}],"about":[{"href":"https:\/\/jundiai.sp.gov.br\/infraestrutura-e-servicos-publicos\/wp-json\/wp\/v2\/types\/page"}],"author":[{"embeddable":true,"href":"https:\/\/jundiai.sp.gov.br\/infraestrutura-e-servicos-publicos\/wp-json\/wp\/v2\/users\/14"}],"replies":[{"embeddable":true,"href":"https:\/\/jundiai.sp.gov.br\/infraestrutura-e-servicos-publicos\/wp-json\/wp\/v2\/comments?post=430"}],"version-history":[{"count":10,"href":"https:\/\/jundiai.sp.gov.br\/infraestrutura-e-servicos-publicos\/wp-json\/wp\/v2\/pages\/430\/revisions"}],"predecessor-version":[{"id":2778,"href":"https:\/\/jundiai.sp.gov.br\/infraestrutura-e-servicos-publicos\/wp-json\/wp\/v2\/pages\/430\/revisions\/2778"}],"up":[{"embeddable":true,"href":"https:\/\/jundiai.sp.gov.br\/infraestrutura-e-servicos-publicos\/wp-json\/wp\/v2\/pages\/399"}],"wp:attachment":[{"href":"https:\/\/jundiai.sp.gov.br\/infraestrutura-e-servicos-publicos\/wp-json\/wp\/v2\/media?parent=430"}],"curies":[{"name":"wp","href":"https:\/\/api.w.org\/{rel}","templated":true}]}}