{"id":47,"date":"2014-08-21T19:25:01","date_gmt":"2014-08-21T22:25:01","guid":{"rendered":"https:\/\/jundiai.sp.gov.br\/servicos-publicos\/?page_id=47"},"modified":"2023-01-23T17:06:29","modified_gmt":"2023-01-23T20:06:29","slug":"residuos-de-servicos-de-saude","status":"publish","type":"page","link":"https:\/\/jundiai.sp.gov.br\/infraestrutura-e-servicos-publicos\/limpeza-publica\/residuos-de-servicos-de-saude\/","title":{"rendered":"Res\u00edduos de Servi\u00e7os de Sa\u00fade"},"content":{"rendered":"<p>Res\u00edduos de Servi\u00e7os de Sa\u00fade (RSS) s\u00e3o todos aqueles gerados por servi\u00e7os relacionados com o atendimento \u00e0 sa\u00fade humana ou animal, como: drogarias e farm\u00e1cias, funer\u00e1rias, necrot\u00e9rios, servi\u00e7os de embalsamamento, servi\u00e7os de medicina legal, servi\u00e7os de piercing e tatuagem, servi\u00e7os de acupuntura, sal\u00f5es de beleza e est\u00e9ticas, laborat\u00f3rios de an\u00e1lises de sa\u00fade, respons\u00e1veis por materiais e controle para diagn\u00f3stico <em>in vitro<\/em>, estabelecimentos de ensino e pesquisa em sa\u00fade, cl\u00ednicas veterin\u00e1rias e centros de controle de zoonoses. Devido \u00e0s caracter\u00edsticas, esses res\u00edduos necessitam de processos diferenciados em seu manejo, exigindo ou n\u00e3o tratamento pr\u00e9vio \u00e0 sua disposi\u00e7\u00e3o final;<\/p>\n<p>Cabe aos geradores de res\u00edduos de servi\u00e7o de sa\u00fade e ao respons\u00e1vel legal, o gerenciamento dos res\u00edduos desde a gera\u00e7\u00e3o at\u00e9 a disposi\u00e7\u00e3o final. Desta forma, os res\u00edduos de hospitais particulares s\u00e3o de responsabilidade da pr\u00f3pria empresa.<\/p>\n<p>Os res\u00edduos de cl\u00ednicas, farm\u00e1cias e cl\u00ednicas veterin\u00e1rias s\u00e3o coletados periodicamente, conforme necessidade individual, por empresa terceirizada e, posteriormente, encaminhado para incinera\u00e7\u00e3o em Mau\u00e1 &#8211; SP.<\/p>\n<p>Caso ocorra algum problema ou interesse neste tipo de recolhimento, registre sua solicita\u00e7\u00e3o pelo telefone 156 ou pelo e-mail:\u00a0<a href=\"mailto:ugisp-pmj@jundiai.sp.gov.br\">ugisp-pmj@jundiai.sp.gov.br<\/a>. Lembramos que, para evitar riscos \u00e0 popula\u00e7\u00e3o e acidentes com os trabalhadores da coleta, este tipo de res\u00edduo deve ser adequadamente embalado e identificado e nunca deve ser colocado junto ao \u201clixo comum\u201d.<\/p>\n<p><strong>Os res\u00edduos de servi\u00e7os de sa\u00fade recebem a seguinte classifica\u00e7\u00e3o:<\/strong><\/p>\n<p><strong>Grupo A:<\/strong>\u00a0res\u00edduos com a poss\u00edvel presen\u00e7a de agentes biol\u00f3gicos que podem apresentar risco de infec\u00e7\u00e3o;<br \/>\n<strong>Grupo B:<\/strong>\u00a0res\u00edduos contendo produtos qu\u00edmicos, dependendo de suas caracter\u00edsticas de inflamabilidade, corrosividade, reatividade e toxicidade;<br \/>\n<strong>Grupo C<\/strong>: rejeitos radioativos;<br \/>\n<strong>Grupo D:<\/strong>\u00a0res\u00edduos que n\u00e3o apresentam risco biol\u00f3gico, qu\u00edmico ou radiol\u00f3gico \u00e0 sa\u00fade ou ao meio ambiente, podendo ser equiparados aos res\u00edduos domiciliares;<br \/>\n<strong>Grupo E:<\/strong> res\u00edduos perfurocortantes ou escarificantes.<\/p>\n<h2>Remo\u00e7\u00e3o de animais mortos de pequeno porte<\/h2>\n<p>A remo\u00e7\u00e3o de animais mortos de pequeno porte cabe \u00e0 Prefeitura segundo a Lei n\u00ba 2.140\/1975, \u00e9 realizada de forma gratuita atrav\u00e9s da solicita\u00e7\u00e3o do mun\u00edcipe. Posteriormente, os animais mortos s\u00e3o encaminhados para incinera\u00e7\u00e3o.<\/p>\n<p>Para solicitar a remo\u00e7\u00e3o de animal morto de pequeno porte o contato deve ser realizado atrav\u00e9s do canal de comunica\u00e7\u00e3o 156, de segunda a sexta das 8h \u00e0s 18h. Em demais dias e hor\u00e1rios, ligue (19) 99816-7918.<\/p>\n","protected":false},"excerpt":{"rendered":"<p>Res\u00edduos de Servi\u00e7os de Sa\u00fade (RSS) s\u00e3o todos aqueles gerados por servi\u00e7os relacionados com o atendimento \u00e0 sa\u00fade humana ou animal, como: drogarias e farm\u00e1cias, funer\u00e1rias, necrot\u00e9rios, servi\u00e7os de embalsamamento, servi\u00e7os de medicina legal, servi\u00e7os de piercing e tatuagem, servi\u00e7os de acupuntura, sal\u00f5es de beleza e est\u00e9ticas, laborat\u00f3rios de an\u00e1lises de sa\u00fade, respons\u00e1veis por materiais [&hellip;]<\/p>\n","protected":false},"author":11,"featured_media":0,"parent":45,"menu_order":5,"comment_status":"closed","ping_status":"closed","template":"","meta":{"footnotes":""},"class_list":["post-47","page","type-page","status-publish","hentry"],"_links":{"self":[{"href":"https:\/\/jundiai.sp.gov.br\/infraestrutura-e-servicos-publicos\/wp-json\/wp\/v2\/pages\/47","targetHints":{"allow":["GET"]}}],"collection":[{"href":"https:\/\/jundiai.sp.gov.br\/infraestrutura-e-servicos-publicos\/wp-json\/wp\/v2\/pages"}],"about":[{"href":"https:\/\/jundiai.sp.gov.br\/infraestrutura-e-servicos-publicos\/wp-json\/wp\/v2\/types\/page"}],"author":[{"embeddable":true,"href":"https:\/\/jundiai.sp.gov.br\/infraestrutura-e-servicos-publicos\/wp-json\/wp\/v2\/users\/11"}],"replies":[{"embeddable":true,"href":"https:\/\/jundiai.sp.gov.br\/infraestrutura-e-servicos-publicos\/wp-json\/wp\/v2\/comments?post=47"}],"version-history":[{"count":7,"href":"https:\/\/jundiai.sp.gov.br\/infraestrutura-e-servicos-publicos\/wp-json\/wp\/v2\/pages\/47\/revisions"}],"predecessor-version":[{"id":3559,"href":"https:\/\/jundiai.sp.gov.br\/infraestrutura-e-servicos-publicos\/wp-json\/wp\/v2\/pages\/47\/revisions\/3559"}],"up":[{"embeddable":true,"href":"https:\/\/jundiai.sp.gov.br\/infraestrutura-e-servicos-publicos\/wp-json\/wp\/v2\/pages\/45"}],"wp:attachment":[{"href":"https:\/\/jundiai.sp.gov.br\/infraestrutura-e-servicos-publicos\/wp-json\/wp\/v2\/media?parent=47"}],"curies":[{"name":"wp","href":"https:\/\/api.w.org\/{rel}","templated":true}]}}