{"id":4750,"date":"2025-08-29T12:10:41","date_gmt":"2025-08-29T15:10:41","guid":{"rendered":"https:\/\/jundiai.sp.gov.br\/infraestrutura-e-servicos-publicos\/?page_id=4750"},"modified":"2025-10-02T10:18:04","modified_gmt":"2025-10-02T13:18:04","slug":"emissao-certidao-infraestrutura","status":"publish","type":"page","link":"https:\/\/jundiai.sp.gov.br\/infraestrutura-e-servicos-publicos\/obras-de-infraestrutura\/emissao-certidao-infraestrutura\/","title":{"rendered":"Emiss\u00e3o de Certid\u00e3o de Infraestrutura"},"content":{"rendered":"\n<p><a href=\"https:\/\/sei.jundiai.sp.gov.br\/sei\/controlador_externo.php?acao=usuario_externo_logar&amp;id_orgao_acesso_externo=0\">LINK PARA PETICIONAMENTO DE PROCESSO<\/a><\/p>\n\n\n\n<p>Clique no link acima para iniciar a tramita\u00e7\u00e3o do processo para obten\u00e7\u00e3o de&nbsp;Certid\u00e3o&nbsp;de Infraestrutura. Ao fazer login no sistema, deve ser selecionado o tipo de Peticionamento (Processo Novo) com o nome &#8220;Certid\u00e3o&nbsp;de Infraestrutura&#8221;.<\/p>\n\n\n\n<p>\u00c9 preciso inserir todos os documentos essenciais e fazer upload do requerimento com a solicita\u00e7\u00e3o da&nbsp;Certid\u00e3o.<\/p>\n\n\n\n<p>\u00c9 poss\u00edvel que haja solicita\u00e7\u00e3o adicional de informa\u00e7\u00f5es ou documentos, a depender do caso concreto.<\/p>\n\n\n\n<p>A seguir, ilustramos o fluxo tradicional para obten\u00e7\u00e3o de&nbsp;certid\u00e3o:<\/p>\n\n\n\n<ul class=\"wp-block-list\">\n<li>An\u00e1lise da documenta\u00e7\u00e3o pela Secretaria Municipal de Infraestrutura e Servi\u00e7os P\u00fablicos;<\/li>\n\n\n\n<li>An\u00e1lise do Setor de Ilumina\u00e7\u00e3o P\u00fablica;<\/li>\n\n\n\n<li>An\u00e1lise do Setor de Drenagem;<\/li>\n\n\n\n<li>An\u00e1lise do DAE;<\/li>\n\n\n\n<li>Elabora\u00e7\u00e3o e emiss\u00e3o da certid\u00e3o;<\/li>\n<\/ul>\n\n\n\n<p>Outras tramita\u00e7\u00f5es podem ser necess\u00e1rias, a depender das circunst\u00e2ncias do caso concreto.<\/p>\n\n\n\n<p>Para maiores informa\u00e7\u00f5es, entrar em contato com a Secretaria Municipal de Infraestrutura e Servi\u00e7os P\u00fablicos.<\/p>\n","protected":false},"excerpt":{"rendered":"<p>LINK PARA PETICIONAMENTO DE PROCESSO Clique no link acima para iniciar a tramita\u00e7\u00e3o do processo para obten\u00e7\u00e3o de&nbsp;Certid\u00e3o&nbsp;de Infraestrutura. Ao fazer login no sistema, deve ser selecionado o tipo de Peticionamento (Processo Novo) com o nome &#8220;Certid\u00e3o&nbsp;de Infraestrutura&#8221;. \u00c9 preciso inserir todos os documentos essenciais e fazer upload do requerimento com a solicita\u00e7\u00e3o da&nbsp;Certid\u00e3o. \u00c9 [&hellip;]<\/p>\n","protected":false},"author":117,"featured_media":0,"parent":4032,"menu_order":0,"comment_status":"closed","ping_status":"closed","template":"","meta":{"footnotes":""},"class_list":["post-4750","page","type-page","status-publish","hentry"],"_links":{"self":[{"href":"https:\/\/jundiai.sp.gov.br\/infraestrutura-e-servicos-publicos\/wp-json\/wp\/v2\/pages\/4750","targetHints":{"allow":["GET"]}}],"collection":[{"href":"https:\/\/jundiai.sp.gov.br\/infraestrutura-e-servicos-publicos\/wp-json\/wp\/v2\/pages"}],"about":[{"href":"https:\/\/jundiai.sp.gov.br\/infraestrutura-e-servicos-publicos\/wp-json\/wp\/v2\/types\/page"}],"author":[{"embeddable":true,"href":"https:\/\/jundiai.sp.gov.br\/infraestrutura-e-servicos-publicos\/wp-json\/wp\/v2\/users\/117"}],"replies":[{"embeddable":true,"href":"https:\/\/jundiai.sp.gov.br\/infraestrutura-e-servicos-publicos\/wp-json\/wp\/v2\/comments?post=4750"}],"version-history":[{"count":2,"href":"https:\/\/jundiai.sp.gov.br\/infraestrutura-e-servicos-publicos\/wp-json\/wp\/v2\/pages\/4750\/revisions"}],"predecessor-version":[{"id":4819,"href":"https:\/\/jundiai.sp.gov.br\/infraestrutura-e-servicos-publicos\/wp-json\/wp\/v2\/pages\/4750\/revisions\/4819"}],"up":[{"embeddable":true,"href":"https:\/\/jundiai.sp.gov.br\/infraestrutura-e-servicos-publicos\/wp-json\/wp\/v2\/pages\/4032"}],"wp:attachment":[{"href":"https:\/\/jundiai.sp.gov.br\/infraestrutura-e-servicos-publicos\/wp-json\/wp\/v2\/media?parent=4750"}],"curies":[{"name":"wp","href":"https:\/\/api.w.org\/{rel}","templated":true}]}}