{"id":57,"date":"2014-08-21T19:27:55","date_gmt":"2014-08-21T22:27:55","guid":{"rendered":"https:\/\/jundiai.sp.gov.br\/servicos-publicos\/?page_id=57"},"modified":"2022-10-20T09:34:55","modified_gmt":"2022-10-20T12:34:55","slug":"lixo-eletronico","status":"publish","type":"page","link":"https:\/\/jundiai.sp.gov.br\/infraestrutura-e-servicos-publicos\/limpeza-publica\/residuos-industriais\/lixo-eletronico\/","title":{"rendered":"Lixo Eletr\u00f4nico"},"content":{"rendered":"\n<p>Consiste em pilhas, baterias de telefone, baterias automotivas entre outros.<\/p>\n\n\n\n<p>Os res\u00edduos das ind\u00fastrias s\u00e3o de responsabilidade do gerador, o que significa ser dele a responsabilidade pela destina\u00e7\u00e3o final.<\/p>\n\n\n\n<p><strong>1.&nbsp;&nbsp;&nbsp;&nbsp;&nbsp;<\/strong><strong>Orienta\u00e7\u00f5es ao descarte de lixo eletr\u00f4nico por mun\u00edcipe (pequena quantidade)<\/strong><\/p>\n\n\n\n<figure class=\"wp-block-image size-full\"><img loading=\"lazy\" decoding=\"async\" width=\"779\" height=\"393\" src=\"https:\/\/jundiai.sp.gov.br\/infraestrutura-e-servicos-publicos\/wp-content\/uploads\/sites\/18\/2022\/10\/ugisp.png\" alt=\"\" class=\"wp-image-3457\" srcset=\"https:\/\/jundiai.sp.gov.br\/infraestrutura-e-servicos-publicos\/wp-content\/uploads\/sites\/18\/2022\/10\/ugisp.png 779w, https:\/\/jundiai.sp.gov.br\/infraestrutura-e-servicos-publicos\/wp-content\/uploads\/sites\/18\/2022\/10\/ugisp-300x151.png 300w, https:\/\/jundiai.sp.gov.br\/infraestrutura-e-servicos-publicos\/wp-content\/uploads\/sites\/18\/2022\/10\/ugisp-768x387.png 768w\" sizes=\"auto, (max-width: 779px) 100vw, 779px\" \/><figcaption><a href=\"https:\/\/jundiai.sp.gov.br\/infraestrutura-e-servicos-publicos\/limpeza-publica\/ecopontos\/\">Acesse o link<\/a> para conhecer o ecoponto mais pr\u00f3ximo de sua resid\u00eancia.<\/figcaption><\/figure>\n\n\n\n<p><\/p>\n\n\n\n<p><\/p>\n\n\n\n<p><strong>2.&nbsp;&nbsp;&nbsp;&nbsp;&nbsp;Estabelecimentos comerciais, ind\u00fastria, corpora\u00e7\u00f5es s\u00e3o respons\u00e1veis pelo descarte de material eletr\u00f4nico, que deve ser direcionado ao GERESOL.<\/strong><\/p>\n","protected":false},"excerpt":{"rendered":"<p>Consiste em pilhas, baterias de telefone, baterias automotivas entre outros. Os res\u00edduos das ind\u00fastrias s\u00e3o de responsabilidade do gerador, o que significa ser dele a responsabilidade pela destina\u00e7\u00e3o final. 1.&nbsp;&nbsp;&nbsp;&nbsp;&nbsp;Orienta\u00e7\u00f5es ao descarte de lixo eletr\u00f4nico por mun\u00edcipe (pequena quantidade) 2.&nbsp;&nbsp;&nbsp;&nbsp;&nbsp;Estabelecimentos comerciais, ind\u00fastria, corpora\u00e7\u00f5es s\u00e3o respons\u00e1veis pelo descarte de material eletr\u00f4nico, que deve ser direcionado ao [&hellip;]<\/p>\n","protected":false},"author":11,"featured_media":0,"parent":49,"menu_order":0,"comment_status":"closed","ping_status":"closed","template":"","meta":{"footnotes":""},"class_list":["post-57","page","type-page","status-publish","hentry"],"_links":{"self":[{"href":"https:\/\/jundiai.sp.gov.br\/infraestrutura-e-servicos-publicos\/wp-json\/wp\/v2\/pages\/57","targetHints":{"allow":["GET"]}}],"collection":[{"href":"https:\/\/jundiai.sp.gov.br\/infraestrutura-e-servicos-publicos\/wp-json\/wp\/v2\/pages"}],"about":[{"href":"https:\/\/jundiai.sp.gov.br\/infraestrutura-e-servicos-publicos\/wp-json\/wp\/v2\/types\/page"}],"author":[{"embeddable":true,"href":"https:\/\/jundiai.sp.gov.br\/infraestrutura-e-servicos-publicos\/wp-json\/wp\/v2\/users\/11"}],"replies":[{"embeddable":true,"href":"https:\/\/jundiai.sp.gov.br\/infraestrutura-e-servicos-publicos\/wp-json\/wp\/v2\/comments?post=57"}],"version-history":[{"count":4,"href":"https:\/\/jundiai.sp.gov.br\/infraestrutura-e-servicos-publicos\/wp-json\/wp\/v2\/pages\/57\/revisions"}],"predecessor-version":[{"id":3459,"href":"https:\/\/jundiai.sp.gov.br\/infraestrutura-e-servicos-publicos\/wp-json\/wp\/v2\/pages\/57\/revisions\/3459"}],"up":[{"embeddable":true,"href":"https:\/\/jundiai.sp.gov.br\/infraestrutura-e-servicos-publicos\/wp-json\/wp\/v2\/pages\/49"}],"wp:attachment":[{"href":"https:\/\/jundiai.sp.gov.br\/infraestrutura-e-servicos-publicos\/wp-json\/wp\/v2\/media?parent=57"}],"curies":[{"name":"wp","href":"https:\/\/api.w.org\/{rel}","templated":true}]}}