{"id":751,"date":"2017-03-16T13:43:34","date_gmt":"2017-03-16T16:43:34","guid":{"rendered":"https:\/\/jundiai.sp.gov.br\/infraestrutura-e-servicos-publicos\/?page_id=751"},"modified":"2017-04-07T11:20:30","modified_gmt":"2017-04-07T14:20:30","slug":"conselho","status":"publish","type":"page","link":"https:\/\/jundiai.sp.gov.br\/infraestrutura-e-servicos-publicos\/conselho\/","title":{"rendered":"Conselho"},"content":{"rendered":"<p><strong>Conselho Municipal de Obras e Edifica\u00e7\u00f5es<\/strong><br \/>\n<strong>Presidente:<\/strong> Mari\u00e2ngela Mazzola Mendes<br \/>\n<a href=\"mailto:obraseedificacoes@jundiai.sp.gov.br\" target=\"_blank\">obraseedificacoes@jundiai.sp.gov.br<\/a><br \/>\n<strong>Secret\u00e1ria: <\/strong>Joana Iara de Carvalho &#8211; jocarvalh@jundiai.sp.gov.br<br \/>\n<strong>Telefone:<\/strong> (11) 4589-8564<\/p>\n<p>O Conselho Municipal de Obras e Edifica\u00e7\u00f5es tem car\u00e1ter deliberativo e foi constitu\u00eddo pelo Decreto n\u00ba 15.563, de 12 de junho de 1996, e sua atribui\u00e7\u00e3o legal \u00e9 prestar consultoria ao Executivo quanto \u00e0s proposi\u00e7\u00f5es relacionadas ao <a href=\"https:\/\/jundiai.sp.gov.br\/planejamento-e-meio-ambiente\/wp-content\/uploads\/sites\/15\/2017\/03\/codigo_de_obras-2017-03-site-1.pdf\" target=\"_blank\">C\u00f3digo de Obras e Edifica\u00e7\u00f5es do Munic\u00edpio<\/a> propostas pelo Legislativo.<\/p>\n<p><strong>Conselheiros:<\/strong><br \/>\nAlessandro Aparecido Mazzola &#8211; representante da Associa\u00e7\u00e3o de Engenheiros de Jundia\u00ed (AEJ);<br \/>\nClaudinei Jos\u00e9 Melo Trinca &#8211; representante de Unidade de Gest\u00e3o de Planejamento Urbano e Meio ambiente (UGPUMA);<br \/>\nElias Koshezinikoff &#8211; representante da Empresa da \u00e1rea de constru\u00e7\u00e3o civil (Proempi);<br \/>\nFernando Baradel &#8211; representante do Departamento de Licenciamento de Obras e Instala\u00e7\u00f5es da UGPUMA;<br \/>\nMarco Barreto Serrano &#8211; representante do Departamento de Licenciamento de Obras e Instala\u00e7\u00f5es da UGPUMA;<br \/>\nMari\u00e2ngela Mazzola Mendes &#8211; representante do Instituto de Arquitetos do Brasil (IAB) &#8211; N\u00facleo do Aglomerado Urbano de Jundia\u00ed (AUJ);<br \/>\nMelina Santos &#8211; representante de Unidade de Gest\u00e3o de Planejamento Urbano e Meio ambiente (UGPUMA);<br \/>\nNancy Laranjeira Camargo &#8211; representante do Conselho de Arquitetura e Urbanismo (CAU);<br \/>\nReinaldo Pacanaro &#8211; representante do Conselho Regional de Engenharia e Arquitetura (CREA).<\/p>\n","protected":false},"excerpt":{"rendered":"<p>Conselho Municipal de Obras e Edifica\u00e7\u00f5es Presidente: Mari\u00e2ngela Mazzola Mendes obraseedificacoes@jundiai.sp.gov.br Secret\u00e1ria: Joana Iara de Carvalho &#8211; jocarvalh@jundiai.sp.gov.br Telefone: (11) 4589-8564 O Conselho Municipal de Obras e Edifica\u00e7\u00f5es tem car\u00e1ter deliberativo e foi constitu\u00eddo pelo Decreto n\u00ba 15.563, de 12 de junho de 1996, e sua atribui\u00e7\u00e3o legal \u00e9 prestar consultoria ao Executivo quanto \u00e0s [&hellip;]<\/p>\n","protected":false},"author":8,"featured_media":0,"parent":0,"menu_order":0,"comment_status":"closed","ping_status":"closed","template":"","meta":{"footnotes":""},"class_list":["post-751","page","type-page","status-publish","hentry"],"_links":{"self":[{"href":"https:\/\/jundiai.sp.gov.br\/infraestrutura-e-servicos-publicos\/wp-json\/wp\/v2\/pages\/751","targetHints":{"allow":["GET"]}}],"collection":[{"href":"https:\/\/jundiai.sp.gov.br\/infraestrutura-e-servicos-publicos\/wp-json\/wp\/v2\/pages"}],"about":[{"href":"https:\/\/jundiai.sp.gov.br\/infraestrutura-e-servicos-publicos\/wp-json\/wp\/v2\/types\/page"}],"author":[{"embeddable":true,"href":"https:\/\/jundiai.sp.gov.br\/infraestrutura-e-servicos-publicos\/wp-json\/wp\/v2\/users\/8"}],"replies":[{"embeddable":true,"href":"https:\/\/jundiai.sp.gov.br\/infraestrutura-e-servicos-publicos\/wp-json\/wp\/v2\/comments?post=751"}],"version-history":[{"count":5,"href":"https:\/\/jundiai.sp.gov.br\/infraestrutura-e-servicos-publicos\/wp-json\/wp\/v2\/pages\/751\/revisions"}],"predecessor-version":[{"id":941,"href":"https:\/\/jundiai.sp.gov.br\/infraestrutura-e-servicos-publicos\/wp-json\/wp\/v2\/pages\/751\/revisions\/941"}],"wp:attachment":[{"href":"https:\/\/jundiai.sp.gov.br\/infraestrutura-e-servicos-publicos\/wp-json\/wp\/v2\/media?parent=751"}],"curies":[{"name":"wp","href":"https:\/\/api.w.org\/{rel}","templated":true}]}}