{"id":756,"date":"2017-03-16T13:47:31","date_gmt":"2017-03-16T16:47:31","guid":{"rendered":"https:\/\/jundiai.sp.gov.br\/infraestrutura-e-servicos-publicos\/?page_id=756"},"modified":"2017-03-16T13:47:31","modified_gmt":"2017-03-16T16:47:31","slug":"links","status":"publish","type":"page","link":"https:\/\/jundiai.sp.gov.br\/infraestrutura-e-servicos-publicos\/links\/","title":{"rendered":"Links"},"content":{"rendered":"<ul>\n<li><strong><a href=\"http:\/\/www.aej.org.br\/\" target=\"_blank\">Associa\u00e7\u00e3o dos Engenheiros de Jundia\u00ed<\/a><\/strong><\/li>\n<li><strong><a href=\"http:\/\/www.cetesb.sp.gov.br\/\" target=\"_blank\">Companhia de Tecnologia de Saneamento Ambiental<\/a><\/strong><\/li>\n<li><strong><a href=\"http:\/\/www.creasp.org.br\/\" target=\"_blank\">Conselho Regional de Engenharia, Arquitetura e Agronomia de S\u00e3o Paulo<\/a><\/strong><\/li>\n<li><strong><a href=\"http:\/\/www.corpodebombeiros.sp.gov.br\/\" target=\"_blank\">Corpo de Bombeiros<\/a><\/strong><\/li>\n<li><strong><a href=\"http:\/\/www.daejundiai.com.br\/\" target=\"_blank\">DAE S\/A &#8211; \u00c1gua e Esgoto<\/a><\/strong><\/li>\n<li><strong><a href=\"http:\/\/www.daee.sp.gov.br\/\" target=\"_blank\">Departamento \u00c1guas e Energia El\u00e9trica<\/a><\/strong><\/li>\n<li><strong><a href=\"http:\/\/www.ambiente.sp.gov.br\/\" target=\"_blank\">Departamento Estadual de Prote\u00e7\u00e3o de Recursos Naturais<\/a><\/strong><\/li>\n<li><strong><a href=\"http:\/\/www.iabjundiai.org.br\/\" target=\"_blank\">IAB Jundia\u00ed<\/a><\/strong><\/li>\n<li><strong><a href=\"http:\/\/www.creasp.org.br\/\" target=\"_blank\">CREA SP<\/a><\/strong><\/li>\n<\/ul>\n","protected":false},"excerpt":{"rendered":"<p>Associa\u00e7\u00e3o dos Engenheiros de Jundia\u00ed Companhia de Tecnologia de Saneamento Ambiental Conselho Regional de Engenharia, Arquitetura e Agronomia de S\u00e3o Paulo Corpo de Bombeiros DAE S\/A &#8211; \u00c1gua e Esgoto Departamento \u00c1guas e Energia El\u00e9trica Departamento Estadual de Prote\u00e7\u00e3o de Recursos Naturais IAB Jundia\u00ed CREA SP<\/p>\n","protected":false},"author":8,"featured_media":0,"parent":0,"menu_order":0,"comment_status":"closed","ping_status":"closed","template":"","meta":{"footnotes":""},"class_list":["post-756","page","type-page","status-publish","hentry"],"_links":{"self":[{"href":"https:\/\/jundiai.sp.gov.br\/infraestrutura-e-servicos-publicos\/wp-json\/wp\/v2\/pages\/756","targetHints":{"allow":["GET"]}}],"collection":[{"href":"https:\/\/jundiai.sp.gov.br\/infraestrutura-e-servicos-publicos\/wp-json\/wp\/v2\/pages"}],"about":[{"href":"https:\/\/jundiai.sp.gov.br\/infraestrutura-e-servicos-publicos\/wp-json\/wp\/v2\/types\/page"}],"author":[{"embeddable":true,"href":"https:\/\/jundiai.sp.gov.br\/infraestrutura-e-servicos-publicos\/wp-json\/wp\/v2\/users\/8"}],"replies":[{"embeddable":true,"href":"https:\/\/jundiai.sp.gov.br\/infraestrutura-e-servicos-publicos\/wp-json\/wp\/v2\/comments?post=756"}],"version-history":[{"count":1,"href":"https:\/\/jundiai.sp.gov.br\/infraestrutura-e-servicos-publicos\/wp-json\/wp\/v2\/pages\/756\/revisions"}],"predecessor-version":[{"id":757,"href":"https:\/\/jundiai.sp.gov.br\/infraestrutura-e-servicos-publicos\/wp-json\/wp\/v2\/pages\/756\/revisions\/757"}],"wp:attachment":[{"href":"https:\/\/jundiai.sp.gov.br\/infraestrutura-e-servicos-publicos\/wp-json\/wp\/v2\/media?parent=756"}],"curies":[{"name":"wp","href":"https:\/\/api.w.org\/{rel}","templated":true}]}}