{"id":759,"date":"2017-03-16T13:49:01","date_gmt":"2017-03-16T16:49:01","guid":{"rendered":"https:\/\/jundiai.sp.gov.br\/infraestrutura-e-servicos-publicos\/?page_id=759"},"modified":"2017-03-16T13:49:01","modified_gmt":"2017-03-16T16:49:01","slug":"obras-publicas","status":"publish","type":"page","link":"https:\/\/jundiai.sp.gov.br\/infraestrutura-e-servicos-publicos\/obras-publicas\/","title":{"rendered":"Obras P\u00fablicas"},"content":{"rendered":"<h2>Diretoria de Obras P\u00fablicas<\/h2>\n<p><strong>A DOPB \u2013 Diretoria de Obras P\u00fablicas<\/strong> \u00e9 o \u00f3rg\u00e3o da Secretaria de Obras respons\u00e1vel pela realiza\u00e7\u00e3o dos projetos, or\u00e7amentos e execu\u00e7\u00e3o de obras p\u00fablicas, al\u00e9m de controlar as obras executadas por concession\u00e1rias de servi\u00e7os p\u00fablicos ou por particulares em vias p\u00fablicas ou \u00e1reas integrantes do patrim\u00f4nio municipal. As obras sob a responsabilidade da Diretoria compreendem as edifica\u00e7\u00f5es ou reformas de escolas, unidades b\u00e1sicas de sa\u00fade, pr\u00e9dios administrativos, centros esportivos e; as obras de infra-estrutura, tais como galerias de \u00e1guas pluviais, pontes, viadutos, pavimenta\u00e7\u00e3o e conten\u00e7\u00e3o de encostas.<\/p>\n<p><strong>A Diretoria \u00e9 constitu\u00edda pela DVO \u2013 Divis\u00e3o de Viabiliza\u00e7\u00e3o de Obras<\/strong>, que elabora ou acompanha a elabora\u00e7\u00e3o de projetos contratados, elabora os or\u00e7amentos, prepara os elementos t\u00e9cnicos para as licita\u00e7\u00f5es das obras, realiza avalia\u00e7\u00f5es para desapropria\u00e7\u00f5es e atua na solu\u00e7\u00e3o de interfer\u00eancias com instala\u00e7\u00f5es existentes de \u00e1gua, esgotos, telefonia, energia el\u00e9trica e g\u00e1s e; pela DFOC \u2013 Divis\u00e3o de Fiscaliza\u00e7\u00e3o de Obras Contratadas, que realiza a fiscaliza\u00e7\u00e3o e o controle do pagamento das obras, elabora certid\u00f5es de acervo t\u00e9cnico e controla os recursos or\u00e7ament\u00e1rios dispon\u00edveis em cada contrato.<\/p>\n","protected":false},"excerpt":{"rendered":"<p>Diretoria de Obras P\u00fablicas A DOPB \u2013 Diretoria de Obras P\u00fablicas \u00e9 o \u00f3rg\u00e3o da Secretaria de Obras respons\u00e1vel pela realiza\u00e7\u00e3o dos projetos, or\u00e7amentos e execu\u00e7\u00e3o de obras p\u00fablicas, al\u00e9m de controlar as obras executadas por concession\u00e1rias de servi\u00e7os p\u00fablicos ou por particulares em vias p\u00fablicas ou \u00e1reas integrantes do patrim\u00f4nio municipal. As obras sob [&hellip;]<\/p>\n","protected":false},"author":8,"featured_media":0,"parent":0,"menu_order":0,"comment_status":"closed","ping_status":"closed","template":"","meta":{"footnotes":""},"class_list":["post-759","page","type-page","status-publish","hentry"],"_links":{"self":[{"href":"https:\/\/jundiai.sp.gov.br\/infraestrutura-e-servicos-publicos\/wp-json\/wp\/v2\/pages\/759","targetHints":{"allow":["GET"]}}],"collection":[{"href":"https:\/\/jundiai.sp.gov.br\/infraestrutura-e-servicos-publicos\/wp-json\/wp\/v2\/pages"}],"about":[{"href":"https:\/\/jundiai.sp.gov.br\/infraestrutura-e-servicos-publicos\/wp-json\/wp\/v2\/types\/page"}],"author":[{"embeddable":true,"href":"https:\/\/jundiai.sp.gov.br\/infraestrutura-e-servicos-publicos\/wp-json\/wp\/v2\/users\/8"}],"replies":[{"embeddable":true,"href":"https:\/\/jundiai.sp.gov.br\/infraestrutura-e-servicos-publicos\/wp-json\/wp\/v2\/comments?post=759"}],"version-history":[{"count":1,"href":"https:\/\/jundiai.sp.gov.br\/infraestrutura-e-servicos-publicos\/wp-json\/wp\/v2\/pages\/759\/revisions"}],"predecessor-version":[{"id":760,"href":"https:\/\/jundiai.sp.gov.br\/infraestrutura-e-servicos-publicos\/wp-json\/wp\/v2\/pages\/759\/revisions\/760"}],"wp:attachment":[{"href":"https:\/\/jundiai.sp.gov.br\/infraestrutura-e-servicos-publicos\/wp-json\/wp\/v2\/media?parent=759"}],"curies":[{"name":"wp","href":"https:\/\/api.w.org\/{rel}","templated":true}]}}