{"id":82,"date":"2014-08-22T16:43:39","date_gmt":"2014-08-22T19:43:39","guid":{"rendered":"https:\/\/jundiai.sp.gov.br\/servicos-publicos\/?page_id=82"},"modified":"2014-09-29T12:16:10","modified_gmt":"2014-09-29T15:16:10","slug":"filosofia-dos-3-rs","status":"publish","type":"page","link":"https:\/\/jundiai.sp.gov.br\/infraestrutura-e-servicos-publicos\/limpeza-publica\/residuos-solidos\/filosofia-dos-3-rs\/","title":{"rendered":"Filosofia dos 3 R\u00b4s"},"content":{"rendered":"<p>A maior parte do lixo que vai para os aterros sanit\u00e1rios \u00e9 composta por materiais que poderiam ser reciclados ou reutilizados.<\/p>\n<p>Para modificar este quadro \u00e9 necess\u00e1rio a\u00e7\u00f5es eficazes para preserva\u00e7\u00e3o do meio ambiente e melhoria da qualidade de vida.<\/p>\n<p>Qualquer iniciativa eficaz dever\u00e1 absorver, praticar e divulgar o conceito dos 3 R\u00b4s: Redu\u00e7\u00e3o, Reutiliza\u00e7\u00e3o e Reciclagem, ou seja:<\/p>\n<p>Podemos<strong> REDUZIR<\/strong> a gera\u00e7\u00e3o do lixo consumindo menos e melhor, ou seja, planejamento e racionalizando o uso de materiais do nosso cotidiano.<br \/>\nPodemos <strong>REUTILIZAR<\/strong> v\u00e1rios produtos antes de descartar, usando-os para a mesma fun\u00e7\u00e3o ou criando novas formas de utiliza\u00e7\u00e3o<br \/>\nPodemos <strong>RECICLAR<\/strong> o lixo quando o retornamos ao ciclo de produ\u00e7\u00e3o (industrial, agr\u00edcola ou artesanal).<\/p>\n<p>Estes tr\u00eas conceitos devem ser aplicados tanto na \u00e1rea comercial quanto industrial, mas tamb\u00e9m e principalmente no nosso dia-a-dia como cidad\u00e3os.<\/p>\n","protected":false},"excerpt":{"rendered":"<p>A maior parte do lixo que vai para os aterros sanit\u00e1rios \u00e9 composta por materiais que poderiam ser reciclados ou reutilizados. Para modificar este quadro \u00e9 necess\u00e1rio a\u00e7\u00f5es eficazes para preserva\u00e7\u00e3o do meio ambiente e melhoria da qualidade de vida. Qualquer iniciativa eficaz dever\u00e1 absorver, praticar e divulgar o conceito dos 3 R\u00b4s: Redu\u00e7\u00e3o, Reutiliza\u00e7\u00e3o [&hellip;]<\/p>\n","protected":false},"author":11,"featured_media":0,"parent":78,"menu_order":0,"comment_status":"closed","ping_status":"closed","template":"","meta":{"footnotes":""},"class_list":["post-82","page","type-page","status-publish","hentry"],"_links":{"self":[{"href":"https:\/\/jundiai.sp.gov.br\/infraestrutura-e-servicos-publicos\/wp-json\/wp\/v2\/pages\/82","targetHints":{"allow":["GET"]}}],"collection":[{"href":"https:\/\/jundiai.sp.gov.br\/infraestrutura-e-servicos-publicos\/wp-json\/wp\/v2\/pages"}],"about":[{"href":"https:\/\/jundiai.sp.gov.br\/infraestrutura-e-servicos-publicos\/wp-json\/wp\/v2\/types\/page"}],"author":[{"embeddable":true,"href":"https:\/\/jundiai.sp.gov.br\/infraestrutura-e-servicos-publicos\/wp-json\/wp\/v2\/users\/11"}],"replies":[{"embeddable":true,"href":"https:\/\/jundiai.sp.gov.br\/infraestrutura-e-servicos-publicos\/wp-json\/wp\/v2\/comments?post=82"}],"version-history":[{"count":2,"href":"https:\/\/jundiai.sp.gov.br\/infraestrutura-e-servicos-publicos\/wp-json\/wp\/v2\/pages\/82\/revisions"}],"predecessor-version":[{"id":271,"href":"https:\/\/jundiai.sp.gov.br\/infraestrutura-e-servicos-publicos\/wp-json\/wp\/v2\/pages\/82\/revisions\/271"}],"up":[{"embeddable":true,"href":"https:\/\/jundiai.sp.gov.br\/infraestrutura-e-servicos-publicos\/wp-json\/wp\/v2\/pages\/78"}],"wp:attachment":[{"href":"https:\/\/jundiai.sp.gov.br\/infraestrutura-e-servicos-publicos\/wp-json\/wp\/v2\/media?parent=82"}],"curies":[{"name":"wp","href":"https:\/\/api.w.org\/{rel}","templated":true}]}}