{"id":84,"date":"2014-08-22T16:44:49","date_gmt":"2014-08-22T19:44:49","guid":{"rendered":"https:\/\/jundiai.sp.gov.br\/servicos-publicos\/?page_id=84"},"modified":"2014-09-16T15:39:33","modified_gmt":"2014-09-16T18:39:33","slug":"residuoslixo","status":"publish","type":"page","link":"https:\/\/jundiai.sp.gov.br\/infraestrutura-e-servicos-publicos\/limpeza-publica\/residuos-solidos\/residuoslixo\/","title":{"rendered":"Res\u00edduos\/Lixo"},"content":{"rendered":"<blockquote><p>&#8220;O cuidado com a Terra representa o global. O cuidado com o pr\u00f3prio nicho representa o local. O ser humano tem os p\u00e9s no ch\u00e3o (local) e a cabe\u00e7a aberta no infinito (global). O cora\u00e7\u00e3o une ch\u00e3o e infinito, abismo e estrelas, local e global. A l\u00f3gica do cora\u00e7\u00e3o \u00e9 a capacidade de encontrar a justa medida e construir o equil\u00edbrio din\u00e2mico. Para isto, cada pessoa precisa descobrir-se como parte do ecossistema local e da comunidade bi\u00f3tica, seja em seu aspecto da natureza, seja em sua dimens\u00e3o de cultura&#8221;<\/p>\n<p><q>Leonardo Boff<\/q><\/p><\/blockquote>\n<p>O aumento da produ\u00e7\u00e3o do lixo e sua destina\u00e7\u00e3o s\u00e3o graves problemas ambientais da atualidade para os quais precisamos buscar solu\u00e7\u00f5es imediatas.<\/p>\n<p>Em Jundia\u00ed, a exemplo de outros centros urbanos, em m\u00e9dia, temos a produ\u00e7\u00e3o de 1,3 kg de lixo di\u00e1rio por habitante.<\/p>\n<p>A colabora\u00e7\u00e3o da popula\u00e7\u00e3o contribui para a diminui\u00e7\u00e3o do volume de lixo depositado em aterros sanit\u00e1rios e para a economia de recursos naturais.<\/p>\n<p>Implante a coleta seletiva em sua resid\u00eancia, pr\u00e9dio ou condom\u00ednio.<\/p>\n<p>Tenha um consumo consciente!<\/p>\n<p>Observe o tempo de decomposi\u00e7\u00e3o de alguns materiais:<\/p>\n<ul>\n<li>Chiclete: at\u00e9 5 anos<\/li>\n<li>Embalagem longa vida: mais de 100 anos<\/li>\n<li>Pl\u00e1stico: mais de 100 anos<\/li>\n<li>Madeira: aproximadamente 6 meses<\/li>\n<li>Latas de alum\u00ednio: n\u00e3o se corr\u00f3i nunca<\/li>\n<li>Cigarros com filtro: de 1 a 2 anos<\/li>\n<li>Papel: de 3 meses a v\u00e1rios anos<\/li>\n<li>Latas de a\u00e7o: 10 anos<\/li>\n<li>Restos org\u00e2nicos: de 2 a 12 meses<\/li>\n<\/ul>\n","protected":false},"excerpt":{"rendered":"<p>&#8220;O cuidado com a Terra representa o global. O cuidado com o pr\u00f3prio nicho representa o local. O ser humano tem os p\u00e9s no ch\u00e3o (local) e a cabe\u00e7a aberta no infinito (global). O cora\u00e7\u00e3o une ch\u00e3o e infinito, abismo e estrelas, local e global. A l\u00f3gica do cora\u00e7\u00e3o \u00e9 a capacidade de encontrar a [&hellip;]<\/p>\n","protected":false},"author":11,"featured_media":0,"parent":78,"menu_order":0,"comment_status":"closed","ping_status":"closed","template":"","meta":{"footnotes":""},"class_list":["post-84","page","type-page","status-publish","hentry"],"_links":{"self":[{"href":"https:\/\/jundiai.sp.gov.br\/infraestrutura-e-servicos-publicos\/wp-json\/wp\/v2\/pages\/84","targetHints":{"allow":["GET"]}}],"collection":[{"href":"https:\/\/jundiai.sp.gov.br\/infraestrutura-e-servicos-publicos\/wp-json\/wp\/v2\/pages"}],"about":[{"href":"https:\/\/jundiai.sp.gov.br\/infraestrutura-e-servicos-publicos\/wp-json\/wp\/v2\/types\/page"}],"author":[{"embeddable":true,"href":"https:\/\/jundiai.sp.gov.br\/infraestrutura-e-servicos-publicos\/wp-json\/wp\/v2\/users\/11"}],"replies":[{"embeddable":true,"href":"https:\/\/jundiai.sp.gov.br\/infraestrutura-e-servicos-publicos\/wp-json\/wp\/v2\/comments?post=84"}],"version-history":[{"count":5,"href":"https:\/\/jundiai.sp.gov.br\/infraestrutura-e-servicos-publicos\/wp-json\/wp\/v2\/pages\/84\/revisions"}],"predecessor-version":[{"id":200,"href":"https:\/\/jundiai.sp.gov.br\/infraestrutura-e-servicos-publicos\/wp-json\/wp\/v2\/pages\/84\/revisions\/200"}],"up":[{"embeddable":true,"href":"https:\/\/jundiai.sp.gov.br\/infraestrutura-e-servicos-publicos\/wp-json\/wp\/v2\/pages\/78"}],"wp:attachment":[{"href":"https:\/\/jundiai.sp.gov.br\/infraestrutura-e-servicos-publicos\/wp-json\/wp\/v2\/media?parent=84"}],"curies":[{"name":"wp","href":"https:\/\/api.w.org\/{rel}","templated":true}]}}

Resíduos/Lixo

<blockquote><p>&#8220;O cuidado com a Terra representa o global. O cuidado com o próprio nicho representa o local. O ser humano tem os pés no chão (local) e a cabeça aberta no infinito (global). O coração une chão e infinito, abismo e estrelas, local e global. A lógica do coração é a capacidade de encontrar a justa medida e construir o equilíbrio dinâmico. Para isto, cada pessoa precisa descobrir-se como parte do ecossistema local e da comunidade biótica, seja em seu aspecto da natureza, seja em sua dimensão de cultura&#8221;</p>
<p><q>Leonardo Boff</q></p></blockquote>
<p>O aumento da produção do lixo e sua destinação são graves problemas ambientais da atualidade para os quais precisamos buscar soluções imediatas.</p>
<p>Em Jundiaí, a exemplo de outros centros urbanos, em média, temos a produção de 1,3 kg de lixo diário por habitante.</p>
<p>A colaboração da população contribui para a diminuição do volume de lixo depositado em aterros sanitários e para a economia de recursos naturais.</p>
<p>Implante a coleta seletiva em sua residência, prédio ou condomínio.</p>
<p>Tenha um consumo consciente!</p>
<p>Observe o tempo de decomposição de alguns materiais:</p>
<ul>
<li>Chiclete: até 5 anos</li>
<li>Embalagem longa vida: mais de 100 anos</li>
<li>Plástico: mais de 100 anos</li>
<li>Madeira: aproximadamente 6 meses</li>
<li>Latas de alumínio: não se corrói nunca</li>
<li>Cigarros com filtro: de 1 a 2 anos</li>
<li>Papel: de 3 meses a vários anos</li>
<li>Latas de aço: 10 anos</li>
<li>Restos orgânicos: de 2 a 12 meses</li>
</ul>

<p>&#8220;O cuidado com a Terra representa o global. O cuidado com o próprio nicho representa o local. O ser humano tem os pés no chão (local) e a cabeça aberta no infinito (global). O coração une chão e infinito, abismo e estrelas, local e global. A lógica do coração é a capacidade de encontrar a [&hellip;]</p>
