{"id":90,"date":"2014-08-22T16:50:34","date_gmt":"2014-08-22T19:50:34","guid":{"rendered":"https:\/\/jundiai.sp.gov.br\/servicos-publicos\/?page_id=90"},"modified":"2014-09-29T12:16:34","modified_gmt":"2014-09-29T15:16:34","slug":"armazem-da-natureza","status":"publish","type":"page","link":"https:\/\/jundiai.sp.gov.br\/infraestrutura-e-servicos-publicos\/limpeza-publica\/residuos-solidos\/reciclagem\/armazem-da-natureza\/","title":{"rendered":"Armaz\u00e9m da Natureza"},"content":{"rendered":"<p>Este programa foi lan\u00e7ado pela Prefeitura de Jundia\u00ed em 08\/08\/1997, numa opera\u00e7\u00e3o piloto de coleta de lixo recicl\u00e1vel. \u00c0 partir de abril\/2000, a coleta, assim como a separa\u00e7\u00e3o, foi terceirizada e estendida para toda a cidade. O programa coordena as a\u00e7\u00f5es de supervis\u00e3o de coleta e de a\u00e7\u00f5es educativas.<\/p>\n<p>O maior objetivo \u00e9 a retirada do lixo dom\u00e9stico de todo o material com tempo de vida entre 50 a 1000 anos e dar destino para reaproveitamento, diminuindo significativamente o volume de res\u00edduos destinados ao Aterro Sanit\u00e1rio.<\/p>\n<h2>Dias de Coleta<\/h2>\n<p>Caminh\u00f5es especiais recolhem o lixo recicl\u00e1vel na porta de sua casa em dias espec\u00edficos.\u00a0Para mais informa\u00e7\u00f5es ligue no 156.<\/p>\n","protected":false},"excerpt":{"rendered":"<p>Este programa foi lan\u00e7ado pela Prefeitura de Jundia\u00ed em 08\/08\/1997, numa opera\u00e7\u00e3o piloto de coleta de lixo recicl\u00e1vel. \u00c0 partir de abril\/2000, a coleta, assim como a separa\u00e7\u00e3o, foi terceirizada e estendida para toda a cidade. O programa coordena as a\u00e7\u00f5es de supervis\u00e3o de coleta e de a\u00e7\u00f5es educativas. O maior objetivo \u00e9 a retirada [&hellip;]<\/p>\n","protected":false},"author":11,"featured_media":0,"parent":88,"menu_order":0,"comment_status":"closed","ping_status":"closed","template":"","meta":{"footnotes":""},"class_list":["post-90","page","type-page","status-publish","hentry"],"_links":{"self":[{"href":"https:\/\/jundiai.sp.gov.br\/infraestrutura-e-servicos-publicos\/wp-json\/wp\/v2\/pages\/90","targetHints":{"allow":["GET"]}}],"collection":[{"href":"https:\/\/jundiai.sp.gov.br\/infraestrutura-e-servicos-publicos\/wp-json\/wp\/v2\/pages"}],"about":[{"href":"https:\/\/jundiai.sp.gov.br\/infraestrutura-e-servicos-publicos\/wp-json\/wp\/v2\/types\/page"}],"author":[{"embeddable":true,"href":"https:\/\/jundiai.sp.gov.br\/infraestrutura-e-servicos-publicos\/wp-json\/wp\/v2\/users\/11"}],"replies":[{"embeddable":true,"href":"https:\/\/jundiai.sp.gov.br\/infraestrutura-e-servicos-publicos\/wp-json\/wp\/v2\/comments?post=90"}],"version-history":[{"count":2,"href":"https:\/\/jundiai.sp.gov.br\/infraestrutura-e-servicos-publicos\/wp-json\/wp\/v2\/pages\/90\/revisions"}],"predecessor-version":[{"id":272,"href":"https:\/\/jundiai.sp.gov.br\/infraestrutura-e-servicos-publicos\/wp-json\/wp\/v2\/pages\/90\/revisions\/272"}],"up":[{"embeddable":true,"href":"https:\/\/jundiai.sp.gov.br\/infraestrutura-e-servicos-publicos\/wp-json\/wp\/v2\/pages\/88"}],"wp:attachment":[{"href":"https:\/\/jundiai.sp.gov.br\/infraestrutura-e-servicos-publicos\/wp-json\/wp\/v2\/media?parent=90"}],"curies":[{"name":"wp","href":"https:\/\/api.w.org\/{rel}","templated":true}]}}

Armazém da Natureza

<p>Este programa foi lançado pela Prefeitura de Jundiaí em 08/08/1997, numa operação piloto de coleta de lixo reciclável. À partir de abril/2000, a coleta, assim como a separação, foi terceirizada e estendida para toda a cidade. O programa coordena as ações de supervisão de coleta e de ações educativas.</p>
<p>O maior objetivo é a retirada do lixo doméstico de todo o material com tempo de vida entre 50 a 1000 anos e dar destino para reaproveitamento, diminuindo significativamente o volume de resíduos destinados ao Aterro Sanitário.</p>
<h2>Dias de Coleta</h2>
<p>Caminhões especiais recolhem o lixo reciclável na porta de sua casa em dias específicos. Para mais informações ligue no 156.</p>

<p>Este programa foi lançado pela Prefeitura de Jundiaí em 08/08/1997, numa operação piloto de coleta de lixo reciclável. À partir de abril/2000, a coleta, assim como a separação, foi terceirizada e estendida para toda a cidade. O programa coordena as ações de supervisão de coleta e de ações educativas. O maior objetivo é a retirada [&hellip;]</p>
