{"id":6,"date":"2014-09-17T20:18:37","date_gmt":"2014-09-17T20:18:37","guid":{"rendered":"https:\/\/jundiai.sp.gov.br\/iprejun\/?page_id=6"},"modified":"2023-05-18T11:06:50","modified_gmt":"2023-05-18T14:06:50","slug":"instituto-de-previdencia-do-municipio-de-jundiai","status":"publish","type":"page","link":"https:\/\/jundiai.sp.gov.br\/iprejun\/","title":{"rendered":"Instituto de Previd\u00eancia do Munic\u00edpio de Jundia\u00ed"},"content":{"rendered":"\n<p>O<a rel=\"noreferrer noopener\" href=\"https:\/\/iprejun.sp.gov.br\/N\/\" target=\"_blank\"> Instituto de Previd\u00eancia do Munic\u00edpio de Jundia\u00ed <\/a>(Iprejun) tem como principal objetivo custear  benef\u00edcios previdenci\u00e1rios aos servidores municipais, titulares de cargos efetivos, aposentados e seus dependentes. Trata-se de uma Autarquia respons\u00e1vel pelo pagamento dos benef\u00edcios previdenci\u00e1rios de aposentadoria (volunt\u00e1ria, do professor, do servidor que exerce atividades especiais, do servidor com  efici\u00eancia, por incapacidade permanente para o trabalho e compuls\u00f3ria) e pens\u00f5es por morte.\u00a0<\/p>\n\n\n\n<p>Criado pela <a rel=\"noreferrer noopener\" href=\"https:\/\/sapl.jundiai.sp.leg.br\/sapl_documentos\/norma_juridica\/5873_texto_consolidado.pdf\" target=\"_blank\">Lei 5.894<\/a>, de 12 de setembro de 2002, o Iprejun atua junto aos servidores titulares de cargo efetivo do Munic\u00edpio. Sua estrutura \u00e9 composta pelo Diretor-Presidente, Diretor do Departamento de Planejamento e Gest\u00e3o , Diretor do Departamento de Administra\u00e7\u00e3o \u00a0Financeira e pelo Diretor do Departamento de Benef\u00edcios; Conselho Deliberativo, composto por quatorze membros, o Conselho Fiscal composto por seis membros e o Comit\u00ea de Investimentos composto por cinco membros.<\/p>\n\n\n\n<h2 class=\"wp-block-heading\">Not\u00edcias<\/h2>\n\n\n\n<p><strong><a href=\"https:\/\/jundiai.sp.gov.br\/noticias\/tag\/instituto-de-previdencia-do-municipio-de-jundiai-iprejun\/\">Leia as Not\u00edcias do Iprejun<\/a><\/strong><\/p>\n\n\n\n<h2 class=\"wp-block-heading\">Contato<\/h2>\n\n\n\n<p><strong>Endere\u00e7o: <\/strong>Avenida Doroty&nbsp;Nano Martinasso, 100, Vila Bandeirantes. CEP 13214-012.<br><strong>Contato:<\/strong> 11 3109-0566 (telefone fixo) ou 11 4589-8987 (WhatsApp).<br><strong>Atendimento:<\/strong> de segunda a sexta-feira, das 8h \u00e0s 17h.<br><strong>Siga o IPREJUN nas redes sociais:<\/strong>&nbsp;<a rel=\"noreferrer noopener\" href=\"http:\/\/www.facebook.com\/iprejun\" target=\"_blank\">www.facebook.com\/iprejun<\/a>&nbsp;e&nbsp;<a rel=\"noreferrer noopener\" href=\"http:\/\/www.instagram.com\/iprejun\" target=\"_blank\">www.instagram.com\/iprejun<\/a><br><strong>E-mail:<\/strong> <a rel=\"noopener noreferrer\" href=\"mailto:iprejun@jundiai.sp.gov.br\" target=\"_blank\">iprejun@jundiai.sp.gov.br<\/a><\/p>\n","protected":false},"excerpt":{"rendered":"<p>O Instituto de Previd\u00eancia do Munic\u00edpio de Jundia\u00ed (Iprejun) tem como principal objetivo custear benef\u00edcios previdenci\u00e1rios aos servidores municipais, titulares de cargos efetivos, aposentados e seus dependentes. Trata-se de uma Autarquia respons\u00e1vel pelo pagamento dos benef\u00edcios previdenci\u00e1rios de aposentadoria (volunt\u00e1ria, do professor, do servidor que exerce atividades especiais, do servidor com efici\u00eancia, por incapacidade permanente [&hellip;]<\/p>\n","protected":false},"author":5,"featured_media":0,"parent":0,"menu_order":0,"comment_status":"closed","ping_status":"closed","template":"","meta":{"footnotes":""},"class_list":["post-6","page","type-page","status-publish","hentry"],"_links":{"self":[{"href":"https:\/\/jundiai.sp.gov.br\/iprejun\/wp-json\/wp\/v2\/pages\/6","targetHints":{"allow":["GET"]}}],"collection":[{"href":"https:\/\/jundiai.sp.gov.br\/iprejun\/wp-json\/wp\/v2\/pages"}],"about":[{"href":"https:\/\/jundiai.sp.gov.br\/iprejun\/wp-json\/wp\/v2\/types\/page"}],"author":[{"embeddable":true,"href":"https:\/\/jundiai.sp.gov.br\/iprejun\/wp-json\/wp\/v2\/users\/5"}],"replies":[{"embeddable":true,"href":"https:\/\/jundiai.sp.gov.br\/iprejun\/wp-json\/wp\/v2\/comments?post=6"}],"version-history":[{"count":18,"href":"https:\/\/jundiai.sp.gov.br\/iprejun\/wp-json\/wp\/v2\/pages\/6\/revisions"}],"predecessor-version":[{"id":128,"href":"https:\/\/jundiai.sp.gov.br\/iprejun\/wp-json\/wp\/v2\/pages\/6\/revisions\/128"}],"wp:attachment":[{"href":"https:\/\/jundiai.sp.gov.br\/iprejun\/wp-json\/wp\/v2\/media?parent=6"}],"curies":[{"name":"wp","href":"https:\/\/api.w.org\/{rel}","templated":true}]}}