{"id":155,"date":"2014-09-12T16:29:18","date_gmt":"2014-09-12T19:29:18","guid":{"rendered":"https:\/\/jundiai.sp.gov.br\/mobilidade\/?page_id=155"},"modified":"2026-03-13T17:52:35","modified_gmt":"2026-03-13T20:52:35","slug":"mao-de-direcao","status":"publish","type":"page","link":"https:\/\/jundiai.sp.gov.br\/mobilidade\/engenharia-de-mobilidade\/mao-de-direcao\/","title":{"rendered":"M\u00e3o de Dire\u00e7\u00e3o"},"content":{"rendered":"\n<p>A&nbsp;solicita\u00e7\u00e3o para altera\u00e7\u00e3o de m\u00e3o de dire\u00e7\u00e3o dever\u00e1 ser acompanhada de justificativa assim como de um abaixo assinado com a manifesta\u00e7\u00e3o (favor\u00e1vel ou contr\u00e1ria) de APENAS UM respons\u00e1vel para cada im\u00f3vel localizado no trecho no qual se pretende realizar a mudan\u00e7a. Dentre os crit\u00e9rios para avalia\u00e7\u00e3o da viabilidade do pedido ser\u00e3o considerados: o volume de tr\u00e1fego da via; a circula\u00e7\u00e3o de ve\u00edculos de transporte p\u00fablico coletivo (\u00f4nibus); a quantifica\u00e7\u00e3o da demanda por estacionamento (por tipo de ve\u00edculo); as caracter\u00edsticas f\u00edsicas e funcionais da via (largura, classifica\u00e7\u00e3o vi\u00e1ria, entre outros); os vi\u00e1rios do entorno na qual a via est\u00e1 inserida; o tipo de uso do entorno (comercial, residencial, entre outros) e as condi\u00e7\u00f5es de seguran\u00e7a.&nbsp; &nbsp;<\/p>\n\n\n\n<p><a href=\"https:\/\/jundiai.sp.gov.br\/mobilidade\/wp-content\/uploads\/sites\/19\/2026\/03\/orientacoes-para-solicitacao-alteracao-mao-de-direcao.pdf\">Modelo de solicita\u00e7\u00e3o para altera\u00e7\u00e3o de M\u00e3o de Dire\u00e7\u00e3o<\/a><\/p>\n","protected":false},"excerpt":{"rendered":"<p>A&nbsp;solicita\u00e7\u00e3o para altera\u00e7\u00e3o de m\u00e3o de dire\u00e7\u00e3o dever\u00e1 ser acompanhada de justificativa assim como de um abaixo assinado com a manifesta\u00e7\u00e3o (favor\u00e1vel ou contr\u00e1ria) de APENAS UM respons\u00e1vel para cada im\u00f3vel localizado no trecho no qual se pretende realizar a mudan\u00e7a. Dentre os crit\u00e9rios para avalia\u00e7\u00e3o da viabilidade do pedido ser\u00e3o considerados: o volume de [&hellip;]<\/p>\n","protected":false},"author":11,"featured_media":0,"parent":817,"menu_order":0,"comment_status":"closed","ping_status":"closed","template":"","meta":{"footnotes":""},"class_list":["post-155","page","type-page","status-publish","hentry"],"_links":{"self":[{"href":"https:\/\/jundiai.sp.gov.br\/mobilidade\/wp-json\/wp\/v2\/pages\/155","targetHints":{"allow":["GET"]}}],"collection":[{"href":"https:\/\/jundiai.sp.gov.br\/mobilidade\/wp-json\/wp\/v2\/pages"}],"about":[{"href":"https:\/\/jundiai.sp.gov.br\/mobilidade\/wp-json\/wp\/v2\/types\/page"}],"author":[{"embeddable":true,"href":"https:\/\/jundiai.sp.gov.br\/mobilidade\/wp-json\/wp\/v2\/users\/11"}],"replies":[{"embeddable":true,"href":"https:\/\/jundiai.sp.gov.br\/mobilidade\/wp-json\/wp\/v2\/comments?post=155"}],"version-history":[{"count":14,"href":"https:\/\/jundiai.sp.gov.br\/mobilidade\/wp-json\/wp\/v2\/pages\/155\/revisions"}],"predecessor-version":[{"id":1338,"href":"https:\/\/jundiai.sp.gov.br\/mobilidade\/wp-json\/wp\/v2\/pages\/155\/revisions\/1338"}],"up":[{"embeddable":true,"href":"https:\/\/jundiai.sp.gov.br\/mobilidade\/wp-json\/wp\/v2\/pages\/817"}],"wp:attachment":[{"href":"https:\/\/jundiai.sp.gov.br\/mobilidade\/wp-json\/wp\/v2\/media?parent=155"}],"curies":[{"name":"wp","href":"https:\/\/api.w.org\/{rel}","templated":true}]}}

Mão de Direção

<p>A&nbsp;solicitação para alteração de mão de direção deverá ser acompanhada de justificativa assim como de um abaixo assinado com a manifestação (favorável ou contrária) de APENAS UM responsável para cada imóvel localizado no trecho no qual se pretende realizar a mudança. Dentre os critérios para avaliação da viabilidade do pedido serão considerados: o volume de tráfego da via; a circulação de veículos de transporte público coletivo (ônibus); a quantificação da demanda por estacionamento (por tipo de veículo); as características físicas e funcionais da via (largura, classificação viária, entre outros); os viários do entorno na qual a via está inserida; o tipo de uso do entorno (comercial, residencial, entre outros) e as condições de segurança.&nbsp; &nbsp;</p>



<p><a href="https://jundiai.sp.gov.br/mobilidade/wp-content/uploads/sites/19/2026/03/orientacoes-para-solicitacao-alteracao-mao-de-direcao.pdf">Modelo de solicitação para alteração de Mão de Direção</a></p>

<p>A&nbsp;solicitação para alteração de mão de direção deverá ser acompanhada de justificativa assim como de um abaixo assinado com a manifestação (favorável ou contrária) de APENAS UM responsável para cada imóvel localizado no trecho no qual se pretende realizar a mudança. Dentre os critérios para avaliação da viabilidade do pedido serão considerados: o volume de [&hellip;]</p>
