{"id":17,"date":"2014-09-03T14:06:36","date_gmt":"2014-09-03T17:06:36","guid":{"rendered":"https:\/\/jundiai.sp.gov.br\/mobilidade\/?page_id=17"},"modified":"2025-05-16T17:24:31","modified_gmt":"2025-05-16T20:24:31","slug":"relacao-de-pontos-de-taxi","status":"publish","type":"page","link":"https:\/\/jundiai.sp.gov.br\/mobilidade\/transportes\/taxi\/relacao-de-pontos-de-taxi\/","title":{"rendered":"Rela\u00e7\u00e3o de Pontos de Taxi"},"content":{"rendered":"\n<figure class=\"wp-block-table is-style-stripes\"><table><thead><tr><th class=\"has-text-align-center\" data-align=\"center\"><strong>PONTO<\/strong><\/th><th class=\"has-text-align-left\" data-align=\"left\"><strong>LOCALIZA\u00c7\u00c3O E DENOMINA\u00c7\u00c3O<\/strong><\/th><th class=\"has-text-align-center\" data-align=\"center\"><strong>TELEFONE<\/strong><\/th><\/tr><\/thead><tbody><tr><td class=\"has-text-align-center\" data-align=\"center\">1<\/td><td class=\"has-text-align-left\" data-align=\"left\">TERMINAL RODOVI\u00c1RIO JOS\u00c9 ALVES<\/td><td class=\"has-text-align-center\" data-align=\"center\">4583 9093<\/td><\/tr><tr><td class=\"has-text-align-center\" data-align=\"center\">2<\/td><td class=\"has-text-align-left\" data-align=\"left\">PRA\u00c7A MAR. FLORIANO P\u0395\u0399\u03a7\u039f\u03a4\u039f<\/td><td class=\"has-text-align-center\" data-align=\"center\">4586 2002<\/td><\/tr><tr><td class=\"has-text-align-center\" data-align=\"center\">3<\/td><td class=\"has-text-align-left\" data-align=\"left\">R.VIG\u00c1RIO J.J.RODRIGUES (ENF.MACDONALD)<\/td><td class=\"has-text-align-center\" data-align=\"center\">4526 2381<\/td><\/tr><tr><td class=\"has-text-align-center\" data-align=\"center\">4<\/td><td class=\"has-text-align-left\" data-align=\"left\">R.BAR\u00c3O DO RIO BRANCO (EST.FERROVI\u00c1RIA)<\/td><td class=\"has-text-align-center\" data-align=\"center\">45879038<\/td><\/tr><tr><td class=\"has-text-align-center\" data-align=\"center\">5<\/td><td class=\"has-text-align-left\" data-align=\"left\">PRA\u00c7A QUINTINO BOCAI\u00daVA (V.ARENS)<\/td><td class=\"has-text-align-center\" data-align=\"center\">4526 1305<\/td><\/tr><tr><td class=\"has-text-align-center\" data-align=\"center\">6<\/td><td class=\"has-text-align-left\" data-align=\"left\">AV.S\u00c3O JO\u00c3O (VENCEDOR ATACADISTA)<\/td><td class=\"has-text-align-center\" data-align=\"center\">4587 9164<\/td><\/tr><tr><td class=\"has-text-align-center\" data-align=\"center\">7<\/td><td class=\"has-text-align-left\" data-align=\"left\">PRA\u00c7A BAR\u00c3O DO JAPI (BARREIRA)<\/td><td class=\"has-text-align-center\" data-align=\"center\">4586 0052<\/td><\/tr><tr><td class=\"has-text-align-center\" data-align=\"center\">8<\/td><td class=\"has-text-align-left\" data-align=\"left\">TERMINAL RODOVI\u00c1RIO JOS\u00c9 ALVES<\/td><td class=\"has-text-align-center\" data-align=\"center\">4583 9093<\/td><\/tr><tr><td class=\"has-text-align-center\" data-align=\"center\">9<\/td><td class=\"has-text-align-left\" data-align=\"left\">PRA\u00c7A GOV. PEDRO DE TOLEDO (CATEDRAL)<\/td><td class=\"has-text-align-center\" data-align=\"center\">4521 7058<\/td><\/tr><tr><td class=\"has-text-align-center\" data-align=\"center\">10<\/td><td class=\"has-text-align-left\" data-align=\"left\">PRA\u00c7A RUI BARBOSA (ANT.QUARTEL)<\/td><td class=\"has-text-align-center\" data-align=\"center\">4521 7069<\/td><\/tr><tr><td class=\"has-text-align-center\" data-align=\"center\">11<\/td><td class=\"has-text-align-left\" data-align=\"left\">PRA\u00c7A TIBURCIO EST. DE SIQUEIRA (L.S. B)<\/td><td class=\"has-text-align-center\" data-align=\"center\">4521 7070<\/td><\/tr><tr><td class=\"has-text-align-center\" data-align=\"center\">12<\/td><td class=\"has-text-align-left\" data-align=\"left\">AV.ANTONIO F.OZANAN (MAXI SHOPPING)<\/td><td class=\"has-text-align-center\" data-align=\"center\">4521 5222<\/td><\/tr><tr><td class=\"has-text-align-center\" data-align=\"center\">13<\/td><td class=\"has-text-align-left\" data-align=\"left\">RUA SIQUEIRA DE MORAES, OPOSTO AO N\u00b0555<\/td><td class=\"has-text-align-center\" data-align=\"center\">4521 8269<\/td><\/tr><tr><td class=\"has-text-align-center\" data-align=\"center\">14<\/td><td class=\"has-text-align-left\" data-align=\"left\">AEROPORTO DE JUNDIAI<\/td><td class=\"has-text-align-center\" data-align=\"center\"><\/td><\/tr><tr><td class=\"has-text-align-center\" data-align=\"center\">15<\/td><td class=\"has-text-align-left\" data-align=\"left\">RUA MAR\u00cdLIA (V.HORTOL\u00c2NDIA)<\/td><td class=\"has-text-align-center\" data-align=\"center\">4582 6423<\/td><\/tr><tr><td class=\"has-text-align-center\" data-align=\"center\">16<\/td><td class=\"has-text-align-left\" data-align=\"left\">PRA\u00c7A FRANCISCO IOTTI (R.DA VARZEA)<\/td><td class=\"has-text-align-center\" data-align=\"center\">4526 2067<\/td><\/tr><tr><td class=\"has-text-align-center\" data-align=\"center\">17<\/td><td class=\"has-text-align-left\" data-align=\"left\">AV.SEBASTI\u00c3O M.SILVA (ANHANGABAU)<\/td><td class=\"has-text-align-center\" data-align=\"center\">4586 2026<\/td><\/tr><tr><td class=\"has-text-align-center\" data-align=\"center\">18<\/td><td class=\"has-text-align-left\" data-align=\"left\">AV.14 DE DEZEMBRO RICOY SUPERMERCADOS<\/td><td class=\"has-text-align-center\" data-align=\"center\">4526 2197<\/td><\/tr><tr><td class=\"has-text-align-center\" data-align=\"center\">19<\/td><td class=\"has-text-align-left\" data-align=\"left\">RUA QUINZE DE NOVEMBRO (SUP. COMPRE BEM)<\/td><td class=\"has-text-align-center\" data-align=\"center\">4587 1513<\/td><\/tr><tr><td class=\"has-text-align-center\" data-align=\"center\">20<\/td><td class=\"has-text-align-left\" data-align=\"left\">R. PRUDENTE DE MORAES (HOSP.P.SACRAMENTO)<\/td><td class=\"has-text-align-center\" data-align=\"center\">4587 9309<\/td><\/tr><tr><td class=\"has-text-align-center\" data-align=\"center\">21<\/td><td class=\"has-text-align-left\" data-align=\"left\">PRA\u00c7A D.PEDRO II (CASA DA CRIAN\u00c7A)<\/td><td class=\"has-text-align-center\" data-align=\"center\">4586 4021<\/td><\/tr><tr><td class=\"has-text-align-center\" data-align=\"center\">22<\/td><td class=\"has-text-align-left\" data-align=\"left\">RUA JO\u00c3O FERRARA (COOPERCICA)<\/td><td class=\"has-text-align-center\" data-align=\"center\">4526 2155<\/td><\/tr><tr><td class=\"has-text-align-center\" data-align=\"center\">23<\/td><td class=\"has-text-align-left\" data-align=\"left\">RUA PETRONILHA ANTUNES (IGREJA S. BENEDITO)<\/td><td class=\"has-text-align-center\" data-align=\"center\"><\/td><\/tr><tr><td class=\"has-text-align-center\" data-align=\"center\">24<\/td><td class=\"has-text-align-left\" data-align=\"left\">RUA DOS BANDEIRANTES ENTRE OS N\u00b01135 E 1111<\/td><td class=\"has-text-align-center\" data-align=\"center\">4521 9026<\/td><\/tr><tr><td class=\"has-text-align-center\" data-align=\"center\">25<\/td><td class=\"has-text-align-left\" data-align=\"left\">RUA NICOLAU CARDERELLI(ESQ.R.DO RETIRO)<\/td><td class=\"has-text-align-center\" data-align=\"center\">4521 6003<\/td><\/tr><tr><td class=\"has-text-align-center\" data-align=\"center\">26<\/td><td class=\"has-text-align-left\" data-align=\"left\">AV.COM.VIDELMO MUNHOZ (ANHANGABAU)<\/td><td class=\"has-text-align-center\" data-align=\"center\">4586 1465<\/td><\/tr><tr><td class=\"has-text-align-center\" data-align=\"center\">27<\/td><td class=\"has-text-align-left\" data-align=\"left\">RUA EDUARDO TOMANIK (SHOPPING PAINEIRAS)<\/td><td class=\"has-text-align-center\" data-align=\"center\">4521 0940<\/td><\/tr><tr><td class=\"has-text-align-center\" data-align=\"center\">28<\/td><td class=\"has-text-align-left\" data-align=\"left\">RUA FORTUNATO MORI (VIANELO)<\/td><td class=\"has-text-align-center\" data-align=\"center\">4521 5261<\/td><\/tr><tr><td class=\"has-text-align-center\" data-align=\"center\">29<\/td><td class=\"has-text-align-left\" data-align=\"left\">RUA QUINZE DE NOVEMBRO (SUP. COMPRE BEM)<\/td><td class=\"has-text-align-center\" data-align=\"center\">4587 1513<\/td><\/tr><tr><td class=\"has-text-align-center\" data-align=\"center\">30<\/td><td class=\"has-text-align-left\" data-align=\"left\">PRA\u00c7A VER.PEDRO.RAIMUNDO (V.R.B.)<\/td><td class=\"has-text-align-center\" data-align=\"center\">4586 2843<\/td><\/tr><tr><td class=\"has-text-align-center\" data-align=\"center\">31<\/td><td class=\"has-text-align-left\" data-align=\"left\">ALAMEDA ETIOPIA (TRAV.R.DA VARZEA)<\/td><td class=\"has-text-align-center\" data-align=\"center\">4526 1064<\/td><\/tr><tr><td class=\"has-text-align-center\" data-align=\"center\">32<\/td><td class=\"has-text-align-left\" data-align=\"left\">RUA DA PADROEIRA (MAGAZINE LUISA)<\/td><td class=\"has-text-align-center\" data-align=\"center\">4521 4683<\/td><\/tr><tr><td class=\"has-text-align-center\" data-align=\"center\">33<\/td><td class=\"has-text-align-left\" data-align=\"left\">AV.ALEXANDRE FLEMING (ESQ.DR.ANT.S.GANDRA)<\/td><td class=\"has-text-align-center\" data-align=\"center\">4533 5019<\/td><\/tr><tr><td class=\"has-text-align-center\" data-align=\"center\">34<\/td><td class=\"has-text-align-left\" data-align=\"left\">PRA\u00c7A CASPER LIBERO (COLONIA)<\/td><td class=\"has-text-align-center\" data-align=\"center\">4491 2767<\/td><\/tr><tr><td class=\"has-text-align-center\" data-align=\"center\">35<\/td><td class=\"has-text-align-left\" data-align=\"left\">RUA DA PADROEIRA (ESQ.R.RANGEL PESTANA)<\/td><td class=\"has-text-align-center\" data-align=\"center\">4586 1666<\/td><\/tr><tr><td class=\"has-text-align-center\" data-align=\"center\">36<\/td><td class=\"has-text-align-left\" data-align=\"left\">R.ZUFEREY (P\u00c7A PE.ADALBERTO DE P.NUNES)<\/td><td class=\"has-text-align-center\" data-align=\"center\">4587 6089<\/td><\/tr><tr><td class=\"has-text-align-center\" data-align=\"center\">37<\/td><td class=\"has-text-align-left\" data-align=\"left\">RUA CICA, (SUPERMERCADO PAULIST\u00c3O)<\/td><td class=\"has-text-align-center\" data-align=\"center\">4587 6102<\/td><\/tr><tr><td class=\"has-text-align-center\" data-align=\"center\">38<\/td><td class=\"has-text-align-left\" data-align=\"left\">AV.SAMUEL MARTINS (P\u00c7A S.DEMARCHI)<\/td><td class=\"has-text-align-center\" data-align=\"center\">4526 1105<\/td><\/tr><tr><td class=\"has-text-align-center\" data-align=\"center\">39<\/td><td class=\"has-text-align-left\" data-align=\"left\">R.SIRACUSA (HOSPITAL UNIVERSITARIO)<\/td><td class=\"has-text-align-center\" data-align=\"center\">4587 5274<\/td><\/tr><tr><td class=\"has-text-align-center\" data-align=\"center\">40<\/td><td class=\"has-text-align-left\" data-align=\"left\">PRA\u00c7A DR.DOMINGOS ANASTACIO (CENTRO)<\/td><td class=\"has-text-align-center\" data-align=\"center\"><\/td><\/tr><tr><td class=\"has-text-align-center\" data-align=\"center\">41<\/td><td class=\"has-text-align-left\" data-align=\"left\">R.BOM JESUS DE PIRAPORA N\u00ba 2810<\/td><td class=\"has-text-align-center\" data-align=\"center\">4587 5280<\/td><\/tr><tr><td class=\"has-text-align-center\" data-align=\"center\">42<\/td><td class=\"has-text-align-left\" data-align=\"left\">R.PITANGUEIRAS (SOBAM)<\/td><td class=\"has-text-align-center\" data-align=\"center\">4587 5299 <\/td><\/tr><tr><td class=\"has-text-align-center\" data-align=\"center\">43<\/td><td class=\"has-text-align-left\" data-align=\"left\">AV.PROF. LUIZ ROSA, 83 (HOSPITAL REGIONAL)<\/td><td class=\"has-text-align-center\" data-align=\"center\">4521 4003<\/td><\/tr><tr><td class=\"has-text-align-center\" data-align=\"center\">49<\/td><td class=\"has-text-align-left\" data-align=\"left\">AV.ANTONIO F.OZANAN (MAXI SHOPPING)<\/td><td class=\"has-text-align-center\" data-align=\"center\">4521 5222<\/td><\/tr><tr><td class=\"has-text-align-center\" data-align=\"center\">50<\/td><td class=\"has-text-align-left\" data-align=\"left\">RUA MAJOR GUSTAVO ADOLFO STOCK N\u00b0125<\/td><td class=\"has-text-align-center\" data-align=\"center\">4522 0698<\/td><\/tr><tr><td class=\"has-text-align-center\" data-align=\"center\">51<\/td><td class=\"has-text-align-left\" data-align=\"left\">RUA SOCRATES DE OLIVEIRA (HOSP. STA ELISA)<\/td><td class=\"has-text-align-center\" data-align=\"center\"><\/td><\/tr><tr><td class=\"has-text-align-center\" data-align=\"center\">52<\/td><td class=\"has-text-align-left\" data-align=\"left\">RUA ANCHIETA N\u00b0586 (EM FRENTE UNIMED)<\/td><td class=\"has-text-align-center\" data-align=\"center\">4497 1613<\/td><\/tr><tr><td class=\"has-text-align-center\" data-align=\"center\">53<\/td><td class=\"has-text-align-left\" data-align=\"left\">AV.09 DE JULHO (COND.EDIFICIO THE GRAPES)<\/td><td class=\"has-text-align-center\" data-align=\"center\"><\/td><\/tr><\/tbody><\/table><\/figure>\n\n\n\n<div style=\"height:52px\" aria-hidden=\"true\" class=\"wp-block-spacer\"><\/div>\n\n\n\n<figure class=\"wp-block-table is-style-stripes\"><table><thead><tr><th><strong>Pontos Livres<\/strong><\/th><\/tr><\/thead><tbody><tr><td>AV.VIT\u00d3RIO PAVAN EM FRENTE AO N\u00ba 55 (J.Mirim)<\/td><\/tr><tr><td>COOPERCICA (ELOY CHAVES)<\/td><\/tr><tr><td>SUPERMERCADO CARREFOUR<\/td><\/tr><tr><td>COOPERCICA (V.RIO BRANCO)<\/td><\/tr><tr><td>R.HISASCHI NAGAOKA N\u00ba 3595 (Coopercica Cecap)<\/td><\/tr><tr><td>R.PE.NORBERTO MOJOLA N\u00ba 20 (LADO OPOSTO) &#8211; Sta Gertrudes<\/td><\/tr><tr><td>AV. DOS IMIGRANTES &#8211; Supermercado Boa<\/td><\/tr><tr><td>PA\u00c7O MUNICIPAL<\/td><\/tr><tr><td>HOTEL INTERCITY<\/td><\/tr><tr><td>HOTEL CONDOMINIO EDIFICIO SAINT CHARLES (Trav.Nove de Julho)<\/td><\/tr><tr><td>HIPER.EXTRA PERTO<\/td><\/tr><\/tbody><\/table><\/figure>\n","protected":false},"excerpt":{"rendered":"<p>PONTO LOCALIZA\u00c7\u00c3O E DENOMINA\u00c7\u00c3O TELEFONE 1 TERMINAL RODOVI\u00c1RIO JOS\u00c9 ALVES 4583 9093 2 PRA\u00c7A MAR. FLORIANO P\u0395\u0399\u03a7\u039f\u03a4\u039f 4586 2002 3 R.VIG\u00c1RIO J.J.RODRIGUES (ENF.MACDONALD) 4526 2381 4 R.BAR\u00c3O DO RIO BRANCO (EST.FERROVI\u00c1RIA) 45879038 5 PRA\u00c7A QUINTINO BOCAI\u00daVA (V.ARENS) 4526 1305 6 AV.S\u00c3O JO\u00c3O (VENCEDOR ATACADISTA) 4587 9164 7 PRA\u00c7A BAR\u00c3O DO JAPI (BARREIRA) 4586 0052 8 [&hellip;]<\/p>\n","protected":false},"author":5,"featured_media":0,"parent":497,"menu_order":0,"comment_status":"closed","ping_status":"closed","template":"","meta":{"footnotes":""},"class_list":["post-17","page","type-page","status-publish","hentry"],"_links":{"self":[{"href":"https:\/\/jundiai.sp.gov.br\/mobilidade\/wp-json\/wp\/v2\/pages\/17","targetHints":{"allow":["GET"]}}],"collection":[{"href":"https:\/\/jundiai.sp.gov.br\/mobilidade\/wp-json\/wp\/v2\/pages"}],"about":[{"href":"https:\/\/jundiai.sp.gov.br\/mobilidade\/wp-json\/wp\/v2\/types\/page"}],"author":[{"embeddable":true,"href":"https:\/\/jundiai.sp.gov.br\/mobilidade\/wp-json\/wp\/v2\/users\/5"}],"replies":[{"embeddable":true,"href":"https:\/\/jundiai.sp.gov.br\/mobilidade\/wp-json\/wp\/v2\/comments?post=17"}],"version-history":[{"count":26,"href":"https:\/\/jundiai.sp.gov.br\/mobilidade\/wp-json\/wp\/v2\/pages\/17\/revisions"}],"predecessor-version":[{"id":1244,"href":"https:\/\/jundiai.sp.gov.br\/mobilidade\/wp-json\/wp\/v2\/pages\/17\/revisions\/1244"}],"up":[{"embeddable":true,"href":"https:\/\/jundiai.sp.gov.br\/mobilidade\/wp-json\/wp\/v2\/pages\/497"}],"wp:attachment":[{"href":"https:\/\/jundiai.sp.gov.br\/mobilidade\/wp-json\/wp\/v2\/media?parent=17"}],"curies":[{"name":"wp","href":"https:\/\/api.w.org\/{rel}","templated":true}]}}